-- Table structure for table `mdl_questionnaire_question_type`
--

CREATE TABLE `mdl_questionnaire_question_type` (
  `id` bigint(10) NOT NULL,
  `typeid` bigint(10) NOT NULL DEFAULT '0',
  `type` varchar(32) NOT NULL DEFAULT '',
  `has_choices` varchar(1) NOT NULL DEFAULT 'y',
  `response_table` varchar(32) DEFAULT NULL
) ENGINE=InnoDB DEFAULT CHARSET=utf8 COMMENT='questionnaire_question_type table retrofitted from MySQL';

--
-- Dumping data for table `mdl_questionnaire_question_type`
--

INSERT INTO `mdl_questionnaire_question_type` (`id`, `typeid`, `type`, `has_choices`, `response_table`) VALUES
(1, 1, 'Yes/No', 'n', 'response_bool'),
(2, 2, 'Text Box', 'n', 'response_text'),
(3, 3, 'Essay Box', 'n', 'response_text'),
(4, 4, 'Radio Buttons', 'y', 'resp_single'),
(5, 5, 'Check Boxes', 'y', 'resp_multiple'),
(6, 6, 'Dropdown Box', 'y', 'resp_single'),
(7, 8, 'Rate (scale 1..5)', 'y', 'response_rank'),
(8, 9, 'Date', 'n', 'response_date'),
(9, 10, 'Numeric', 'n', 'response_text'),
(10, 99, 'Page Break', 'n', ''),
(11, 100, 'Section Text', 'n', '');

-- --------------------------------------------------------

--
-- Table structure for table `mdl_questionnaire_quest_choice`
--

CREATE TABLE `mdl_questionnaire_quest_choice` (
  `id` bigint(10) NOT NULL,
  `question_id` bigint(10) NOT NULL DEFAULT '0',
  `content` longtext NOT NULL,
  `value` longtext
) ENGINE=InnoDB DEFAULT CHARSET=utf8 COMMENT='questionnaire_quest_choice table retrofitted from MySQL';

--
-- Dumping data for table `mdl_questionnaire_quest_choice`
--

INSERT INTO `mdl_questionnaire_quest_choice` (`id`, `question_id`, `content`, `value`) VALUES
(6, 3, 'This training met my expectations.', NULL),
(7, 3, 'This training will be useful in my work.', NULL),
(11, 4, 'The content was easy to understand.', NULL),
(12, 4, 'The length and pace of the training was appropriate for the topic.', NULL),
(13, 4, 'The illustrations, videos, and interactions were used in a way that supported my learning.', NULL),
(14, 5, 'The course was well organized.', NULL),
(15, 5, 'The delivery format, e-learning, was an effective learning method.', NULL),
(16, 8, 'This training met my expectations.', NULL),
(17, 8, 'This training will be useful in my work.', NULL),
(18, 9, 'The content was easy to understand.', NULL),
(19, 9, 'The length and pace of the training was appropriate for the topic.', NULL),
(20, 9, 'The illustrations, videos, and interactions were used in a way that supported my learning.', NULL),
(21, 10, 'The course was well organized.', NULL),
(22, 10, 'The delivery format, e-learning, was an effective learning method.', NULL),
(23, 13, 'This training met my expectations.', NULL),
(24, 13, 'This training will be useful in my work.', NULL),
(25, 14, 'The content was easy to understand.', NULL),
(26, 14, 'The length and pace of the training was appropriate for the topic.', NULL),
(27, 14, 'The illustrations, videos, and interactions were used in a way that supported my learning.', NULL),
(28, 15, 'The course was well organized.', NULL),
(29, 15, 'The delivery format, e-learning, was an effective learning method.', NULL),
(30, 18, 'This training met my expectations.', NULL),
(31, 18, 'This training will be useful in my work.', NULL),
(32, 19, 'The content was easy to understand.', NULL),
(33, 19, 'The length and pace of the training was appropriate for the topic.', NULL),
(34, 19, 'The illustrations, videos, and interactions were used in a way that supported my learning.', NULL),
(35, 20, 'The course was well organized.', NULL),
(36, 20, 'The delivery format, e-learning, was an effective learning method.', NULL),
(37, 23, 'This training met my expectations.', NULL),
(38, 23, 'This training will be useful in my work.', NULL),
(39, 24, 'The content was easy to understand.', NULL),
(40, 24, 'The length and pace of the training was appropriate for the topic.', NULL),
(41, 24, 'The illustrations, videos, and interactions were used in a way that supported my learning.', NULL),
(42, 25, 'The course was well organized.', NULL),
(43, 25, 'The delivery format, e-learning, was an effective learning method.', NULL),
(44, 28, 'This training met my expectations.', NULL),
(45, 28, 'This training will be useful in my work.', NULL),
(46, 29, 'The content was easy to understand.', NULL),
(47, 29, 'The length and pace of the training was appropriate for the topic.', NULL),
(48, 29, 'The illustrations, videos, and interactions were used in a way that supported my learning.', NULL),
(49, 30, 'The course was well organized.', NULL),
(50, 30, 'The delivery format, e-learning, was an effective learning method.', NULL),
(51, 33, 'This training met my expectations.', NULL),
(52, 33, 'This training will be useful in my work.', NULL),
(53, 34, 'The content was easy to understand.', NULL),
(54, 34, 'The length and pace of the training was appropriate for the topic.', NULL),
(55, 34, 'The illustrations, videos, and interactions were used in a way that supported my learning.', NULL),
(56, 35, 'The course was well organized.', NULL),
(57, 35, 'The delivery format, e-learning, was an effective learning method.', NULL),
(58, 38, 'This training met my expectations.', NULL),
(59, 38, 'This training will be useful in my work.', NULL),
(60, 39, 'The content was easy to understand.', NULL),
(61, 39, 'The length and pace of the training was appropriate for the topic.', NULL),
(62, 39, 'The illustrations, videos, and interactions were used in a way that supported my learning.', NULL),
(63, 40, 'The course was well organized.', NULL),
(64, 40, 'The delivery format, e-learning, was an effective learning method.', NULL),
(65, 43, 'This training met my expectations.', NULL),
(66, 43, 'This training will be useful in my work.', NULL),
(67, 44, 'The content was easy to understand.', NULL),
(68, 44, 'The length and pace of the training was appropriate for the topic.', NULL),
(69, 44, 'The illustrations, videos, and interactions were used in a way that supported my learning.', NULL),
(70, 45, 'The course was well organized.', NULL),
(71, 45, 'The delivery format, e-learning, was an effective learning method.', NULL),
(72, 48, 'This training met my expectations.', NULL),
(73, 48, 'This training will be useful in my work.', NULL),
(74, 49, 'The content was easy to understand.', NULL),
(75, 49, 'The length and pace of the training was appropriate for the topic.', NULL),
(76, 49, 'The illustrations, videos, and interactions were used in a way that supported my learning.', NULL),
(77, 50, 'The course was well organized.', NULL),
(78, 50, 'The delivery format, e-learning, was an effective learning method.', NULL),
(79, 53, 'This training met my expectations.', NULL),
(80, 53, 'This training will be useful in my work.', NULL),
(81, 54, 'The content was easy to understand.', NULL),
(82, 54, 'The length and pace of the training was appropriate for the topic.', NULL),
(83, 54, 'The illustrations, videos, and interactions were used in a way that supported my learning.', NULL),
(84, 55, 'The course was well organized.', NULL),
(85, 55, 'The delivery format, e-learning, was an effective learning method.', NULL),
(86, 58, 'This training met my expectations.', NULL),
(87, 58, 'This training will be useful in my work.', NULL),
(88, 59, 'The content was easy to understand.', NULL),
(89, 59, 'The length and pace of the training was appropriate for the topic.', NULL),
(90, 59, 'The illustrations, videos, and interactions were used in a way that supported my learning.', NULL),
(91, 60, 'The course was well organized.', NULL),
(92, 60, 'The delivery format, e-learning, was an effective learning method.', NULL),
(93, 63, 'This training met my expectations.', NULL),
(94, 63, 'This training will be useful in my work.', NULL),
(95, 64, 'The content was easy to understand.', NULL),
(96, 64, 'The length and pace of the training was appropriate for the topic.', NULL),
(97, 64, 'The illustrations, videos, and interactions were used in a way that supported my learning.', NULL),
(98, 65, 'The course was well organized.', NULL),
(99, 65, 'The delivery format, e-learning, was an effective learning method.', NULL),
(100, 68, 'This training met my expectations.', NULL),
(101, 68, 'This training will be useful in my work.', NULL),
(102, 69, 'The content was easy to understand.', NULL),
(103, 69, 'The length and pace of the training was appropriate for the topic.', NULL),
(104, 69, 'The illustrations, videos, and interactions were used in a way that supported my learning.', NULL),
(105, 70, 'The course was well organized.', NULL),
(106, 70, 'The delivery format, e-learning, was an effective learning method.', NULL),
(107, 73, 'This training met my expectations.', NULL),
(108, 73, 'This training will be useful in my work.', NULL),
(109, 74, 'The content was easy to understand.', NULL),
(110, 74, 'The length and pace of the training was appropriate for the topic.', NULL),
(111, 74, 'The illustrations, videos, and interactions were used in a way that supported my learning.', NULL),
(112, 75, 'The course was well organized.', NULL),
(113, 75, 'The delivery format, e-learning, was an effective learning method.', NULL),
(114, 78, 'This training met my expectations.', NULL),
(115, 78, 'This training will be useful in my work.', NULL),
(116, 79, 'The content was easy to understand.', NULL),
(117, 79, 'The length and pace of the training was appropriate for the topic.', NULL),
(118, 79, 'The illustrations, videos, and interactions were used in a way that supported my learning.', NULL),
(119, 80, 'The course was well organized.', NULL),
(120, 80, 'The delivery format, e-learning, was an effective learning method.', NULL),
(121, 83, 'This training met my expectations.', NULL),
(122, 83, 'This training will be useful in my work.', NULL),
(123, 84, 'The content was easy to understand.', NULL),
(124, 84, 'The length and pace of the training was appropriate for the topic.', NULL),
(125, 84, 'The illustrations, videos, and interactions were used in a way that supported my learning.', NULL),
(126, 85, 'The course was well organized.', NULL),
(127, 85, 'The delivery format, e-learning, was an effective learning method.', NULL),
(128, 88, 'This training met my expectations.', NULL),
(129, 88, 'This training will be useful in my work.', NULL),
(130, 89, 'The content was easy to understand.', NULL),
(131, 89, 'The length and pace of the training was appropriate for the topic.', NULL),
(132, 89, 'The illustrations, videos, and interactions were used in a way that supported my learning.', NULL),
(133, 90, 'The course was well organized.', NULL),
(134, 90, 'The delivery format, e-learning, was an effective learning method.', NULL),
(135, 93, 'This training met my expectations.', NULL),
(136, 93, 'This training will be useful in my work.', NULL),
(137, 94, 'The content was easy to understand.', NULL),
(138, 94, 'The length and pace of the training was appropriate for the topic.', NULL),
(139, 94, 'The illustrations, videos, and interactions were used in a way that supported my learning.', NULL),
(140, 95, 'The course was well organized.', NULL),
(141, 95, 'The delivery format, e-learning, was an effective learning method.', NULL),
(142, 98, 'This training met my expectations.', NULL),
(143, 98, 'This training will be useful in my work.', NULL),
(144, 99, 'The content was easy to understand.', NULL),
(145, 99, 'The length and pace of the training was appropriate for the topic.', NULL),
(146, 99, 'The illustrations, videos, and interactions were used in a way that supported my learning.', NULL),
(147, 100, 'The course was well organized.', NULL),
(148, 100, 'The delivery format, e-learning, was an effective learning method.', NULL),
(149, 103, 'This training met my expectations.', NULL),
(150, 103, 'This training will be useful in my work.', NULL),
(151, 104, 'The content was easy to understand.', NULL),
(152, 104, 'The length and pace of the training was appropriate for the topic.', NULL),
(153, 104, 'The illustrations, videos, and interactions were used in a way that supported my learning.', NULL),
(154, 105, 'The course was well organized.', NULL),
(155, 105, 'The delivery format, e-learning, was an effective learning method.', NULL),
(156, 108, 'This training met my expectations.', NULL),
(157, 108, 'This training will be useful in my work.', NULL),
(158, 109, 'The content was easy to understand.', NULL),
(159, 109, 'The length and pace of the training was appropriate for the topic.', NULL),
(160, 109, 'The illustrations, videos, and interactions were used in a way that supported my learning.', NULL),
(161, 110, 'The course was well organized.', NULL),
(162, 110, 'The delivery format, e-learning, was an effective learning method.', NULL),
(163, 113, 'This training met my expectations.', NULL),
(164, 113, 'This training will be useful in my work.', NULL),
(165, 114, 'The content was easy to understand.', NULL),
(166, 114, 'The length and pace of the training was appropriate for the topic.', NULL),
(167, 114, 'The illustrations, videos, and interactions were used in a way that supported my learning.', NULL),
(168, 115, 'The course was well organized.', NULL),
(169, 115, 'The delivery format, e-learning, was an effective learning method.', NULL),
(170, 118, 'This training met my expectations.', NULL),
(171, 118, 'This training will be useful in my work.', NULL),
(172, 119, 'The content was easy to understand.', NULL),
(173, 119, 'The length and pace of the training was appropriate for the topic.', NULL),
(174, 119, 'The illustrations, videos, and interactions were used in a way that supported my learning.', NULL),
(175, 120, 'The course was well organized.', NULL),
(176, 120, 'The delivery format, e-learning, was an effective learning method.', NULL),
(177, 123, 'This training met my expectations.', NULL),
(178, 123, 'This training will be useful in my work.', NULL),
(179, 124, 'The content was easy to understand.', NULL),
(180, 124, 'The length and pace of the training was appropriate for the topic.', NULL),
(181, 124, 'The illustrations, videos, and interactions were used in a way that supported my learning.', NULL),
(182, 125, 'The course was well organized.', NULL),
(183, 125, 'The delivery format, e-learning, was an effective learning method.', NULL),
(184, 128, 'This training met my expectations.', NULL),
(185, 128, 'This training will be useful in my work.', NULL),
(186, 129, 'The content was easy to understand.', NULL),
(187, 129, 'The length and pace of the training was appropriate for the topic.', NULL),
(188, 129, 'The illustrations, videos, and interactions were used in a way that supported my learning.', NULL),
(189, 130, 'The course was well organized.', NULL),
(190, 130, 'The delivery format, e-learning, was an effective learning method.', NULL),
(191, 133, 'This training met my expectations.', NULL),
(192, 133, 'This training will be useful in my work.', NULL),
(193, 134, 'The content was easy to understand.', NULL),
(194, 134, 'The length and pace of the training was appropriate for the topic.', NULL),
(195, 134, 'The illustrations, videos, and interactions were used in a way that supported my learning.', NULL),
(196, 135, 'The course was well organized.', NULL),
(197, 135, 'The delivery format, e-learning, was an effective learning method.', NULL),
(198, 138, 'This training met my expectations.', NULL),
(199, 138, 'This training will be useful in my work.', NULL),
(200, 139, 'The content was easy to understand.', NULL),
(201, 139, 'The length and pace of the training was appropriate for the topic.', NULL),
(202, 139, 'The illustrations, videos, and interactions were used in a way that supported my learning.', NULL),
(203, 140, 'The course was well organized.', NULL),
(204, 140, 'The delivery format, e-learning, was an effective learning method.', NULL),
(205, 143, 'This training met my expectations.', NULL),
(206, 143, 'This training will be useful in my work.', NULL),
(207, 144, 'The content was easy to understand.', NULL),
(208, 144, 'The length and pace of the training was appropriate for the topic.', NULL),
(209, 144, 'The illustrations, videos, and interactions were used in a way that supported my learning.', NULL),
(210, 145, 'The course was well organized.', NULL),
(211, 145, 'The delivery format, e-learning, was an effective learning method.', NULL),
(212, 148, 'This training met my expectations.', NULL),
(213, 148, 'This training will be useful in my work.', NULL),
(214, 149, 'The content was easy to understand.', NULL),
(215, 149, 'The length and pace of the training was appropriate for the topic.', NULL),
(216, 149, 'The illustrations, videos, and interactions were used in a way that supported my learning.', NULL),
(217, 150, 'The course was well organized.', NULL),
(218, 150, 'The delivery format, e-learning, was an effective learning method.', NULL),
(219, 153, 'This training met my expectations.', NULL),
(220, 153, 'This training will be useful in my work.', NULL),
(221, 154, 'The content was easy to understand.', NULL),
(222, 154, 'The length and pace of the training was appropriate for the topic.', NULL),
(223, 154, 'The illustrations, videos, and interactions were used in a way that supported my learning.', NULL),
(224, 155, 'The course was well organized.', NULL),
(225, 155, 'The delivery format, e-learning, was an effective learning method.', NULL),
(226, 158, 'This training met my expectations.', NULL),
(227, 158, 'This training will be useful in my work.', NULL),
(228, 159, 'The content was easy to understand.', NULL),
(229, 159, 'The length and pace of the training was appropriate for the topic.', NULL),
(230, 159, 'The illustrations, videos, and interactions were used in a way that supported my learning.', NULL),
(231, 160, 'The course was well organized.', NULL),
(232, 160, 'The delivery format, e-learning, was an effective learning method.', NULL),
(233, 163, 'This training met my expectations.', NULL),
(234, 163, 'This training will be useful in my work.', NULL),
(235, 164, 'The content was easy to understand.', NULL),
(236, 164, 'The length and pace of the training was appropriate for the topic.', NULL),
(237, 164, 'The illustrations, videos, and interactions were used in a way that supported my learning.', NULL),
(238, 165, 'The course was well organized.', NULL),
(239, 165, 'The delivery format, e-learning, was an effective learning method.', NULL),
(240, 168, 'This training met my expectations.', NULL),
(241, 168, 'This training will be useful in my work.', NULL),
(242, 169, 'The content was easy to understand.', NULL),
(243, 169, 'The length and pace of the training was appropriate for the topic.', NULL),
(244, 169, 'The illustrations, videos, and interactions were used in a way that supported my learning.', NULL),
(245, 170, 'The course was well organized.', NULL),
(246, 170, 'The delivery format, e-learning, was an effective learning method.', NULL),
(247, 173, 'This training met my expectations.', NULL),
(248, 173, 'This training will be useful in my work.', NULL),
(249, 174, 'The content was easy to understand.', NULL),
(250, 174, 'The length and pace of the training was appropriate for the topic.', NULL),
(251, 174, 'The illustrations, videos, and interactions were used in a way that supported my learning.', NULL),
(252, 175, 'The course was well organized.', NULL),
(253, 175, 'The delivery format, e-learning, was an effective learning method.', NULL),
(254, 178, 'This training met my expectations.', NULL),
(255, 178, 'This training will be useful in my work.', NULL),
(256, 179, 'The content was easy to understand.', NULL),
(257, 179, 'The length and pace of the training was appropriate for the topic.', NULL),
(258, 179, 'The illustrations, videos, and interactions were used in a way that supported my learning.', NULL),
(259, 180, 'The course was well organized.', NULL),
(260, 180, 'The delivery format, e-learning, was an effective learning method.', NULL),
(261, 183, 'This training met my expectations.', NULL),
(262, 183, 'This training will be useful in my work.', NULL),
(263, 184, 'The content was easy to understand.', NULL),
(264, 184, 'The length and pace of the training was appropriate for the topic.', NULL),
(265, 184, 'The illustrations, videos, and interactions were used in a way that supported my learning.', NULL),
(266, 185, 'The course was well organized.', NULL),
(267, 185, 'The delivery format, e-learning, was an effective learning method.', NULL),
(268, 188, 'This training met my expectations.', NULL),
(269, 188, 'This training will be useful in my work.', NULL),
(270, 189, 'The content was easy to understand.', NULL),
(271, 189, 'The length and pace of the training was appropriate for the topic.', NULL),
(272, 189, 'The illustrations, videos, and interactions were used in a way that supported my learning.', NULL),
(273, 190, 'The course was well organized.', NULL),
(274, 190, 'The delivery format, e-learning, was an effective learning method.', NULL),
(275, 193, 'This training met my expectations.', NULL),
(276, 193, 'This training will be useful in my work.', NULL),
(277, 194, 'The content was easy to understand.', NULL),
(278, 194, 'The length and pace of the training was appropriate for the topic.', NULL),
(279, 194, 'The illustrations, videos, and interactions were used in a way that supported my learning.', NULL),
(280, 195, 'The course was well organized.', NULL),
(281, 195, 'The delivery format, e-learning, was an effective learning method.', NULL),
(282, 198, 'This training met my expectations.', NULL),
(283, 198, 'This training will be useful in my work.', NULL),
(284, 199, 'The content was easy to understand.', NULL),
(285, 199, 'The length and pace of the training was appropriate for the topic.', NULL),
(286, 199, 'The illustrations, videos, and interactions were used in a way that supported my learning.', NULL),
(287, 200, 'The course was well organized.', NULL),
(288, 200, 'The delivery format, e-learning, was an effective learning method.', NULL),
(289, 203, 'This training met my expectations.', NULL),
(290, 203, 'This training will be useful in my work.', NULL),
(291, 204, 'The content was easy to understand.', NULL),
(292, 204, 'The length and pace of the training was appropriate for the topic.', NULL),
(293, 204, 'The illustrations, videos, and interactions were used in a way that supported my learning.', NULL),
(294, 205, 'The course was well organized.', NULL),
(295, 205, 'The delivery format, e-learning, was an effective learning method.', NULL),
(296, 208, 'This training met my expectations.', NULL),
(297, 208, 'This training will be useful in my work.', NULL),
(298, 209, 'The content was easy to understand.', NULL),
(299, 209, 'The length and pace of the training was appropriate for the topic.', NULL),
(300, 209, 'The illustrations, videos, and interactions were used in a way that supported my learning.', NULL),
(301, 210, 'The course was well organized.', NULL),
(302, 210, 'The delivery format, e-learning, was an effective learning method.', NULL),
(303, 213, 'This training met my expectations.', NULL),
(304, 213, 'This training will be useful in my work.', NULL),
(305, 214, 'The content was easy to understand.', NULL),
(306, 214, 'The length and pace of the training was appropriate for the topic.', NULL),
(307, 214, 'The illustrations, videos, and interactions were used in a way that supported my learning.', NULL),
(308, 215, 'The course was well organized.', NULL),
(309, 215, 'The delivery format, e-learning, was an effective learning method.', NULL),
(310, 218, 'This training met my expectations.', NULL),
(311, 218, 'This training will be useful in my work.', NULL),
(312, 219, 'The content was easy to understand.', NULL),
(313, 219, 'The length and pace of the training was appropriate for the topic.', NULL),
(314, 219, 'The illustrations, videos, and interactions were used in a way that supported my learning.', NULL),
(315, 220, 'The course was well organized.', NULL),
(316, 220, 'The delivery format, e-learning, was an effective learning method.', NULL),
(317, 223, 'This training met my expectations.', NULL),
(318, 223, 'This training will be useful in my work.', NULL),
(319, 224, 'The content was easy to understand.', NULL),
(320, 224, 'The length and pace of the training was appropriate for the topic.', NULL),
(321, 224, 'The illustrations, videos, and interactions were used in a way that supported my learning.', NULL),
(322, 225, 'The course was well organized.', NULL),
(323, 225, 'The delivery format, e-learning, was an effective learning method.', NULL),
(324, 228, 'This training met my expectations.', NULL),
(325, 228, 'This training will be useful in my work.', NULL),
(326, 229, 'The content was easy to understand.', NULL),
(327, 229, 'The length and pace of the training was appropriate for the topic.', NULL),
(328, 229, 'The illustrations, videos, and interactions were used in a way that supported my learning.', NULL),
(329, 230, 'The course was well organized.', NULL),
(330, 230, 'The delivery format, e-learning, was an effective learning method.', NULL),
(331, 233, 'This training met my expectations.', NULL),
(332, 233, 'This training will be useful in my work.', NULL),
(333, 234, 'The content was easy to understand.', NULL),
(334, 234, 'The length and pace of the training was appropriate for the topic.', NULL),
(335, 234, 'The illustrations, videos, and interactions were used in a way that supported my learning.', NULL),
(336, 235, 'The course was well organized.', NULL),
(337, 235, 'The delivery format, e-learning, was an effective learning method.', NULL),
(338, 238, 'This training met my expectations.', NULL),
(339, 238, 'This training will be useful in my work.', NULL),
(340, 239, 'The content was easy to understand.', NULL),
(341, 239, 'The length and pace of the training was appropriate for the topic.', NULL),
(342, 239, 'The illustrations, videos, and interactions were used in a way that supported my learning.', NULL),
(343, 240, 'The course was well organized.', NULL),
(344, 240, 'The delivery format, e-learning, was an effective learning method.', NULL);

-- --------------------------------------------------------

--
-- Table structure for table `mdl_questionnaire_response`
--

CREATE TABLE `mdl_questionnaire_response` (
  `id` bigint(10) NOT NULL,
  `survey_id` bigint(10) NOT NULL DEFAULT '0',
  `submitted` bigint(10) NOT NULL DEFAULT '0',
  `complete` varchar(1) NOT NULL DEFAULT 'n',
  `grade` bigint(10) NOT NULL DEFAULT '0',
  `username` varchar(64) DEFAULT NULL
) ENGINE=InnoDB DEFAULT CHARSET=utf8 COMMENT='questionnaire_response table retrofitted from MySQL';

--
-- Dumping data for table `mdl_questionnaire_response`
--

INSERT INTO `mdl_questionnaire_response` (`id`, `survey_id`, `submitted`, `complete`, `grade`, `username`) VALUES
(1, 3, 1447361577, 'y', 0, '4'),
(2, 3, 1456235159, 'y', 0, '424'),
(3, 4, 1456237113, 'y', 0, '424'),
(4, 8, 1456239448, 'y', 0, '424'),
(5, 3, 1456291780, 'y', 0, '427'),
(6, 3, 1456298279, 'y', 0, '423'),
(7, 4, 1456300577, 'y', 0, '423'),
(8, 5, 1456301603, 'y', 0, '423'),
(9, 8, 1456303652, 'y', 0, '423'),
(10, 10, 1456306097, 'y', 0, '423'),
(11, 11, 1456319673, 'y', 0, '423'),
(12, 13, 1456479819, 'y', 0, '423'),
(13, 14, 1456490861, 'y', 0, '423'),
(14, 15, 1456497761, 'y', 0, '423'),
(15, 16, 1456498742, 'y', 0, '423'),
(16, 17, 1456501145, 'y', 0, '423'),
(17, 32, 1456761744, 'y', 0, '423'),
(18, 33, 1456762196, 'y', 0, '423'),
(19, 3, 1456898395, 'y', 0, '436'),
(20, 3, 1456900024, 'y', 0, '440');

-- --------------------------------------------------------

--
-- Table structure for table `mdl_questionnaire_response_bool`
--

CREATE TABLE `mdl_questionnaire_response_bool` (
  `id` bigint(11) NOT NULL,
  `response_id` bigint(10) NOT NULL DEFAULT '0',
  `question_id` bigint(10) NOT NULL DEFAULT '0',
  `choice_id` varchar(1) NOT NULL DEFAULT 'y'
) ENGINE=InnoDB DEFAULT CHARSET=utf8 COMMENT='questionnaire_response_bool table retrofitted from MySQL';

-- --------------------------------------------------------

--
-- Table structure for table `mdl_questionnaire_response_date`
--

CREATE TABLE `mdl_questionnaire_response_date` (
  `id` bigint(11) NOT NULL,
  `response_id` bigint(10) NOT NULL DEFAULT '0',
  `question_id` bigint(10) NOT NULL DEFAULT '0',
  `response` longtext
) ENGINE=InnoDB DEFAULT CHARSET=utf8 COMMENT='questionnaire_response_date table retrofitted from MySQL';

-- --------------------------------------------------------

--
-- Table structure for table `mdl_questionnaire_response_other`
--

CREATE TABLE `mdl_questionnaire_response_other` (
  `id` bigint(11) NOT NULL,
  `response_id` bigint(10) NOT NULL DEFAULT '0',
  `question_id` bigint(10) NOT NULL DEFAULT '0',
  `choice_id` bigint(10) NOT NULL DEFAULT '0',
  `response` longtext
) ENGINE=InnoDB DEFAULT CHARSET=utf8 COMMENT='questionnaire_response_other table retrofitted from MySQL';

-- --------------------------------------------------------

--
-- Table structure for table `mdl_questionnaire_response_rank`
--

CREATE TABLE `mdl_questionnaire_response_rank` (
  `id` bigint(11) NOT NULL,
  `response_id` bigint(10) NOT NULL DEFAULT '0',
  `question_id` bigint(10) NOT NULL DEFAULT '0',
  `choice_id` bigint(10) NOT NULL DEFAULT '0',
  `rank` bigint(11) NOT NULL DEFAULT '0'
) ENGINE=InnoDB DEFAULT CHARSET=utf8 COMMENT='questionnaire_response_rank table retrofitted from MySQL';

--
-- Dumping data for table `mdl_questionnaire_response_rank`
--

INSERT INTO `mdl_questionnaire_response_rank` (`id`, `response_id`, `question_id`, `choice_id`, `rank`) VALUES
(1, 1, 8, 16, 4),
(2, 1, 8, 17, 4),
(3, 1, 9, 18, 3),
(4, 1, 9, 19, 3),
(5, 1, 9, 20, 3),
(6, 1, 10, 21, 4),
(7, 1, 10, 22, 4),
(8, 2, 8, 16, 4),
(9, 2, 8, 17, 4),
(10, 2, 9, 18, 4),
(11, 2, 9, 19, 4),
(12, 2, 9, 20, 4),
(13, 2, 10, 21, 4),
(14, 2, 10, 22, 4),
(15, 3, 13, 23, 4),
(16, 3, 13, 24, 4),
(17, 3, 14, 25, 3),
(18, 3, 14, 26, 4),
(19, 3, 14, 27, 4),
(20, 3, 15, 28, 4),
(21, 3, 15, 29, 4),
(22, 4, 33, 51, 4),
(23, 4, 33, 52, 4),
(24, 4, 34, 53, 4),
(25, 4, 34, 54, 4),
(26, 4, 34, 55, 4),
(27, 4, 35, 56, 4),
(28, 4, 35, 57, 4),
(29, 5, 8, 16, 3),
(30, 5, 8, 17, 3),
(31, 5, 9, 18, 3),
(32, 5, 9, 19, 3),
(33, 5, 9, 20, 3),
(34, 5, 10, 21, 3),
(35, 5, 10, 22, 3),
(36, 6, 8, 16, 3),
(37, 6, 8, 17, 3),
(38, 6, 9, 18, 3),
(39, 6, 9, 19, 3),
(40, 6, 9, 20, 3),
(41, 6, 10, 21, 3),
(42, 6, 10, 22, 3),
(43, 7, 13, 23, 3),
(44, 7, 13, 24, 3),
(45, 7, 14, 25, 3),
(46, 7, 14, 26, 3),
(47, 7, 14, 27, 3),
(48, 7, 15, 28, 3),
(49, 7, 15, 29, 3),
(50, 8, 18, 30, 4),
(51, 8, 18, 31, 4),
(52, 8, 19, 32, 3),
(53, 8, 19, 33, 3),
(54, 8, 19, 34, 3),
(55, 8, 20, 35, 3),
(56, 8, 20, 36, 3),
(57, 9, 33, 51, 4),
(58, 9, 33, 52, 4),
(59, 9, 34, 53, 3),
(60, 9, 34, 54, 3),
(61, 9, 34, 55, 3),
(62, 9, 35, 56, 3),
(63, 9, 35, 57, 3),
(64, 10, 43, 65, 3),
(65, 10, 43, 66, 3),
(66, 10, 44, 67, 3),
(67, 10, 44, 68, 3),
(68, 10, 44, 69, 3),
(69, 10, 45, 70, 3),
(70, 10, 45, 71, 3),
(71, 11, 48, 72, 4),
(72, 11, 48, 73, 4),
(73, 11, 49, 74, 3),
(74, 11, 49, 75, 3),
(75, 11, 49, 76, 3),
(76, 11, 50, 77, 3),
(77, 11, 50, 78, 3),
(78, 12, 58, 86, 3),
(79, 12, 58, 87, 4),
(80, 12, 59, 88, 3),
(81, 12, 59, 89, 3),
(82, 12, 59, 90, 3),
(83, 12, 60, 91, 3),
(84, 12, 60, 92, 3),
(85, 13, 63, 93, 3),
(86, 13, 63, 94, 3),
(87, 13, 64, 95, 3),
(88, 13, 64, 96, 3),
(89, 13, 64, 97, 3),
(90, 13, 65, 98, 3),
(91, 13, 65, 99, 3),
(92, 14, 68, 100, 4),
(93, 14, 68, 101, 4),
(94, 14, 69, 102, 4),
(95, 14, 69, 103, 4),
(96, 14, 69, 104, 4),
(97, 14, 70, 105, 4),
(98, 14, 70, 106, 4),
(99, 15, 73, 107, 4),
(100, 15, 73, 108, 4),
(101, 15, 74, 109, 4),
(102, 15, 74, 110, 4),
(103, 15, 74, 111, 4),
(104, 15, 75, 112, 4),
(105, 15, 75, 113, 4),
(106, 16, 78, 114, 4),
(107, 16, 78, 115, 4),
(108, 16, 79, 116, 4),
(109, 16, 79, 117, 4),
(110, 16, 79, 118, 4),
(111, 16, 80, 119, 4),
(112, 16, 80, 120, 4),
(113, 17, 153, 219, 4),
(114, 17, 153, 220, 4),
(115, 17, 154, 221, 4),
(116, 17, 154, 222, 4),
(117, 17, 154, 223, 4),
(118, 17, 155, 224, 4),
(119, 17, 155, 225, 4),
(120, 18, 158, 226, 4),
(121, 18, 158, 227, 4),
(122, 18, 159, 228, 4),
(123, 18, 159, 229, 4),
(124, 18, 159, 230, 4),
(125, 18, 160, 231, 4),
(126, 18, 160, 232, 4),
(127, 19, 8, 16, 3),
(128, 19, 8, 17, 3),
(129, 19, 9, 18, 3),
(130, 19, 9, 19, 3),
(131, 19, 9, 20, 2),
(132, 19, 10, 21, 3),
(133, 19, 10, 22, 3),
(134, 20, 8, 16, 3),
(135, 20, 8, 17, 3),
(136, 20, 9, 18, 3),
(137, 20, 9, 19, 3),
(138, 20, 9, 20, 1),
(139, 20, 10, 21, 3),
(140, 20, 10, 22, 3);

-- --------------------------------------------------------

--
-- Table structure for table `mdl_questionnaire_response_text`
--

CREATE TABLE `mdl_questionnaire_response_text` (
  `id` bigint(11) NOT NULL,
  `response_id` bigint(10) NOT NULL DEFAULT '0',
  `question_id` bigint(10) NOT NULL DEFAULT '0',
  `response` longtext
) ENGINE=InnoDB DEFAULT CHARSET=utf8 COMMENT='questionnaire_response_text table retrofitted from MySQL';

--
-- Dumping data for table `mdl_questionnaire_response_text`
--

INSERT INTO `mdl_questionnaire_response_text` (`id`, `response_id`, `question_id`, `response`) VALUES
(1, 1, 11, 'how to do  my email signature'),
(2, 1, 12, 'No thank you'),
(3, 2, 11, 'How to add on your name, information on the template for e-mail'),
(4, 2, 12, 'Questions appear too small'),
(5, 3, 16, 'What should be in a corporate biography and what should not. '),
(6, 3, 17, 'Yes, Yzamar Bernal 210-247-2461'),
(7, 4, 36, 'Accessing different articles'),
(8, 4, 37, 'NA'),
(9, 5, 11, 'na'),
(10, 5, 12, 'na'),
(11, 6, 11, 'data base info'),
(12, 6, 12, 'No, thank you'),
(13, 7, 16, 'photo info'),
(14, 7, 17, 'No, thank you'),
(15, 8, 21, 'search options'),
(16, 8, 22, 'no, thank you '),
(17, 9, 36, 'searches'),
(18, 9, 37, 'No, thank you '),
(19, 10, 46, 'rules on PO'),
(20, 10, 47, 'no, thank you'),
(21, 11, 51, 'Slx set up around process'),
(22, 11, 52, 'No, thank you '),
(23, 12, 61, 'funnel '),
(24, 12, 62, 'No, thank you '),
(25, 13, 66, 'NA'),
(26, 13, 67, 'No, thank you'),
(27, 14, 71, 'Growth Partnership'),
(28, 14, 72, 'No, thank you '),
(29, 15, 76, 'killer phrases'),
(30, 15, 77, 'no, thank you'),
(31, 16, 81, 'DNA'),
(32, 16, 82, 'no, thank you'),
(33, 17, 156, 'Guidelines'),
(34, 17, 157, 'thank you'),
(35, 18, 161, 'MT'),
(36, 18, 162, 'thank you '),
(37, 19, 11, 'NA'),
(38, 19, 12, 'NA'),
(39, 20, 11, 'How to use the system in general.'),
(40, 20, 12, 'No');

-- --------------------------------------------------------

--
-- Table structure for table `mdl_questionnaire_resp_multiple`
--

CREATE TABLE `mdl_questionnaire_resp_multiple` (
  `id` bigint(10) NOT NULL,
  `response_id` bigint(10) NOT NULL DEFAULT '0',
  `question_id` bigint(10) NOT NULL DEFAULT '0',
  `choice_id` bigint(10) NOT NULL DEFAULT '0'
) ENGINE=InnoDB DEFAULT CHARSET=utf8 COMMENT='questionnaire_resp_multiple table retrofitted from MySQL';

-- --------------------------------------------------------

--
-- Table structure for table `mdl_questionnaire_resp_single`
--

CREATE TABLE `mdl_questionnaire_resp_single` (
  `id` bigint(11) NOT NULL,
  `response_id` bigint(10) NOT NULL DEFAULT '0',
  `question_id` bigint(10) NOT NULL DEFAULT '0',
  `choice_id` bigint(10) NOT NULL DEFAULT '0'
) ENGINE=InnoDB DEFAULT CHARSET=utf8 COMMENT='questionnaire_resp_single table retrofitted from MySQL';

-- --------------------------------------------------------

--
-- Table structure for table `mdl_questionnaire_survey`
--

CREATE TABLE `mdl_questionnaire_survey` (
  `id` bigint(10) NOT NULL,
  `name` varchar(255) NOT NULL DEFAULT '',
  `owner` varchar(16) NOT NULL DEFAULT '',
  `realm` varchar(64) NOT NULL DEFAULT '',
  `status` bigint(10) NOT NULL DEFAULT '0',
  `title` varchar(255) NOT NULL DEFAULT '',
  `email` varchar(255) DEFAULT NULL,
  `subtitle` longtext,
  `info` longtext,
  `theme` varchar(64) DEFAULT NULL,
  `thanks_page` varchar(255) DEFAULT NULL,
  `thank_head` varchar(255) DEFAULT NULL,
  `thank_body` longtext,
  `feedbacksections` tinyint(2) DEFAULT '0',
  `feedbacknotes` longtext,
  `feedbackscores` tinyint(1) NOT NULL DEFAULT '0',
  `chart_type` varchar(64) DEFAULT NULL
) ENGINE=InnoDB DEFAULT CHARSET=utf8 COMMENT='questionnaire_survey table retrofitted from MySQL';

--
-- Dumping data for table `mdl_questionnaire_survey`
--

INSERT INTO `mdl_questionnaire_survey` (`id`, `name`, `owner`, `realm`, `status`, `title`, `email`, `subtitle`, `info`, `theme`, `thanks_page`, `thank_head`, `thank_body`, `feedbacksections`, `feedbacknotes`, `feedbackscores`, `chart_type`) VALUES
(2, 'Course Survey', '2', 'template', 0, 'Course Survey- elearning general', '', '', '', '', '', '', '', 0, '', 0, ''),
(3, 'Course Survey_copy', '3', 'private', 0, 'Course Survey- elearning general', '', '', '', '', '', '', '', 0, '', 0, ''),
(4, 'Course Survey_copy1', '4', 'private', 0, 'Course Survey- elearning general', '', '', '', '', '', '', '', 0, '', 0, ''),
(5, 'Course Survey_copy2', '7', 'private', 0, 'Course Survey- elearning general', '', '', '', '', '', '', '', 0, '', 0, ''),
(6, 'Course Survey_copy3', '8', 'private', 0, 'Course Survey- elearning general', '', '', '', '', '', '', '', 0, '', 0, ''),
(7, 'Course Survey_copy4', '9', 'private', 0, 'Course Survey- elearning general', '', '', '', '', '', '', '', 0, '', 0, ''),
(8, 'Course Survey_copy5', '10', 'private', 0, 'Course Survey- elearning general', '', '', '', '', '', '', '', 0, '', 0, ''),
(9, 'Course Survey_copy6', '6', 'private', 0, 'Course Survey- elearning general', '', '', '', '', '', '', '', 0, '', 0, ''),
(10, 'Course Survey_copy7', '5', 'private', 0, 'Course Survey- elearning general', '', '', '', '', '', '', '', 0, '', 0, ''),
(11, 'Course Survey_copy8', '13', 'private', 0, 'Course Survey- elearning general', '', '', '', '', '', '', '', 0, '', 0, ''),
(12, 'Course Survey_copy9', '12', 'private', 0, 'Course Survey- elearning general', '', '', '', '', '', '', '', 0, '', 0, ''),
(13, 'Course Survey_copy10', '14', 'private', 0, 'Course Survey- elearning general', '', '', '', '', '', '', '', 0, '', 0, ''),
(14, 'Course Survey_copy11', '15', 'private', 0, 'Course Survey- elearning general', '', '', '', '', '', '', '', 0, '', 0, ''),
(15, 'Course Survey_copy12', '17', 'private', 0, 'Course Survey- elearning general', '', '', '', '', '', '', '', 0, '', 0, ''),
(16, 'Course Survey_copy13', '16', 'private', 0, 'Course Survey- elearning general', '', '', '', '', '', '', '', 0, '', 0, ''),
(17, 'Course Survey_copy14', '18', 'private', 0, 'Course Survey- elearning general', '', '', '', '', '', '', '', 0, '', 0, ''),
(18, 'Course Survey_copy15', '19', 'private', 0, 'Course Survey- elearning general', '', '', '', '', '', '', '', 0, '', 0, ''),
(19, 'Course Survey_copy16', '20', 'private', 0, 'Course Survey- elearning general', '', '', '', '', '', '', '', 0, '', 0, ''),
(20, 'Course Survey_copy17', '21', 'private', 0, 'Course Survey- elearning general', '', '', '', '', '', '', '', 0, '', 0, ''),
(21, 'Course Survey_copy18', '22', 'private', 0, 'Course Survey- elearning general', '', '', '', '', '', '', '', 0, '', 0, ''),
(22, 'Course Survey_copy19', '23', 'private', 0, 'Course Survey- elearning general', '', '', '', '', '', '', '', 0, '', 0, ''),
(23, 'Course Survey_copy20', '24', 'private', 0, 'Course Survey- elearning general', '', '', '', '', '', '', '', 0, '', 0, ''),
(24, 'Course Survey_copy21', '25', 'private', 0, 'Course Survey- elearning general', '', '', '', '', '', '', '', 0, '', 0, ''),
(25, 'Course Survey_copy22', '35', 'private', 0, 'Course Survey- elearning general', '', '', '', '', '', '', '', 0, '', 0, ''),
(26, 'Course Survey_copy23', '33', 'private', 0, 'Course Survey- elearning general', '', '', '', '', '', '', '', 0, '', 0, ''),
(27, 'Course Survey_copy24', '29', 'private', 0, 'Course Survey- elearning general', '', '', '', '', '', '', '', 0, '', 0, ''),
(28, 'Course Survey_copy25', '28', 'private', 0, 'Course Survey- elearning general', '', '', '', '', '', '', '', 0, '', 0, ''),
(29, 'Course Survey_copy26', '27', 'private', 0, 'Course Survey- elearning general', '', '', '', '', '', '', '', 0, '', 0, ''),
(30, 'Course Survey_copy27', '26', 'private', 0, 'Course Survey- elearning general', '', '', '', '', '', '', '', 0, '', 0, ''),
(31, 'Course Survey_copy28', '34', 'private', 0, 'Course Survey- elearning general', '', '', '', '', '', '', '', 0, '', 0, ''),
(32, 'Course Survey_copy29', '53', 'private', 0, 'Course Survey- elearning general', '', '', '', '', '', '', '', 0, '', 0, ''),
(33, 'Course Survey_copy30', '52', 'private', 0, 'Course Survey- elearning general', '', '', '', '', '', '', '', 0, '', 0, ''),
(34, 'Course Survey_copy31', '37', 'private', 0, 'Course Survey- elearning general', '', '', '', '', '', '', '', 0, '', 0, ''),
(35, 'Course Survey_copy32', '36', 'private', 0, 'Course Survey- elearning general', '', '', '', '', '', '', '', 0, '', 0, ''),
(36, 'Course Survey_copy33', '46', 'private', 0, 'Course Survey- elearning general', '', '', '', '', '', '', '', 0, '', 0, ''),
(37, 'Course Survey_copy34', '45', 'private', 0, 'Course Survey- elearning general', '', '', '', '', '', '', '', 0, '', 0, ''),
(38, 'Course Survey_copy35', '44', 'private', 0, 'Course Survey- elearning general', '', '', '', '', '', '', '', 0, '', 0, ''),
(39, 'Course Survey_copy36', '43', 'private', 0, 'Course Survey- elearning general', '', '', '', '', '', '', '', 0, '', 0, ''),
(40, 'Course Survey_copy37', '42', 'private', 0, 'Course Survey- elearning general', '', '', '', '', '', '', '', 0, '', 0, ''),
(41, 'Course Survey_copy38', '41', 'private', 0, 'Course Survey- elearning general', '', '', '', '', '', '', '', 0, '', 0, ''),
(42, 'Course Survey_copy39', '40', 'private', 0, 'Course Survey- elearning general', '', '', '', '', '', '', '', 0, '', 0, ''),
(43, 'Course Survey_copy40', '39', 'private', 0, 'Course Survey- elearning general', '', '', '', '', '', '', '', 0, '', 0, ''),
(44, 'Course Survey_copy41', '38', 'private', 0, 'Course Survey- elearning general', '', '', '', '', '', '', '', 0, '', 0, ''),
(45, 'Course Survey_copy42', '49', 'private', 0, 'Course Survey- elearning general', '', '', '', '', '', '', '', 0, '', 0, ''),
(46, 'Course Survey_copy43', '48', 'private', 0, 'Course Survey- elearning general', '', '', '', '', '', '', '', 0, '', 0, ''),
(47, 'Course Survey_copy44', '47', 'private', 0, 'Course Survey- elearning general', '', '', '', '', '', '', '', 0, '', 0, ''),
(48, 'Course Survey_copy45', '51', 'private', 0, 'Course Survey- elearning general', '', '', '', '', '', '', '', 0, '', 0, ''),
(49, 'Course Survey_copy46', '50', 'private', 0, 'Course Survey- elearning general', '', '', '', '', '', '', '', 0, '', 0, '');

-- --------------------------------------------------------

--
-- Table structure for table `mdl_question_answers`
--

CREATE TABLE `mdl_question_answers` (
  `id` bigint(10) NOT NULL,
  `question` bigint(10) NOT NULL DEFAULT '0',
  `answer` longtext NOT NULL,
  `answerformat` tinyint(2) NOT NULL DEFAULT '0',
  `fraction` decimal(12,7) NOT NULL DEFAULT '0.0000000',
  `feedback` longtext NOT NULL,
  `feedbackformat` tinyint(2) NOT NULL DEFAULT '0'
) ENGINE=InnoDB DEFAULT CHARSET=utf8 COMMENT='Answers, with a fractional grade (0-1) and feedback';

-- --------------------------------------------------------

--
-- Table structure for table `mdl_question_attempts`
--

CREATE TABLE `mdl_question_attempts` (
  `id` bigint(10) NOT NULL,
  `questionusageid` bigint(10) NOT NULL,
  `slot` bigint(10) NOT NULL,
  `behaviour` varchar(32) NOT NULL DEFAULT '',
  `questionid` bigint(10) NOT NULL,
  `variant` bigint(10) NOT NULL DEFAULT '1',
  `maxmark` decimal(12,7) NOT NULL,
  `minfraction` decimal(12,7) NOT NULL,
  `maxfraction` decimal(12,7) NOT NULL DEFAULT '1.0000000',
  `flagged` tinyint(1) NOT NULL DEFAULT '0',
  `questionsummary` longtext,
  `rightanswer` longtext,
  `responsesummary` longtext,
  `timemodified` bigint(10) NOT NULL
) ENGINE=InnoDB DEFAULT CHARSET=utf8 COMMENT='Each row here corresponds to an attempt at one question, as ';

-- --------------------------------------------------------

--
-- Table structure for table `mdl_question_attempt_steps`
--

CREATE TABLE `mdl_question_attempt_steps` (
  `id` bigint(10) NOT NULL,
  `questionattemptid` bigint(10) NOT NULL,
  `sequencenumber` bigint(10) NOT NULL,
  `state` varchar(13) NOT NULL DEFAULT '',
  `fraction` decimal(12,7) DEFAULT NULL,
  `timecreated` bigint(10) NOT NULL,
  `userid` bigint(10) DEFAULT NULL
) ENGINE=InnoDB DEFAULT CHARSET=utf8 COMMENT='Stores one step in in a question attempt. As well as the dat';

-- --------------------------------------------------------

--
-- Table structure for table `mdl_question_attempt_step_data`
--

CREATE TABLE `mdl_question_attempt_step_data` (
  `id` bigint(10) NOT NULL,
  `attemptstepid` bigint(10) NOT NULL,
  `name` varchar(32) NOT NULL DEFAULT '',
  `value` longtext
) ENGINE=InnoDB DEFAULT CHARSET=utf8 COMMENT='Each question_attempt_step has an associative array of the d';

-- --------------------------------------------------------

--
-- Table structure for table `mdl_question_calculated`
--

CREATE TABLE `mdl_question_calculated` (
  `id` bigint(10) NOT NULL,
  `question` bigint(10) NOT NULL DEFAULT '0',
  `answer` bigint(10) NOT NULL DEFAULT '0',
  `tolerance` varchar(20) NOT NULL DEFAULT '0.0',
  `tolerancetype` bigint(10) NOT NULL DEFAULT '1',
  `correctanswerlength` bigint(10) NOT NULL DEFAULT '2',
  `correctanswerformat` bigint(10) NOT NULL DEFAULT '2'
) ENGINE=InnoDB DEFAULT CHARSET=utf8 COMMENT='Options for questions of type calculated';

-- --------------------------------------------------------

--
-- Table structure for table `mdl_question_calculated_options`
--

CREATE TABLE `mdl_question_calculated_options` (
  `id` bigint(10) NOT NULL,
  `question` bigint(10) NOT NULL DEFAULT '0',
  `synchronize` tinyint(2) NOT NULL DEFAULT '0',
  `single` smallint(4) NOT NULL DEFAULT '0',
  `shuffleanswers` smallint(4) NOT NULL DEFAULT '0',
  `correctfeedback` longtext,
  `correctfeedbackformat` tinyint(2) NOT NULL DEFAULT '0',
  `partiallycorrectfeedback` longtext,
  `partiallycorrectfeedbackformat` tinyint(2) NOT NULL DEFAULT '0',
  `incorrectfeedback` longtext,
  `incorrectfeedbackformat` tinyint(2) NOT NULL DEFAULT '0',
  `answernumbering` varchar(10) NOT NULL DEFAULT 'abc',
  `shownumcorrect` tinyint(2) NOT NULL DEFAULT '0'
) ENGINE=InnoDB DEFAULT CHARSET=utf8 COMMENT='Options for questions of type calculated';

-- --------------------------------------------------------

--
-- Table structure for table `mdl_question_categories`
--

CREATE TABLE `mdl_question_categories` (
  `id` bigint(10) NOT NULL,
  `name` varchar(255) NOT NULL DEFAULT '',
  `contextid` bigint(10) NOT NULL DEFAULT '0',
  `info` longtext NOT NULL,
  `infoformat` tinyint(2) NOT NULL DEFAULT '0',
  `stamp` varchar(255) NOT NULL DEFAULT '',
  `parent` bigint(10) NOT NULL DEFAULT '0',
  `sortorder` bigint(10) NOT NULL DEFAULT '999'
) ENGINE=InnoDB DEFAULT CHARSET=utf8 COMMENT='Categories are for grouping questions';

--
-- Dumping data for table `mdl_question_categories`
--

INSERT INTO `mdl_question_categories` (`id`, `name`, `contextid`, `info`, `infoformat`, `stamp`, `parent`, `sortorder`) VALUES
(1, 'Default for Front page', 2, 'The default category for questions shared in context \'Front page\'.', 0, 'giluniversity.frost.com+150226163127+W6UJIe', 0, 999),
(2, 'Default for System', 1, 'The default category for questions shared in context \'System\'.', 0, 'giluniversity.frost.com+150226163127+xK7nlI', 0, 999);

-- --------------------------------------------------------

--
-- Table structure for table `mdl_question_datasets`
--

CREATE TABLE `mdl_question_datasets` (
  `id` bigint(10) NOT NULL,
  `question` bigint(10) NOT NULL DEFAULT '0',
  `datasetdefinition` bigint(10) NOT NULL DEFAULT '0'
) ENGINE=InnoDB DEFAULT CHARSET=utf8 COMMENT='Many-many relation between questions and dataset definitions';

-- --------------------------------------------------------

--
-- Table structure for table `mdl_question_dataset_definitions`
--

CREATE TABLE `mdl_question_dataset_definitions` (
  `id` bigint(10) NOT NULL,
  `category` bigint(10) NOT NULL DEFAULT '0',
  `name` varchar(255) NOT NULL DEFAULT '',
  `type` bigint(10) NOT NULL DEFAULT '0',
  `options` varchar(255) NOT NULL DEFAULT '',
  `itemcount` bigint(10) NOT NULL DEFAULT '0'
) ENGINE=InnoDB DEFAULT CHARSET=utf8 COMMENT='Organises and stores properties for dataset items';

-- --------------------------------------------------------

--
-- Table structure for table `mdl_question_dataset_items`
--

CREATE TABLE `mdl_question_dataset_items` (
  `id` bigint(10) NOT NULL,
  `definition` bigint(10) NOT NULL DEFAULT '0',
  `itemnumber` bigint(10) NOT NULL DEFAULT '0',
  `value` varchar(255) NOT NULL DEFAULT ''
) ENGINE=InnoDB DEFAULT CHARSET=utf8 COMMENT='Individual dataset items';

-- --------------------------------------------------------

--
-- Table structure for table `mdl_question_hints`
--

CREATE TABLE `mdl_question_hints` (
  `id` bigint(10) NOT NULL,
  `questionid` bigint(10) NOT NULL,
  `hint` longtext NOT NULL,
  `hintformat` smallint(4) NOT NULL DEFAULT '0',
  `shownumcorrect` tinyint(1) DEFAULT NULL,
  `clearwrong` tinyint(1) DEFAULT NULL,
  `options` varchar(255) DEFAULT NULL
) ENGINE=InnoDB DEFAULT CHARSET=utf8 COMMENT='Stores the the part of the question definition that gives di';

-- --------------------------------------------------------

--
-- Table structure for table `mdl_question_multianswer`
--

CREATE TABLE `mdl_question_multianswer` (
  `id` bigint(10) NOT NULL,
  `question` bigint(10) NOT NULL DEFAULT '0',
  `sequence` longtext NOT NULL
) ENGINE=InnoDB DEFAULT CHARSET=utf8 COMMENT='Options for multianswer questions';

-- --------------------------------------------------------

--
-- Table structure for table `mdl_question_numerical`
--

CREATE TABLE `mdl_question_numerical` (
  `id` bigint(10) NOT NULL,
  `question` bigint(10) NOT NULL DEFAULT '0',
  `answer` bigint(10) NOT NULL DEFAULT '0',
  `tolerance` varchar(255) NOT NULL DEFAULT '0.0'
) ENGINE=InnoDB DEFAULT CHARSET=utf8 COMMENT='Options for numerical questions.';

-- --------------------------------------------------------

--
-- Table structure for table `mdl_question_numerical_options`
--

CREATE TABLE `mdl_question_numerical_options` (
  `id` bigint(10) NOT NULL,
  `question` bigint(10) NOT NULL DEFAULT '0',
  `showunits` smallint(4) NOT NULL DEFAULT '0',
  `unitsleft` smallint(4) NOT NULL DEFAULT '0',
  `unitgradingtype` smallint(4) NOT NULL DEFAULT '0',
  `unitpenalty` decimal(12,7) NOT NULL DEFAULT '0.1000000'
) ENGINE=InnoDB DEFAULT CHARSET=utf8 COMMENT='Options for questions of type numerical This table is also u';

-- --------------------------------------------------------

--
-- Table structure for table `mdl_question_numerical_units`
--

CREATE TABLE `mdl_question_numerical_units` (
  `id` bigint(10) NOT NULL,
  `question` bigint(10) NOT NULL DEFAULT '0',
  `multiplier` decimal(40,20) NOT NULL DEFAULT '1.00000000000000000000',
  `unit` varchar(50) NOT NULL DEFAULT ''
) ENGINE=InnoDB DEFAULT CHARSET=utf8 COMMENT='Optional unit options for numerical questions. This table is';

-- --------------------------------------------------------

--
-- Table structure for table `mdl_question_response_analysis`
--

CREATE TABLE `mdl_question_response_analysis` (
  `id` bigint(10) NOT NULL,
  `hashcode` varchar(40) NOT NULL DEFAULT '',
  `whichtries` varchar(255) NOT NULL DEFAULT '',
  `timemodified` bigint(10) NOT NULL,
  `questionid` bigint(10) NOT NULL,
  `variant` bigint(10) DEFAULT NULL,
  `subqid` varchar(100) NOT NULL DEFAULT '',
  `aid` varchar(100) DEFAULT NULL,
  `response` longtext,
  `credit` decimal(15,5) NOT NULL
) ENGINE=InnoDB DEFAULT CHARSET=utf8 COMMENT='Analysis of student responses given to questions.';

-- --------------------------------------------------------

--
-- Table structure for table `mdl_question_response_count`
--

CREATE TABLE `mdl_question_response_count` (
  `id` bigint(10) NOT NULL,
  `analysisid` bigint(10) NOT NULL,
  `try` bigint(10) NOT NULL,
  `rcount` bigint(10) NOT NULL
) ENGINE=InnoDB DEFAULT CHARSET=utf8 COMMENT='Count for each responses for each try at a question.';

-- --------------------------------------------------------

--
-- Table structure for table `mdl_question_statistics`
--

CREATE TABLE `mdl_question_statistics` (
  `id` bigint(10) NOT NULL,
  `hashcode` varchar(40) NOT NULL DEFAULT '',
  `timemodified` bigint(10) NOT NULL,
  `questionid` bigint(10) NOT NULL,
  `slot` bigint(10) DEFAULT NULL,
  `subquestion` smallint(4) NOT NULL,
  `variant` bigint(10) DEFAULT NULL,
  `s` bigint(10) NOT NULL DEFAULT '0',
  `effectiveweight` decimal(15,5) DEFAULT NULL,
  `negcovar` tinyint(2) NOT NULL DEFAULT '0',
  `discriminationindex` decimal(15,5) DEFAULT NULL,
  `discriminativeefficiency` decimal(15,5) DEFAULT NULL,
  `sd` decimal(15,10) DEFAULT NULL,
  `facility` decimal(15,10) DEFAULT NULL,
  `subquestions` longtext,
  `maxmark` decimal(12,7) DEFAULT NULL,
  `positions` longtext,
  `randomguessscore` decimal(12,7) DEFAULT NULL
) ENGINE=InnoDB DEFAULT CHARSET=utf8 COMMENT='Statistics for individual questions used in an activity.';

-- --------------------------------------------------------

--
-- Table structure for table `mdl_question_truefalse`
--

CREATE TABLE `mdl_question_truefalse` (
  `id` bigint(10) NOT NULL,
  `question` bigint(10) NOT NULL DEFAULT '0',
  `trueanswer` bigint(10) NOT NULL DEFAULT '0',
  `falseanswer` bigint(10) NOT NULL DEFAULT '0'
) ENGINE=InnoDB DEFAULT CHARSET=utf8 COMMENT='Options for True-False questions';

-- --------------------------------------------------------

--
-- Table structure for table `mdl_question_usages`
--

CREATE TABLE `mdl_question_usages` (
  `id` bigint(10) NOT NULL,
  `contextid` bigint(10) NOT NULL,
  `component` varchar(255) NOT NULL DEFAULT '',
  `preferredbehaviour` varchar(32) NOT NULL DEFAULT ''
) ENGINE=InnoDB DEFAULT CHARSET=utf8 COMMENT='This table''s main purpose it to assign a unique id to each a';

-- --------------------------------------------------------

--
-- Table structure for table `mdl_quiz`
--

CREATE TABLE `mdl_quiz` (
  `id` bigint(10) NOT NULL,
  `course` bigint(10) NOT NULL DEFAULT '0',
  `name` varchar(255) NOT NULL DEFAULT '',
  `intro` longtext NOT NULL,
  `introformat` smallint(4) NOT NULL DEFAULT '0',
  `timeopen` bigint(10) NOT NULL DEFAULT '0',
  `timeclose` bigint(10) NOT NULL DEFAULT '0',
  `timelimit` bigint(10) NOT NULL DEFAULT '0',
  `overduehandling` varchar(16) NOT NULL DEFAULT 'autoabandon',
  `graceperiod` bigint(10) NOT NULL DEFAULT '0',
  `preferredbehaviour` varchar(32) NOT NULL DEFAULT '',
  `attempts` mediumint(6) NOT NULL DEFAULT '0',
  `attemptonlast` smallint(4) NOT NULL DEFAULT '0',
  `grademethod` smallint(4) NOT NULL DEFAULT '1',
  `decimalpoints` smallint(4) NOT NULL DEFAULT '2',
  `questiondecimalpoints` smallint(4) NOT NULL DEFAULT '-1',
  `reviewattempt` mediumint(6) NOT NULL DEFAULT '0',
  `reviewcorrectness` mediumint(6) NOT NULL DEFAULT '0',
  `reviewmarks` mediumint(6) NOT NULL DEFAULT '0',
  `reviewspecificfeedback` mediumint(6) NOT NULL DEFAULT '0',
  `reviewgeneralfeedback` mediumint(6) NOT NULL DEFAULT '0',
  `reviewrightanswer` mediumint(6) NOT NULL DEFAULT '0',
  `reviewoverallfeedback` mediumint(6) NOT NULL DEFAULT '0',
  `questionsperpage` bigint(10) NOT NULL DEFAULT '0',
  `navmethod` varchar(16) NOT NULL DEFAULT 'free',
  `shufflequestions` smallint(4) NOT NULL DEFAULT '0',
  `shuffleanswers` smallint(4) NOT NULL DEFAULT '0',
  `sumgrades` decimal(10,5) NOT NULL DEFAULT '0.00000',
  `grade` decimal(10,5) NOT NULL DEFAULT '0.00000',
  `timecreated` bigint(10) NOT NULL DEFAULT '0',
  `timemodified` bigint(10) NOT NULL DEFAULT '0',
  `password` varchar(255) NOT NULL DEFAULT '',
  `subnet` varchar(255) NOT NULL DEFAULT '',
  `browsersecurity` varchar(32) NOT NULL DEFAULT '',
  `delay1` bigint(10) NOT NULL DEFAULT '0',
  `delay2` bigint(10) NOT NULL DEFAULT '0',
  `showuserpicture` smallint(4) NOT NULL DEFAULT '0',
  `showblocks` smallint(4) NOT NULL DEFAULT '0',
  `completionattemptsexhausted` tinyint(1) DEFAULT '0',
  `completionpass` tinyint(1) DEFAULT '0'
) ENGINE=InnoDB DEFAULT CHARSET=utf8 COMMENT='The settings for each quiz.';

-- --------------------------------------------------------

--
-- Table structure for table `mdl_quiz_attempts`
--

CREATE TABLE `mdl_quiz_attempts` (
  `id` bigint(10) NOT NULL,
  `quiz` bigint(10) NOT NULL DEFAULT '0',
  `userid` bigint(10) NOT NULL DEFAULT '0',
  `attempt` mediumint(6) NOT NULL DEFAULT '0',
  `uniqueid` bigint(10) NOT NULL DEFAULT '0',
  `layout` longtext NOT NULL,
  `currentpage` bigint(10) NOT NULL DEFAULT '0',
  `preview` smallint(3) NOT NULL DEFAULT '0',
  `state` varchar(16) NOT NULL DEFAULT 'inprogress',
  `timestart` bigint(10) NOT NULL DEFAULT '0',
  `timefinish` bigint(10) NOT NULL DEFAULT '0',
  `timemodified` bigint(10) NOT NULL DEFAULT '0',
  `timecheckstate` bigint(10) DEFAULT '0',
  `sumgrades` decimal(10,5) DEFAULT NULL
) ENGINE=InnoDB DEFAULT CHARSET=utf8 COMMENT='Stores users attempts at quizzes.';

-- --------------------------------------------------------

--
-- Table structure for table `mdl_quiz_feedback`
--

CREATE TABLE `mdl_quiz_feedback` (
  `id` bigint(10) NOT NULL,
  `quizid` bigint(10) NOT NULL DEFAULT '0',
  `feedbacktext` longtext NOT NULL,
  `feedbacktextformat` tinyint(2) NOT NULL DEFAULT '0',
  `mingrade` decimal(10,5) NOT NULL DEFAULT '0.00000',
  `maxgrade` decimal(10,5) NOT NULL DEFAULT '0.00000'
) ENGINE=InnoDB DEFAULT CHARSET=utf8 COMMENT='Feedback given to students based on which grade band their o';

-- --------------------------------------------------------

--
-- Table structure for table `mdl_quiz_grades`
--

CREATE TABLE `mdl_quiz_grades` (
  `id` bigint(10) NOT NULL,
  `quiz` bigint(10) NOT NULL DEFAULT '0',
  `userid` bigint(10) NOT NULL DEFAULT '0',
  `grade` decimal(10,5) NOT NULL DEFAULT '0.00000',
  `timemodified` bigint(10) NOT NULL DEFAULT '0'
) ENGINE=InnoDB DEFAULT CHARSET=utf8 COMMENT='Stores the overall grade for each user on the quiz, based on';

-- --------------------------------------------------------

--
-- Table structure for table `mdl_quiz_overrides`
--

CREATE TABLE `mdl_quiz_overrides` (
  `id` bigint(10) NOT NULL,
  `quiz` bigint(10) NOT NULL DEFAULT '0',
  `groupid` bigint(10) DEFAULT NULL,
  `userid` bigint(10) DEFAULT NULL,
  `timeopen` bigint(10) DEFAULT NULL,
  `timeclose` bigint(10) DEFAULT NULL,
  `timelimit` bigint(10) DEFAULT NULL,
  `attempts` mediumint(6) DEFAULT NULL,
  `password` varchar(255) DEFAULT NULL
) ENGINE=InnoDB DEFAULT CHARSET=utf8 COMMENT='The overrides to quiz settings on a per-user and per-group b';

-- --------------------------------------------------------

--
-- Table structure for table `mdl_quiz_overview_regrades`
--

CREATE TABLE `mdl_quiz_overview_regrades` (
  `id` bigint(10) NOT NULL,
  `questionusageid` bigint(10) NOT NULL,
  `slot` bigint(10) NOT NULL,
  `newfraction` decimal(12,7) DEFAULT NULL,
  `oldfraction` decimal(12,7) DEFAULT NULL,
  `regraded` smallint(4) NOT NULL,
  `timemodified` bigint(10) NOT NULL
) ENGINE=InnoDB DEFAULT CHARSET=utf8 COMMENT='This table records which question attempts need regrading an';

-- --------------------------------------------------------

--
-- Table structure for table `mdl_quiz_reports`
--

CREATE TABLE `mdl_quiz_reports` (
  `id` bigint(10) NOT NULL,
  `name` varchar(255) DEFAULT NULL,
  `displayorder` bigint(10) NOT NULL,
  `capability` varchar(255) DEFAULT NULL
) ENGINE=InnoDB DEFAULT CHARSET=utf8 COMMENT='Lists all the installed quiz reports and their display order';

--
-- Dumping data for table `mdl_quiz_reports`
--

INSERT INTO `mdl_quiz_reports` (`id`, `name`, `displayorder`, `capability`) VALUES
(1, 'grading', 6000, 'mod/quiz:grade'),
(2, 'overview', 10000, NULL),
(3, 'responses', 9000, NULL),
(4, 'statistics', 8000, 'quiz/statistics:view');

-- --------------------------------------------------------

--
-- Table structure for table `mdl_quiz_slots`
--

CREATE TABLE `mdl_quiz_slots` (
  `id` bigint(10) NOT NULL,
  `slot` bigint(10) NOT NULL,
  `quizid` bigint(10) NOT NULL DEFAULT '0',
  `page` bigint(10) NOT NULL,
  `questionid` bigint(10) NOT NULL DEFAULT '0',
  `maxmark` decimal(12,7) NOT NULL DEFAULT '0.0000000'
) ENGINE=InnoDB DEFAULT CHARSET=utf8 COMMENT='Stores the question used in a quiz, with the order, and for ';

-- --------------------------------------------------------

--
-- Table structure for table `mdl_quiz_statistics`
--

CREATE TABLE `mdl_quiz_statistics` (
  `id` bigint(10) NOT NULL,
  `hashcode` varchar(40) NOT NULL DEFAULT '',
  `whichattempts` smallint(4) NOT NULL,
  `timemodified` bigint(10) NOT NULL,
  `firstattemptscount` bigint(10) NOT NULL,
  `highestattemptscount` bigint(10) NOT NULL,
  `lastattemptscount` bigint(10) NOT NULL,
  `allattemptscount` bigint(10) NOT NULL,
  `firstattemptsavg` decimal(15,5) DEFAULT NULL,
  `highestattemptsavg` decimal(15,5) DEFAULT NULL,
  `lastattemptsavg` decimal(15,5) DEFAULT NULL,
  `allattemptsavg` decimal(15,5) DEFAULT NULL,
  `median` decimal(15,5) DEFAULT NULL,
  `standarddeviation` decimal(15,5) DEFAULT NULL,
  `skewness` decimal(15,10) DEFAULT NULL,
  `kurtosis` decimal(15,5) DEFAULT NULL,
  `cic` decimal(15,10) DEFAULT NULL,
  `errorratio` decimal(15,10) DEFAULT NULL,
  `standarderror` decimal(15,10) DEFAULT NULL
) ENGINE=InnoDB DEFAULT CHARSET=utf8 COMMENT='table to cache results from analysis done in statistics repo';

-- --------------------------------------------------------

--
-- Table structure for table `mdl_rating`
--

CREATE TABLE `mdl_rating` (
  `id` bigint(10) NOT NULL,
  `contextid` bigint(10) NOT NULL,
  `component` varchar(100) NOT NULL DEFAULT '',
  `ratingarea` varchar(50) NOT NULL DEFAULT '',
  `itemid` bigint(10) NOT NULL,
  `scaleid` bigint(10) NOT NULL,
  `rating` bigint(10) NOT NULL,
  `userid` bigint(10) NOT NULL,
  `timecreated` bigint(10) NOT NULL,
  `timemodified` bigint(10) NOT NULL
) ENGINE=InnoDB DEFAULT CHARSET=utf8 COMMENT='moodle ratings';

-- --------------------------------------------------------

--
-- Table structure for table `mdl_recordingsbn`
--

CREATE TABLE `mdl_recordingsbn` (
  `id` bigint(10) NOT NULL,
  `course` bigint(10) NOT NULL,
  `name` varchar(255) NOT NULL DEFAULT '',
  `intro` longtext,
  `introformat` smallint(4) NOT NULL DEFAULT '0',
  `timecreated` bigint(10) NOT NULL DEFAULT '0',
  `timemodified` bigint(10) NOT NULL DEFAULT '0'
) ENGINE=InnoDB DEFAULT CHARSET=utf8 COMMENT='Default comment for recordingsbn, please edit me';

-- --------------------------------------------------------

--
-- Table structure for table `mdl_registration_hubs`
--

CREATE TABLE `mdl_registration_hubs` (
  `id` bigint(10) NOT NULL,
  `token` varchar(255) NOT NULL DEFAULT '',
  `hubname` varchar(255) NOT NULL DEFAULT '',
  `huburl` varchar(255) NOT NULL DEFAULT '',
  `confirmed` tinyint(1) NOT NULL DEFAULT '0',
  `secret` varchar(255) DEFAULT NULL
) ENGINE=InnoDB DEFAULT CHARSET=utf8 COMMENT='hub where the site is registered on with their associated to';

-- --------------------------------------------------------

--
-- Table structure for table `mdl_repository`
--

CREATE TABLE `mdl_repository` (
  `id` bigint(10) NOT NULL,
  `type` varchar(255) NOT NULL DEFAULT '',
  `visible` tinyint(1) DEFAULT '1',
  `sortorder` bigint(10) NOT NULL DEFAULT '0'
) ENGINE=InnoDB DEFAULT CHARSET=utf8 COMMENT='This table contains one entry for every configured external ';

--
-- Dumping data for table `mdl_repository`
--

INSERT INTO `mdl_repository` (`id`, `type`, `visible`, `sortorder`) VALUES
(1, 'areafiles', 1, 1),
(2, 'local', 1, 2),
(3, 'recent', 1, 3),
(4, 'upload', 1, 4),
(5, 'url', 1, 5),
(6, 'user', 1, 6),
(7, 'wikimedia', 1, 7),
(8, 'youtube', 1, 8);

-- --------------------------------------------------------

--
-- Table structure for table `mdl_repository_instances`
--

CREATE TABLE `mdl_repository_instances` (
  `id` bigint(10) NOT NULL,
  `name` varchar(255) NOT NULL DEFAULT '',
  `typeid` bigint(10) NOT NULL,
  `userid` bigint(10) NOT NULL DEFAULT '0',
  `contextid` bigint(10) NOT NULL,
  `username` varchar(255) DEFAULT NULL,
  `password` varchar(255) DEFAULT NULL,
  `timecreated` bigint(10) DEFAULT NULL,
  `timemodified` bigint(10) DEFAULT NULL,
  `readonly` tinyint(1) NOT NULL DEFAULT '0'
) ENGINE=InnoDB DEFAULT CHARSET=utf8 COMMENT='This table contains one entry for every configured external ';

--
-- Dumping data for table `mdl_repository_instances`
--

INSERT INTO `mdl_repository_instances` (`id`, `name`, `typeid`, `userid`, `contextid`, `username`, `password`, `timecreated`, `timemodified`, `readonly`) VALUES
(1, '', 1, 0, 1, NULL, NULL, 1422039663, 1422039663, 0),
(2, '', 2, 0, 1, NULL, NULL, 1422039663, 1422039663, 0),
(3, '', 3, 0, 1, NULL, NULL, 1422039663, 1422039663, 0),
(4, '', 4, 0, 1, NULL, NULL, 1422039663, 1422039663, 0),
(5, '', 5, 0, 1, NULL, NULL, 1422039663, 1422039663, 0),
(6, '', 6, 0, 1, NULL, NULL, 1422039663, 1422039663, 0),
(7, '', 7, 0, 1, NULL, NULL, 1422039663, 1422039663, 0),
(8, '', 8, 0, 1, NULL, NULL, 1422039663, 1422039663, 0);

-- --------------------------------------------------------

--
-- Table structure for table `mdl_repository_instance_config`
--

CREATE TABLE `mdl_repository_instance_config` (
  `id` bigint(10) NOT NULL,
  `instanceid` bigint(10) NOT NULL,
  `name` varchar(255) NOT NULL DEFAULT '',
  `value` longtext
) ENGINE=InnoDB DEFAULT CHARSET=utf8 COMMENT='The config for intances';

-- --------------------------------------------------------

--
-- Table structure for table `mdl_resource`
--

CREATE TABLE `mdl_resource` (
  `id` bigint(10) NOT NULL,
  `course` bigint(10) NOT NULL DEFAULT '0',
  `name` varchar(255) NOT NULL DEFAULT '',
  `intro` longtext,
  `introformat` smallint(4) NOT NULL DEFAULT '0',
  `tobemigrated` smallint(4) NOT NULL DEFAULT '0',
  `legacyfiles` smallint(4) NOT NULL DEFAULT '0',
  `legacyfileslast` bigint(10) DEFAULT NULL,
  `display` smallint(4) NOT NULL DEFAULT '0',
  `displayoptions` longtext,
  `filterfiles` smallint(4) NOT NULL DEFAULT '0',
  `revision` bigint(10) NOT NULL DEFAULT '0',
  `timemodified` bigint(10) NOT NULL DEFAULT '0'
) ENGINE=InnoDB DEFAULT CHARSET=utf8 COMMENT='Each record is one resource and its config data';

--
-- Dumping data for table `mdl_resource`
--

INSERT INTO `mdl_resource` (`id`, `course`, `name`, `intro`, `introformat`, `tobemigrated`, `legacyfiles`, `legacyfileslast`, `display`, `displayoptions`, `filterfiles`, `revision`, `timemodified`) VALUES
(1, 3, 'How to Create Your Email Signature', '<p>Please use this document to create your email signature.&nbsp;</p>', 1, 0, 0, NULL, 4, 'a:0:{}', 0, 1, 1423589983),
(2, 4, 'Corporate Bio Powerpoint Training ', '<p><b style=\"color: rgb(68, 68, 68);\">This is a copy of the presentation for your reference. &nbsp;<i>You must also complete the e-learning.</i></b><br></p>', 1, 0, 0, NULL, 4, 'a:0:{}', 0, 2, 1423665733),
(3, 4, 'Templates - Landscape ', '<p>Please use these templates to create your Corporate Bio.</p>', 1, 0, 0, NULL, 0, 'a:1:{s:10:\"printintro\";i:1;}', 0, 3, 1423666479),
(4, 4, 'Template- Portrait Version', '<p>Please use these templates to create your Corporate Bio.<br></p>', 1, 0, 0, NULL, 0, 'a:1:{s:10:\"printintro\";i:1;}', 0, 2, 1423666491),
(5, 3, 'Email Signature Template', '<p>Use this template to create your email signature. Use with the instructions.&nbsp;</p>', 1, 0, 0, NULL, 4, 'a:0:{}', 0, 2, 1423676597),
(6, 26, 'Secondary Research Participant Guide', 'This is a printable guide for Parts 1-4.', 1, 0, 0, NULL, 4, 'a:0:{}', 0, 2, 1427395950),
(7, 27, 'Participant Guide', '<p>Please print the partipant guide for parts 1-4.</p>', 1, 0, 0, NULL, 4, 'a:0:{}', 0, 1, 1427395927),
(8, 28, 'Participant Manual', '<p>Printable manual for parts 1-3.</p>', 1, 0, 0, NULL, 0, 'a:1:{s:10:\"printintro\";i:1;}', 0, 1, 1427738693),
(9, 69, 'Word docs', '<p>sdfsdfsdf<br></p>', 1, 0, 0, NULL, 6, 'a:2:{s:10:\"popupwidth\";i:1024;s:11:\"popupheight\";i:768;}', 0, 1, 1487741938),
(10, 70, 'Reference document', '<p>asdasdasdasd</p>', 1, 0, 0, NULL, 0, 'a:1:{s:10:\"printintro\";i:1;}', 0, 4, 1488797052),
(11, 70, 'asdsadfsafdsf', 'sdfsfsfgsfsd', 1, 0, 0, NULL, 0, 'a:1:{s:10:\"printintro\";i:1;}', 0, 1, 1488797320);

-- --------------------------------------------------------

--
-- Table structure for table `mdl_resource_old`
--

CREATE TABLE `mdl_resource_old` (
  `id` bigint(10) NOT NULL,
  `course` bigint(10) NOT NULL DEFAULT '0',
  `name` varchar(255) NOT NULL DEFAULT '',
  `type` varchar(30) NOT NULL DEFAULT '',
  `reference` varchar(255) NOT NULL DEFAULT '',
  `intro` longtext,
  `introformat` smallint(4) NOT NULL DEFAULT '0',
  `alltext` longtext NOT NULL,
  `popup` longtext NOT NULL,
  `options` varchar(255) NOT NULL DEFAULT '',
  `timemodified` bigint(10) NOT NULL DEFAULT '0',
  `oldid` bigint(10) NOT NULL,
  `cmid` bigint(10) DEFAULT NULL,
  `newmodule` varchar(50) DEFAULT NULL,
  `newid` bigint(10) DEFAULT NULL,
  `migrated` bigint(10) NOT NULL DEFAULT '0'
) ENGINE=InnoDB DEFAULT CHARSET=utf8 COMMENT='backup of all old resource instances from 1.9';

-- --------------------------------------------------------

--
-- Table structure for table `mdl_role`
--

CREATE TABLE `mdl_role` (
  `id` bigint(10) NOT NULL,
  `name` varchar(255) NOT NULL DEFAULT '',
  `shortname` varchar(100) NOT NULL DEFAULT '',
  `description` longtext NOT NULL,
  `sortorder` bigint(10) NOT NULL DEFAULT '0',
  `archetype` varchar(30) NOT NULL DEFAULT ''
) ENGINE=InnoDB DEFAULT CHARSET=utf8 COMMENT='moodle roles';

--
-- Dumping data for table `mdl_role`
--

INSERT INTO `mdl_role` (`id`, `name`, `shortname`, `description`, `sortorder`, `archetype`) VALUES
(1, '', 'manager', '', 1, 'manager'),
(2, '', 'coursecreator', '', 3, 'coursecreator'),
(3, '', 'editingteacher', '', 2, 'editingteacher'),
(4, '', 'teacher', '', 4, 'teacher'),
(5, '', 'student', '', 5, 'student'),
(6, '', 'guest', '', 6, 'guest'),
(7, '', 'user', '', 7, 'user'),
(8, '', 'frontpage', '', 8, 'frontpage');

-- --------------------------------------------------------

--
-- Table structure for table `mdl_role_allow_assign`
--

CREATE TABLE `mdl_role_allow_assign` (
  `id` bigint(10) NOT NULL,
  `roleid` bigint(10) NOT NULL DEFAULT '0',
  `allowassign` bigint(10) NOT NULL DEFAULT '0'
) ENGINE=InnoDB DEFAULT CHARSET=utf8 COMMENT='this defines what role can assign what role';

--
-- Dumping data for table `mdl_role_allow_assign`
--

INSERT INTO `mdl_role_allow_assign` (`id`, `roleid`, `allowassign`) VALUES
(1, 1, 1),
(3, 1, 2),
(2, 1, 3),
(4, 1, 4),
(5, 1, 5),
(10, 2, 2),
(9, 2, 3),
(11, 2, 5),
(12, 2, 7),
(6, 3, 1),
(7, 3, 4),
(8, 3, 5);

-- --------------------------------------------------------

--
-- Table structure for table `mdl_role_allow_override`
--

CREATE TABLE `mdl_role_allow_override` (
  `id` bigint(10) NOT NULL,
  `roleid` bigint(10) NOT NULL DEFAULT '0',
  `allowoverride` bigint(10) NOT NULL DEFAULT '0'
) ENGINE=InnoDB DEFAULT CHARSET=utf8 COMMENT='this defines what role can override what role';

--
-- Dumping data for table `mdl_role_allow_override`
--

INSERT INTO `mdl_role_allow_override` (`id`, `roleid`, `allowoverride`) VALUES
(1, 1, 1),
(2, 1, 2),
(3, 1, 3),
(4, 1, 4),
(5, 1, 5),
(6, 1, 6),
(7, 1, 7),
(8, 1, 8),
(9, 3, 4),
(10, 3, 5),
(11, 3, 6);

-- --------------------------------------------------------

--
-- Table structure for table `mdl_role_allow_switch`
--

CREATE TABLE `mdl_role_allow_switch` (
  `id` bigint(10) NOT NULL,
  `roleid` bigint(10) NOT NULL,
  `allowswitch` bigint(10) NOT NULL
) ENGINE=InnoDB DEFAULT CHARSET=utf8 COMMENT='This table stores which which other roles a user is allowed ';

--
-- Dumping data for table `mdl_role_allow_switch`
--

INSERT INTO `mdl_role_allow_switch` (`id`, `roleid`, `allowswitch`) VALUES
(1, 1, 3),
(2, 1, 4),
(3, 1, 5),
(4, 1, 6),
(9, 2, 2),
(8, 2, 3),
(10, 2, 5),
(11, 2, 7),
(5, 3, 4),
(6, 3, 5),
(7, 3, 6),
(12, 4, 5),
(13, 4, 6);

-- --------------------------------------------------------

--
-- Table structure for table `mdl_role_assignments`
--

CREATE TABLE `mdl_role_assignments` (
  `id` bigint(10) NOT NULL,
  `roleid` bigint(10) NOT NULL DEFAULT '0',
  `contextid` bigint(10) NOT NULL DEFAULT '0',
  `userid` bigint(10) NOT NULL DEFAULT '0',
  `timemodified` bigint(10) NOT NULL DEFAULT '0',
  `modifierid` bigint(10) NOT NULL DEFAULT '0',
  `component` varchar(100) NOT NULL DEFAULT '',
  `itemid` bigint(10) NOT NULL DEFAULT '0',
  `sortorder` bigint(10) NOT NULL DEFAULT '0'
) ENGINE=InnoDB DEFAULT CHARSET=utf8 COMMENT='assigning roles in different context';

--
-- Dumping data for table `mdl_role_assignments`
--

INSERT INTO `mdl_role_assignments` (`id`, `roleid`, `contextid`, `userid`, `timemodified`, `modifierid`, `component`, `itemid`, `sortorder`) VALUES
(1, 1, 1, 4, 1422044038, 2, '', 0, 0),
(2, 2, 1, 4, 1422044055, 2, '', 0, 0),
(3, 1, 1, 5, 1422559680, 2, '', 0, 0),
(4, 2, 1, 5, 1422559705, 2, '', 0, 0),
(5, 5, 29, 6, 1424091403, 2, '', 0, 0),
(7, 5, 29, 7, 1424181119, 2, '', 0, 0),
(8, 5, 29, 2, 1424181135, 2, '', 0, 0),
(9, 5, 31, 7, 1424181162, 2, '', 0, 0),
(10, 5, 31, 2, 1424181165, 2, '', 0, 0),
(11, 5, 88, 2, 1424181203, 2, '', 0, 0),
(12, 5, 88, 7, 1424181205, 2, '', 0, 0),
(23, 1, 1, 14, 1429026415, 4, '', 0, 0),
(24, 1, 1, 13, 1429026415, 4, '', 0, 0),
(26, 2, 1, 14, 1429026434, 4, '', 0, 0),
(27, 2, 1, 13, 1429026434, 4, '', 0, 0),
(40, 5, 29, 15, 1434472300, 2, '', 0, 0),
(41, 5, 392, 2, 1435062568, 2, '', 0, 0),
(42, 5, 29, 17, 1447355903, 4, '', 0, 0),
(43, 5, 29, 14, 1447355909, 4, '', 0, 0),
(44, 5, 29, 5, 1447355910, 4, '', 0, 0),
(45, 5, 29, 19, 1447355912, 4, '', 0, 0),
(46, 5, 29, 4, 1447355915, 4, '', 0, 0),
(48, 5, 29, 18, 1447355918, 4, '', 0, 0),
(49, 5, 29, 13, 1447355920, 4, '', 0, 0),
(50, 5, 31, 17, 1447356005, 4, '', 0, 0),
(51, 5, 31, 5, 1447356010, 4, '', 0, 0),
(52, 5, 31, 19, 1447356011, 4, '', 0, 0),
(53, 5, 31, 4, 1447356013, 4, '', 0, 0),
(54, 5, 31, 13, 1447356014, 4, '', 0, 0),
(56, 5, 31, 18, 1447356018, 4, '', 0, 0),
(57, 5, 147, 17, 1447356057, 4, '', 0, 0),
(58, 5, 147, 5, 1447356063, 4, '', 0, 0),
(59, 5, 147, 14, 1447356064, 4, '', 0, 0),
(60, 5, 147, 19, 1447356066, 4, '', 0, 0),
(61, 5, 147, 4, 1447356067, 4, '', 0, 0),
(62, 5, 147, 13, 1447356069, 4, '', 0, 0),
(64, 5, 147, 18, 1447356072, 4, '', 0, 0),
(65, 5, 282, 17, 1447356108, 4, '', 0, 0),
(68, 5, 282, 14, 1447356137, 4, '', 0, 0),
(69, 5, 282, 5, 1447356138, 4, '', 0, 0),
(70, 5, 282, 19, 1447356140, 4, '', 0, 0),
(71, 5, 282, 4, 1447356140, 4, '', 0, 0),
(72, 5, 282, 13, 1447356142, 4, '', 0, 0),
(74, 5, 282, 18, 1447356145, 4, '', 0, 0),
(75, 5, 422, 14, 1450716272, 4, '', 0, 0),
(76, 5, 422, 5, 1450716274, 4, '', 0, 0),
(77, 5, 422, 19, 1450716276, 4, '', 0, 0),
(78, 5, 422, 13, 1450716277, 4, '', 0, 0),
(79, 5, 422, 4, 1450716280, 4, '', 0, 0),
(80, 2, 1, 20, 1450801430, 4, '', 0, 0),
(81, 1, 1, 20, 1450801469, 4, '', 0, 0),
(87, 5, 422, 33, 1450889905, 20, '', 0, 0),
(88, 5, 422, 34, 1450889905, 20, '', 0, 0),
(89, 5, 422, 35, 1450889905, 20, '', 0, 0),
(90, 5, 422, 36, 1450889905, 20, '', 0, 0),
(91, 5, 422, 37, 1450889905, 20, '', 0, 0),
(92, 5, 422, 38, 1450889905, 20, '', 0, 0),
(93, 5, 422, 39, 1450889905, 20, '', 0, 0),
(94, 5, 422, 41, 1451279050, 20, '', 0, 0),
(95, 5, 422, 42, 1451279050, 20, '', 0, 0),
(96, 5, 422, 47, 1451279050, 20, '', 0, 0),
(97, 5, 422, 51, 1451279050, 20, '', 0, 0),
(98, 5, 422, 61, 1451279050, 20, '', 0, 0),
(99, 5, 422, 64, 1451279050, 20, '', 0, 0),
(100, 5, 422, 67, 1451279050, 20, '', 0, 0),
(101, 5, 422, 69, 1451279050, 20, '', 0, 0),
(102, 5, 422, 72, 1451279050, 20, '', 0, 0),
(103, 5, 422, 86, 1451279050, 20, '', 0, 0),
(104, 5, 422, 89, 1451279050, 20, '', 0, 0),
(105, 5, 422, 98, 1451279050, 20, '', 0, 0),
(106, 5, 422, 106, 1451279050, 20, '', 0, 0),
(107, 5, 422, 107, 1451279050, 20, '', 0, 0),
(108, 5, 422, 112, 1451279050, 20, '', 0, 0),
(109, 5, 422, 113, 1451279050, 20, '', 0, 0),
(110, 5, 422, 115, 1451279050, 20, '', 0, 0),
(111, 5, 422, 120, 1451279050, 20, '', 0, 0),
(112, 5, 422, 123, 1451279050, 20, '', 0, 0),
(113, 5, 422, 126, 1451279050, 20, '', 0, 0),
(114, 5, 422, 130, 1451279050, 20, '', 0, 0),
(115, 5, 422, 137, 1451279050, 20, '', 0, 0),
(116, 5, 422, 138, 1451279050, 20, '', 0, 0),
(117, 5, 422, 146, 1451279050, 20, '', 0, 0),
(118, 5, 422, 147, 1451279050, 20, '', 0, 0),
(119, 5, 422, 148, 1451279050, 20, '', 0, 0),
(120, 5, 422, 149, 1451279050, 20, '', 0, 0),
(121, 5, 422, 151, 1451279050, 20, '', 0, 0),
(122, 5, 422, 162, 1451279050, 20, '', 0, 0),
(123, 5, 422, 163, 1451279050, 20, '', 0, 0),
(124, 5, 422, 164, 1451279050, 20, '', 0, 0),
(125, 5, 422, 165, 1451279050, 20, '', 0, 0),
(126, 5, 422, 166, 1451279050, 20, '', 0, 0),
(127, 5, 422, 168, 1451279050, 20, '', 0, 0),
(128, 5, 422, 175, 1451279050, 20, '', 0, 0),
(129, 5, 422, 180, 1451279050, 20, '', 0, 0),
(130, 5, 422, 182, 1451279050, 20, '', 0, 0),
(131, 5, 422, 184, 1451279050, 20, '', 0, 0),
(132, 5, 422, 185, 1451279050, 20, '', 0, 0),
(133, 5, 422, 186, 1451279050, 20, '', 0, 0),
(134, 5, 422, 188, 1451279050, 20, '', 0, 0),
(136, 5, 422, 191, 1451279050, 20, '', 0, 0),
(137, 5, 422, 194, 1451279050, 20, '', 0, 0),
(138, 5, 422, 197, 1451279050, 20, '', 0, 0),
(139, 5, 422, 198, 1451279050, 20, '', 0, 0),
(140, 5, 422, 200, 1451279050, 20, '', 0, 0),
(141, 5, 422, 207, 1451279050, 20, '', 0, 0),
(142, 5, 422, 208, 1451279050, 20, '', 0, 0),
(143, 5, 422, 210, 1451279050, 20, '', 0, 0),
(144, 5, 422, 212, 1451279050, 20, '', 0, 0),
(145, 5, 422, 213, 1451279050, 20, '', 0, 0),
(146, 5, 422, 214, 1451279050, 20, '', 0, 0),
(147, 5, 422, 219, 1451279050, 20, '', 0, 0),
(148, 5, 422, 223, 1451279050, 20, '', 0, 0),
(149, 5, 422, 225, 1451279050, 20, '', 0, 0),
(150, 5, 422, 227, 1451279050, 20, '', 0, 0),
(151, 5, 422, 229, 1451279050, 20, '', 0, 0),
(152, 5, 422, 230, 1451279050, 20, '', 0, 0),
(153, 5, 422, 233, 1451279050, 20, '', 0, 0),
(154, 5, 422, 234, 1451279050, 20, '', 0, 0),
(155, 5, 422, 59, 1451279052, 20, '', 0, 0),
(156, 5, 422, 60, 1451279052, 20, '', 0, 0),
(157, 5, 422, 63, 1451279052, 20, '', 0, 0),
(158, 5, 422, 68, 1451279052, 20, '', 0, 0),
(159, 5, 422, 73, 1451279052, 20, '', 0, 0),
(160, 5, 422, 77, 1451279052, 20, '', 0, 0),
(161, 5, 422, 83, 1451279052, 20, '', 0, 0),
(162, 5, 422, 87, 1451279052, 20, '', 0, 0),
(163, 5, 422, 100, 1451279052, 20, '', 0, 0),
(164, 5, 422, 101, 1451279052, 20, '', 0, 0),
(165, 5, 422, 108, 1451279052, 20, '', 0, 0),
(166, 5, 422, 116, 1451279052, 20, '', 0, 0),
(167, 5, 422, 119, 1451279052, 20, '', 0, 0),
(168, 5, 422, 128, 1451279052, 20, '', 0, 0),
(169, 5, 422, 132, 1451279052, 20, '', 0, 0),
(170, 5, 422, 139, 1451279052, 20, '', 0, 0),
(171, 5, 422, 141, 1451279052, 20, '', 0, 0),
(172, 5, 422, 143, 1451279052, 20, '', 0, 0),
(173, 5, 422, 144, 1451279052, 20, '', 0, 0),
(174, 5, 422, 153, 1451279052, 20, '', 0, 0),
(175, 5, 422, 155, 1451279052, 20, '', 0, 0),
(176, 5, 422, 157, 1451279052, 20, '', 0, 0),
(177, 5, 422, 170, 1451279052, 20, '', 0, 0),
(178, 5, 422, 172, 1451279052, 20, '', 0, 0),
(179, 5, 422, 173, 1451279052, 20, '', 0, 0),
(180, 5, 422, 181, 1451279052, 20, '', 0, 0),
(181, 5, 422, 193, 1451279052, 20, '', 0, 0),
(182, 5, 422, 196, 1451279052, 20, '', 0, 0),
(183, 5, 422, 205, 1451279052, 20, '', 0, 0),
(184, 5, 422, 211, 1451279052, 20, '', 0, 0),
(185, 5, 422, 228, 1451279052, 20, '', 0, 0),
(186, 5, 422, 56, 1451279054, 20, '', 0, 0),
(187, 5, 422, 65, 1451279054, 20, '', 0, 0),
(188, 5, 422, 90, 1451279054, 20, '', 0, 0),
(189, 5, 422, 102, 1451279054, 20, '', 0, 0),
(190, 5, 422, 109, 1451279054, 20, '', 0, 0),
(191, 5, 422, 190, 1451279054, 20, '', 0, 0),
(192, 5, 422, 232, 1451279054, 20, '', 0, 0),
(193, 5, 422, 40, 1451279056, 20, '', 0, 0),
(194, 5, 422, 43, 1451279056, 20, '', 0, 0),
(195, 5, 422, 44, 1451279056, 20, '', 0, 0),
(196, 5, 422, 45, 1451279056, 20, '', 0, 0),
(197, 5, 422, 46, 1451279056, 20, '', 0, 0),
(198, 5, 422, 48, 1451279056, 20, '', 0, 0),
(199, 5, 422, 49, 1451279056, 20, '', 0, 0),
(200, 5, 422, 50, 1451279056, 20, '', 0, 0),
(201, 5, 422, 52, 1451279056, 20, '', 0, 0),
(202, 5, 422, 53, 1451279056, 20, '', 0, 0),
(203, 5, 422, 54, 1451279056, 20, '', 0, 0),
(204, 5, 422, 55, 1451279056, 20, '', 0, 0),
(205, 5, 422, 57, 1451279056, 20, '', 0, 0),
(206, 5, 422, 58, 1451279056, 20, '', 0, 0),
(207, 5, 422, 62, 1451279056, 20, '', 0, 0),
(208, 5, 422, 66, 1451279056, 20, '', 0, 0),
(209, 5, 422, 70, 1451279056, 20, '', 0, 0),
(210, 5, 422, 71, 1451279056, 20, '', 0, 0),
(211, 5, 422, 74, 1451279056, 20, '', 0, 0),
(212, 5, 422, 75, 1451279056, 20, '', 0, 0),
(213, 5, 422, 76, 1451279056, 20, '', 0, 0),
(214, 5, 422, 78, 1451279056, 20, '', 0, 0),
(215, 5, 422, 79, 1451279056, 20, '', 0, 0),
(216, 5, 422, 80, 1451279056, 20, '', 0, 0),
(217, 5, 422, 81, 1451279056, 20, '', 0, 0),
(218, 5, 422, 82, 1451279056, 20, '', 0, 0),
(219, 5, 422, 84, 1451279056, 20, '', 0, 0),
(220, 5, 422, 85, 1451279057, 20, '', 0, 0),
(221, 5, 422, 88, 1451279057, 20, '', 0, 0),
(223, 5, 422, 92, 1451279057, 20, '', 0, 0),
(224, 5, 422, 93, 1451279057, 20, '', 0, 0),
(225, 5, 422, 94, 1451279057, 20, '', 0, 0),
(226, 5, 422, 95, 1451279057, 20, '', 0, 0),
(227, 5, 422, 96, 1451279057, 20, '', 0, 0),
(228, 5, 422, 97, 1451279057, 20, '', 0, 0),
(229, 5, 422, 99, 1451279057, 20, '', 0, 0),
(230, 5, 422, 103, 1451279057, 20, '', 0, 0),
(231, 5, 422, 104, 1451279057, 20, '', 0, 0),
(232, 5, 422, 105, 1451279057, 20, '', 0, 0),
(233, 5, 422, 110, 1451279057, 20, '', 0, 0),
(234, 5, 422, 111, 1451279057, 20, '', 0, 0),
(235, 5, 422, 114, 1451279057, 20, '', 0, 0),
(236, 5, 422, 117, 1451279057, 20, '', 0, 0),
(237, 5, 422, 118, 1451279057, 20, '', 0, 0),
(238, 5, 422, 121, 1451279057, 20, '', 0, 0),
(239, 5, 422, 122, 1451279057, 20, '', 0, 0),
(240, 5, 422, 124, 1451279057, 20, '', 0, 0),
(241, 5, 422, 125, 1451279057, 20, '', 0, 0),
(242, 5, 422, 127, 1451279057, 20, '', 0, 0),
(243, 5, 422, 129, 1451279057, 20, '', 0, 0),
(244, 5, 422, 131, 1451279057, 20, '', 0, 0),
(245, 5, 422, 133, 1451279057, 20, '', 0, 0),
(246, 5, 422, 134, 1451279057, 20, '', 0, 0),
(247, 5, 422, 135, 1451279057, 20, '', 0, 0),
(248, 5, 422, 136, 1451279057, 20, '', 0, 0),
(249, 5, 422, 140, 1451279057, 20, '', 0, 0),
(250, 5, 422, 142, 1451279057, 20, '', 0, 0),
(251, 5, 422, 145, 1451279057, 20, '', 0, 0),
(252, 5, 422, 150, 1451279057, 20, '', 0, 0),
(253, 5, 422, 152, 1451279057, 20, '', 0, 0),
(254, 5, 422, 154, 1451279057, 20, '', 0, 0),
(255, 5, 422, 156, 1451279057, 20, '', 0, 0),
(256, 5, 422, 158, 1451279057, 20, '', 0, 0),
(257, 5, 422, 159, 1451279057, 20, '', 0, 0),
(258, 5, 422, 160, 1451279057, 20, '', 0, 0),
(259, 5, 422, 161, 1451279057, 20, '', 0, 0),
(260, 5, 422, 167, 1451279057, 20, '', 0, 0),
(261, 5, 422, 169, 1451279057, 20, '', 0, 0),
(262, 5, 422, 171, 1451279057, 20, '', 0, 0),
(263, 5, 422, 174, 1451279057, 20, '', 0, 0),
(264, 5, 422, 176, 1451279057, 20, '', 0, 0),
(265, 5, 422, 177, 1451279057, 20, '', 0, 0),
(266, 5, 422, 178, 1451279057, 20, '', 0, 0),
(267, 5, 422, 179, 1451279057, 20, '', 0, 0),
(268, 5, 422, 183, 1451279057, 20, '', 0, 0),
(269, 5, 422, 187, 1451279057, 20, '', 0, 0),
(270, 5, 422, 192, 1451279057, 20, '', 0, 0),
(271, 5, 422, 195, 1451279057, 20, '', 0, 0),
(272, 5, 422, 199, 1451279057, 20, '', 0, 0),
(273, 5, 422, 201, 1451279057, 20, '', 0, 0),
(274, 5, 422, 202, 1451279057, 20, '', 0, 0),
(275, 5, 422, 203, 1451279057, 20, '', 0, 0),
(276, 5, 422, 204, 1451279057, 20, '', 0, 0),
(277, 5, 422, 206, 1451279057, 20, '', 0, 0),
(278, 5, 422, 209, 1451279057, 20, '', 0, 0),
(279, 5, 422, 215, 1451279057, 20, '', 0, 0),
(280, 5, 422, 216, 1451279057, 20, '', 0, 0),
(281, 5, 422, 217, 1451279057, 20, '', 0, 0),
(282, 5, 422, 218, 1451279057, 20, '', 0, 0),
(283, 5, 422, 220, 1451279057, 20, '', 0, 0),
(284, 5, 422, 221, 1451279057, 20, '', 0, 0),
(285, 5, 422, 222, 1451279057, 20, '', 0, 0),
(286, 5, 422, 224, 1451279057, 20, '', 0, 0),
(287, 5, 422, 226, 1451279057, 20, '', 0, 0),
(288, 5, 422, 231, 1451279057, 20, '', 0, 0),
(289, 5, 422, 20, 1451281820, 20, '', 0, 0),
(290, 5, 422, 235, 1451404318, 20, '', 0, 0),
(291, 5, 422, 236, 1452028187, 4, '', 0, 0),
(292, 5, 422, 237, 1452028187, 4, '', 0, 0),
(293, 5, 422, 238, 1452028187, 4, '', 0, 0),
(294, 5, 422, 239, 1452028187, 4, '', 0, 0),
(295, 5, 422, 240, 1452028187, 4, '', 0, 0),
(296, 5, 422, 241, 1452028187, 4, '', 0, 0),
(297, 5, 422, 242, 1452028187, 4, '', 0, 0),
(298, 5, 422, 243, 1452028187, 4, '', 0, 0),
(299, 5, 422, 244, 1452029894, 4, '', 0, 0),
(300, 5, 422, 245, 1452029894, 4, '', 0, 0),
(301, 5, 422, 246, 1452029894, 4, '', 0, 0),
(302, 5, 422, 247, 1452029894, 4, '', 0, 0),
(303, 5, 422, 248, 1452029894, 4, '', 0, 0),
(304, 5, 422, 249, 1452029894, 4, '', 0, 0),
(305, 5, 422, 250, 1452029894, 4, '', 0, 0),
(306, 5, 422, 251, 1452029894, 4, '', 0, 0),
(307, 5, 422, 252, 1452029894, 4, '', 0, 0),
(308, 5, 422, 253, 1452029894, 4, '', 0, 0),
(309, 5, 422, 254, 1452029894, 4, '', 0, 0),
(310, 5, 422, 255, 1452029894, 4, '', 0, 0),
(311, 5, 422, 256, 1452029894, 4, '', 0, 0),
(312, 5, 422, 257, 1452029894, 4, '', 0, 0),
(313, 5, 422, 258, 1452029894, 4, '', 0, 0),
(314, 5, 422, 259, 1452029894, 4, '', 0, 0),
(315, 5, 422, 260, 1452029894, 4, '', 0, 0),
(316, 5, 422, 261, 1452029894, 4, '', 0, 0),
(317, 5, 422, 262, 1452029894, 4, '', 0, 0),
(318, 5, 422, 263, 1452029894, 4, '', 0, 0),
(319, 5, 422, 264, 1452029894, 4, '', 0, 0),
(320, 5, 422, 265, 1452029894, 4, '', 0, 0),
(321, 5, 422, 266, 1452029894, 4, '', 0, 0),
(322, 5, 422, 267, 1452029894, 4, '', 0, 0),
(323, 5, 422, 268, 1452029894, 4, '', 0, 0),
(324, 5, 422, 269, 1452029894, 4, '', 0, 0),
(325, 5, 422, 270, 1452029894, 4, '', 0, 0),
(326, 5, 422, 271, 1452029894, 4, '', 0, 0),
(327, 5, 422, 272, 1452029894, 4, '', 0, 0),
(328, 5, 422, 273, 1452029894, 4, '', 0, 0),
(329, 5, 422, 274, 1452029894, 4, '', 0, 0),
(330, 5, 422, 275, 1452029894, 4, '', 0, 0),
(331, 5, 422, 276, 1452029894, 4, '', 0, 0),
(332, 5, 422, 277, 1452029894, 4, '', 0, 0),
(333, 5, 422, 278, 1452029894, 4, '', 0, 0),
(334, 5, 422, 279, 1452029894, 4, '', 0, 0),
(335, 5, 422, 280, 1452029894, 4, '', 0, 0),
(336, 5, 422, 281, 1452029894, 4, '', 0, 0),
(337, 5, 422, 282, 1452029894, 4, '', 0, 0),
(338, 5, 422, 283, 1452029894, 4, '', 0, 0),
(339, 5, 422, 284, 1452029894, 4, '', 0, 0),
(340, 5, 422, 285, 1452029894, 4, '', 0, 0),
(341, 5, 422, 286, 1452029894, 4, '', 0, 0),
(342, 5, 422, 287, 1452029894, 4, '', 0, 0),
(343, 5, 422, 288, 1452029894, 4, '', 0, 0),
(344, 5, 422, 289, 1452029894, 4, '', 0, 0),
(345, 5, 422, 290, 1452029894, 4, '', 0, 0),
(346, 5, 422, 291, 1452029894, 4, '', 0, 0),
(347, 5, 422, 292, 1452029894, 4, '', 0, 0),
(348, 5, 422, 293, 1452029894, 4, '', 0, 0),
(349, 5, 422, 294, 1452029894, 4, '', 0, 0),
(350, 5, 422, 295, 1452029894, 4, '', 0, 0),
(351, 5, 422, 296, 1452029894, 4, '', 0, 0),
(352, 5, 422, 297, 1452029894, 4, '', 0, 0),
(353, 5, 422, 298, 1452029894, 4, '', 0, 0),
(354, 5, 422, 299, 1452029895, 4, '', 0, 0),
(355, 5, 422, 300, 1452029895, 4, '', 0, 0),
(356, 5, 422, 301, 1452029895, 4, '', 0, 0),
(357, 5, 422, 302, 1452029895, 4, '', 0, 0),
(358, 5, 422, 303, 1452029895, 4, '', 0, 0),
(359, 5, 422, 304, 1452029895, 4, '', 0, 0),
(360, 5, 422, 305, 1452029895, 4, '', 0, 0),
(361, 5, 422, 306, 1452029895, 4, '', 0, 0),
(362, 5, 422, 307, 1452029895, 4, '', 0, 0),
(363, 5, 422, 308, 1452029895, 4, '', 0, 0),
(364, 5, 422, 309, 1452029895, 4, '', 0, 0),
(365, 5, 422, 310, 1452029895, 4, '', 0, 0),
(366, 5, 422, 311, 1452029895, 4, '', 0, 0),
(367, 5, 422, 312, 1452029895, 4, '', 0, 0),
(368, 5, 422, 313, 1452029895, 4, '', 0, 0),
(369, 5, 422, 314, 1452029895, 4, '', 0, 0),
(370, 5, 422, 315, 1452029895, 4, '', 0, 0),
(371, 5, 422, 316, 1452029895, 4, '', 0, 0),
(372, 5, 422, 317, 1452029895, 4, '', 0, 0),
(373, 5, 422, 318, 1452029895, 4, '', 0, 0),
(374, 5, 422, 319, 1452029895, 4, '', 0, 0),
(375, 5, 422, 320, 1452029895, 4, '', 0, 0),
(376, 5, 422, 321, 1452029895, 4, '', 0, 0),
(377, 5, 422, 322, 1452029895, 4, '', 0, 0),
(378, 5, 422, 323, 1452029895, 4, '', 0, 0),
(379, 5, 422, 324, 1452029895, 4, '', 0, 0),
(380, 5, 422, 325, 1452029895, 4, '', 0, 0),
(381, 5, 422, 326, 1452029895, 4, '', 0, 0),
(382, 5, 422, 327, 1452029895, 4, '', 0, 0),
(383, 5, 422, 328, 1452029895, 4, '', 0, 0),
(384, 5, 422, 329, 1452029895, 4, '', 0, 0),
(385, 5, 422, 330, 1452029895, 4, '', 0, 0),
(386, 5, 422, 331, 1452029895, 4, '', 0, 0),
(387, 5, 422, 332, 1452029895, 4, '', 0, 0),
(388, 5, 422, 333, 1452029895, 4, '', 0, 0),
(389, 5, 422, 334, 1452029895, 4, '', 0, 0),
(390, 5, 422, 335, 1452029895, 4, '', 0, 0),
(391, 5, 422, 336, 1452029895, 4, '', 0, 0),
(392, 5, 422, 337, 1452029895, 4, '', 0, 0),
(393, 5, 422, 338, 1452029895, 4, '', 0, 0),
(394, 5, 422, 339, 1452029895, 4, '', 0, 0),
(395, 5, 422, 340, 1452029895, 4, '', 0, 0),
(396, 5, 422, 341, 1452029895, 4, '', 0, 0),
(397, 5, 422, 342, 1452029895, 4, '', 0, 0),
(398, 5, 422, 343, 1452029895, 4, '', 0, 0),
(399, 5, 422, 344, 1452029895, 4, '', 0, 0),
(400, 5, 422, 345, 1452029895, 4, '', 0, 0),
(401, 5, 422, 346, 1452029895, 4, '', 0, 0),
(402, 5, 422, 347, 1452029895, 4, '', 0, 0),
(403, 5, 422, 348, 1452029895, 4, '', 0, 0),
(404, 5, 422, 349, 1452029895, 4, '', 0, 0),
(405, 5, 422, 350, 1452029895, 4, '', 0, 0),
(406, 5, 422, 351, 1452029895, 4, '', 0, 0),
(407, 5, 422, 352, 1452029895, 4, '', 0, 0),
(408, 5, 422, 353, 1452029895, 4, '', 0, 0),
(409, 5, 422, 354, 1452029895, 4, '', 0, 0),
(410, 5, 422, 355, 1452029895, 4, '', 0, 0),
(411, 5, 422, 356, 1452037435, 4, '', 0, 0),
(412, 5, 422, 357, 1452037435, 4, '', 0, 0),
(413, 5, 422, 358, 1452037435, 4, '', 0, 0),
(414, 5, 422, 359, 1452037435, 4, '', 0, 0),
(415, 5, 422, 360, 1452037435, 4, '', 0, 0),
(416, 5, 422, 361, 1452037435, 4, '', 0, 0),
(417, 5, 422, 362, 1452037435, 4, '', 0, 0),
(418, 5, 422, 363, 1452037435, 4, '', 0, 0),
(419, 5, 422, 364, 1452037435, 4, '', 0, 0),
(420, 5, 422, 365, 1452037435, 4, '', 0, 0),
(421, 5, 422, 366, 1452037435, 4, '', 0, 0),
(422, 5, 422, 367, 1452037435, 4, '', 0, 0),
(423, 5, 422, 368, 1452037435, 4, '', 0, 0),
(424, 5, 422, 369, 1452037435, 4, '', 0, 0),
(425, 5, 422, 370, 1452037435, 4, '', 0, 0),
(426, 5, 422, 371, 1452037435, 4, '', 0, 0),
(427, 5, 422, 372, 1452037435, 4, '', 0, 0),
(428, 5, 422, 373, 1452037435, 4, '', 0, 0),
(429, 5, 422, 374, 1452037435, 4, '', 0, 0),
(430, 5, 422, 375, 1452037435, 4, '', 0, 0),
(431, 5, 422, 376, 1452037435, 4, '', 0, 0),
(432, 5, 422, 377, 1452037435, 4, '', 0, 0),
(433, 5, 422, 378, 1452037435, 4, '', 0, 0),
(434, 5, 422, 379, 1452037435, 4, '', 0, 0),
(435, 5, 422, 380, 1452037435, 4, '', 0, 0),
(436, 5, 422, 381, 1452037435, 4, '', 0, 0),
(437, 5, 422, 382, 1452037435, 4, '', 0, 0),
(438, 5, 422, 383, 1452037435, 4, '', 0, 0),
(439, 5, 422, 384, 1452037435, 4, '', 0, 0),
(440, 5, 422, 385, 1452037435, 4, '', 0, 0),
(441, 5, 422, 386, 1452037435, 4, '', 0, 0),
(442, 5, 422, 387, 1452037435, 4, '', 0, 0),
(443, 5, 422, 388, 1452037435, 4, '', 0, 0),
(444, 5, 422, 389, 1452037435, 4, '', 0, 0),
(445, 5, 422, 390, 1452037435, 4, '', 0, 0),
(446, 5, 422, 391, 1452037435, 4, '', 0, 0),
(447, 5, 422, 392, 1452037435, 4, '', 0, 0),
(448, 5, 422, 393, 1452037435, 4, '', 0, 0),
(449, 5, 422, 394, 1452037435, 4, '', 0, 0),
(450, 5, 422, 395, 1452037435, 4, '', 0, 0),
(451, 5, 422, 396, 1452037435, 4, '', 0, 0),
(452, 5, 422, 17, 1452065690, 14, '', 0, 0),
(453, 1, 1, 397, 1452702094, 4, '', 0, 0),
(454, 2, 1, 397, 1452702109, 4, '', 0, 0),
(455, 5, 422, 398, 1452706259, 4, '', 0, 0),
(456, 5, 422, 399, 1452715162, 4, '', 0, 0),
(457, 5, 422, 400, 1452894537, 4, '', 0, 0),
(458, 5, 422, 406, 1452894554, 4, '', 0, 0),
(459, 5, 422, 405, 1452894556, 4, '', 0, 0),
(460, 5, 422, 401, 1452894557, 4, '', 0, 0),
(461, 5, 422, 404, 1452894580, 4, '', 0, 0),
(462, 5, 422, 403, 1452894581, 4, '', 0, 0),
(463, 5, 422, 402, 1452894584, 4, '', 0, 0),
(464, 5, 422, 410, 1453143161, 4, '', 0, 0),
(465, 5, 422, 407, 1453143163, 4, '', 0, 0),
(466, 5, 422, 408, 1453143164, 4, '', 0, 0),
(467, 5, 422, 411, 1453143165, 4, '', 0, 0),
(468, 5, 422, 409, 1453143168, 4, '', 0, 0),
(469, 5, 422, 7, 1453143170, 4, '', 0, 0),
(470, 5, 422, 412, 1453160755, 4, '', 0, 0),
(471, 5, 422, 415, 1453224384, 4, '', 0, 0),
(472, 5, 422, 413, 1453224389, 4, '', 0, 0),
(473, 5, 422, 419, 1453224391, 4, '', 0, 0),
(474, 5, 422, 416, 1453224392, 4, '', 0, 0),
(475, 5, 422, 418, 1453224393, 4, '', 0, 0),
(476, 5, 422, 414, 1453224394, 4, '', 0, 0),
(477, 5, 422, 417, 1453224398, 4, '', 0, 0),
(478, 5, 422, 18, 1453224398, 4, '', 0, 0),
(479, 5, 422, 420, 1453224400, 4, '', 0, 0),
(480, 5, 422, 421, 1453309750, 4, '', 0, 0),
(481, 5, 831, 5, 1454708934, 4, '', 0, 0),
(482, 1, 1, 18, 1455789054, 14, '', 0, 0),
(483, 5, 422, 423, 1456113940, 20, '', 0, 0),
(484, 5, 67, 424, 1456126559, 20, '', 0, 0),
(485, 5, 286, 425, 1456137694, 20, '', 0, 0),
(486, 2, 1, 18, 1456211334, 18, '', 0, 0),
(487, 5, 67, 426, 1456212155, 20, '', 0, 0),
(488, 5, 67, 427, 1456212172, 20, '', 0, 0),
(489, 5, 67, 428, 1456212187, 20, '', 0, 0),
(490, 5, 67, 425, 1456212203, 20, '', 0, 0),
(491, 5, 67, 422, 1456212219, 20, '', 0, 0),
(492, 5, 67, 423, 1456212230, 20, '', 0, 0),
(493, 5, 67, 429, 1456212252, 20, '', 0, 0),
(494, 5, 67, 430, 1456212265, 20, '', 0, 0),
(495, 5, 67, 431, 1456212281, 20, '', 0, 0),
(496, 5, 67, 432, 1456212293, 20, '', 0, 0),
(497, 5, 31, 424, 1456212662, 20, '', 0, 0),
(498, 5, 31, 432, 1456212664, 20, '', 0, 0),
(499, 5, 31, 428, 1456212665, 20, '', 0, 0),
(500, 5, 31, 426, 1456212716, 20, '', 0, 0),
(501, 5, 31, 427, 1456212731, 20, '', 0, 0),
(502, 5, 31, 425, 1456212743, 20, '', 0, 0),
(503, 5, 31, 422, 1456212755, 20, '', 0, 0),
(504, 5, 31, 423, 1456212767, 20, '', 0, 0),
(505, 5, 31, 429, 1456212780, 20, '', 0, 0),
(506, 5, 31, 430, 1456212789, 20, '', 0, 0),
(507, 5, 31, 431, 1456212800, 20, '', 0, 0),
(508, 5, 36, 424, 1456217116, 20, '', 0, 0),
(509, 5, 36, 432, 1456217117, 20, '', 0, 0),
(510, 5, 36, 428, 1456217119, 20, '', 0, 0),
(511, 5, 36, 426, 1456217138, 20, '', 0, 0),
(512, 5, 36, 427, 1456217150, 20, '', 0, 0),
(513, 5, 36, 425, 1456217163, 20, '', 0, 0),
(514, 5, 36, 422, 1456217219, 20, '', 0, 0),
(515, 5, 36, 423, 1456217232, 20, '', 0, 0),
(516, 5, 36, 429, 1456217262, 20, '', 0, 0),
(517, 5, 36, 430, 1456217314, 20, '', 0, 0),
(518, 5, 36, 431, 1456217352, 20, '', 0, 0),
(519, 5, 49, 428, 1456217896, 20, '', 0, 0),
(520, 5, 49, 432, 1456217897, 20, '', 0, 0),
(521, 5, 49, 424, 1456217900, 20, '', 0, 0),
(522, 5, 49, 426, 1456217904, 20, '', 0, 0),
(523, 5, 49, 427, 1456217916, 20, '', 0, 0),
(524, 5, 49, 425, 1456217930, 20, '', 0, 0),
(525, 5, 49, 422, 1456217951, 20, '', 0, 0),
(526, 5, 49, 423, 1456218062, 20, '', 0, 0),
(527, 5, 49, 429, 1456218074, 20, '', 0, 0),
(528, 5, 49, 430, 1456218088, 20, '', 0, 0),
(529, 5, 49, 431, 1456218103, 20, '', 0, 0),
(530, 5, 88, 424, 1456218243, 20, '', 0, 0),
(531, 5, 88, 432, 1456218247, 20, '', 0, 0),
(532, 5, 88, 428, 1456218254, 20, '', 0, 0),
(533, 5, 88, 426, 1456218260, 20, '', 0, 0),
(534, 5, 88, 422, 1456218276, 20, '', 0, 0),
(535, 5, 88, 427, 1456218304, 20, '', 0, 0),
(536, 5, 88, 425, 1456218317, 20, '', 0, 0),
(537, 5, 88, 423, 1456218337, 20, '', 0, 0),
(538, 5, 88, 429, 1456218352, 20, '', 0, 0),
(539, 5, 88, 430, 1456218367, 20, '', 0, 0),
(540, 5, 88, 431, 1456218381, 20, '', 0, 0),
(541, 5, 74, 426, 1456218592, 20, '', 0, 0),
(542, 5, 74, 427, 1456218602, 20, '', 0, 0),
(543, 5, 74, 428, 1456218611, 20, '', 0, 0),
(544, 5, 74, 425, 1456218619, 20, '', 0, 0),
(545, 5, 74, 422, 1456218632, 20, '', 0, 0),
(546, 5, 74, 424, 1456218642, 20, '', 0, 0),
(547, 5, 74, 429, 1456218650, 20, '', 0, 0),
(548, 5, 74, 430, 1456218660, 20, '', 0, 0),
(549, 5, 74, 432, 1456218677, 20, '', 0, 0),
(550, 5, 119, 426, 1456219026, 20, '', 0, 0),
(551, 5, 119, 427, 1456219039, 20, '', 0, 0),
(552, 5, 119, 428, 1456219056, 20, '', 0, 0),
(553, 5, 119, 425, 1456219132, 20, '', 0, 0),
(554, 5, 119, 422, 1456219162, 20, '', 0, 0),
(555, 5, 119, 423, 1456219178, 20, '', 0, 0),
(556, 5, 119, 431, 1456219197, 20, '', 0, 0),
(557, 5, 286, 426, 1456219325, 20, '', 0, 0),
(558, 5, 286, 427, 1456219346, 20, '', 0, 0),
(559, 5, 286, 428, 1456219356, 20, '', 0, 0),
(560, 5, 286, 422, 1456219400, 20, '', 0, 0),
(561, 5, 327, 426, 1456219774, 20, '', 0, 0),
(562, 5, 327, 427, 1456219786, 20, '', 0, 0),
(563, 5, 327, 428, 1456219869, 20, '', 0, 0),
(564, 5, 327, 425, 1456219880, 20, '', 0, 0),
(565, 5, 327, 422, 1456219890, 20, '', 0, 0),
(566, 5, 327, 423, 1456219910, 20, '', 0, 0),
(567, 5, 327, 431, 1456219920, 20, '', 0, 0),
(568, 5, 324, 426, 1456222760, 20, '', 0, 0),
(569, 5, 324, 427, 1456222767, 20, '', 0, 0),
(570, 5, 324, 428, 1456222775, 20, '', 0, 0),
(571, 5, 324, 425, 1456222782, 20, '', 0, 0),
(572, 5, 324, 422, 1456222791, 20, '', 0, 0),
(573, 5, 324, 423, 1456222800, 20, '', 0, 0),
(574, 5, 324, 431, 1456222807, 20, '', 0, 0),
(575, 5, 199, 431, 1456222890, 20, '', 0, 0),
(576, 5, 199, 423, 1456222896, 20, '', 0, 0),
(577, 5, 205, 431, 1456222953, 20, '', 0, 0),
(578, 5, 205, 423, 1456222960, 20, '', 0, 0),
(579, 5, 186, 431, 1456223054, 20, '', 0, 0),
(580, 5, 186, 423, 1456223059, 20, '', 0, 0),
(581, 5, 179, 431, 1456223400, 20, '', 0, 0),
(582, 5, 179, 423, 1456223410, 20, '', 0, 0),
(583, 5, 193, 431, 1456223501, 20, '', 0, 0),
(584, 5, 193, 423, 1456223507, 20, '', 0, 0),
(585, 5, 172, 431, 1456223552, 20, '', 0, 0),
(586, 5, 172, 423, 1456223557, 20, '', 0, 0),
(587, 5, 147, 431, 1456223596, 20, '', 0, 0),
(588, 5, 147, 423, 1456223604, 20, '', 0, 0),
(589, 5, 154, 431, 1456223652, 20, '', 0, 0),
(590, 5, 154, 423, 1456223657, 20, '', 0, 0),
(591, 5, 161, 431, 1456223730, 20, '', 0, 0),
(592, 5, 161, 423, 1456223735, 20, '', 0, 0),
(593, 5, 126, 431, 1456223828, 20, '', 0, 0),
(594, 5, 126, 423, 1456223833, 20, '', 0, 0),
(595, 5, 133, 431, 1456223909, 20, '', 0, 0),
(596, 5, 133, 423, 1456223937, 20, '', 0, 0),
(597, 5, 140, 431, 1456224093, 20, '', 0, 0),
(598, 5, 140, 423, 1456224101, 20, '', 0, 0),
(599, 5, 67, 433, 1456309020, 13, '', 0, 0),
(600, 5, 67, 434, 1456384505, 13, '', 0, 0),
(601, 5, 74, 434, 1456384577, 13, '', 0, 0),
(602, 5, 31, 434, 1456384761, 13, '', 0, 0),
(603, 5, 36, 434, 1456384822, 13, '', 0, 0),
(604, 5, 49, 434, 1456384874, 13, '', 0, 0),
(605, 5, 88, 434, 1456384932, 13, '', 0, 0),
(606, 5, 31, 435, 1456400820, 13, '', 0, 0),
(607, 5, 36, 435, 1456400866, 13, '', 0, 0),
(608, 5, 67, 435, 1456400930, 13, '', 0, 0),
(609, 5, 74, 435, 1456400979, 13, '', 0, 0),
(610, 5, 88, 435, 1456401078, 13, '', 0, 0),
(611, 5, 49, 435, 1456401128, 13, '', 0, 0),
(612, 1, 1, 17, 1456459416, 14, '', 0, 0),
(613, 2, 1, 17, 1456459443, 14, '', 0, 0),
(614, 5, 31, 433, 1456820406, 13, '', 0, 0),
(615, 5, 31, 437, 1456820412, 13, '', 0, 0),
(616, 5, 31, 436, 1456820417, 13, '', 0, 0),
(617, 5, 67, 436, 1456820459, 13, '', 0, 0),
(618, 5, 67, 437, 1456820491, 13, '', 0, 0),
(619, 5, 36, 433, 1456820570, 13, '', 0, 0),
(620, 5, 36, 437, 1456820672, 13, '', 0, 0),
(621, 5, 36, 436, 1456820681, 13, '', 0, 0),
(622, 5, 422, 438, 1456823957, 13, '', 0, 0),
(623, 5, 67, 439, 1456891129, 13, '', 0, 0),
(624, 5, 31, 439, 1456891172, 13, '', 0, 0),
(625, 5, 49, 433, 1456891271, 13, '', 0, 0),
(626, 5, 49, 436, 1456891279, 13, '', 0, 0),
(627, 5, 49, 437, 1456891284, 13, '', 0, 0),
(628, 5, 49, 439, 1456891291, 13, '', 0, 0),
(629, 5, 88, 433, 1456891339, 13, '', 0, 0),
(630, 5, 88, 437, 1456891345, 13, '', 0, 0),
(631, 5, 88, 439, 1456891353, 13, '', 0, 0),
(632, 5, 88, 436, 1456891363, 13, '', 0, 0),
(633, 5, 199, 433, 1456891549, 13, '', 0, 0),
(634, 5, 199, 439, 1456891554, 13, '', 0, 0),
(635, 5, 205, 433, 1456891585, 13, '', 0, 0),
(636, 5, 205, 439, 1456891590, 13, '', 0, 0),
(637, 5, 193, 433, 1456891626, 13, '', 0, 0),
(638, 5, 193, 439, 1456891631, 13, '', 0, 0),
(639, 5, 67, 440, 1456892231, 13, '', 0, 0),
(640, 5, 67, 441, 1456892976, 13, '', 0, 0),
(641, 5, 31, 440, 1456893026, 13, '', 0, 0),
(642, 5, 31, 441, 1456893034, 13, '', 0, 0),
(643, 5, 36, 440, 1456893083, 13, '', 0, 0),
(644, 5, 36, 441, 1456893092, 13, '', 0, 0),
(645, 5, 49, 441, 1456893165, 13, '', 0, 0),
(646, 5, 49, 440, 1456893172, 13, '', 0, 0),
(647, 5, 88, 441, 1456893209, 13, '', 0, 0),
(648, 5, 88, 440, 1456893215, 13, '', 0, 0),
(649, 5, 186, 433, 1456893322, 13, '', 0, 0),
(650, 5, 186, 439, 1456893329, 13, '', 0, 0),
(651, 5, 179, 433, 1456893372, 13, '', 0, 0),
(652, 5, 179, 439, 1456893377, 13, '', 0, 0),
(653, 5, 172, 433, 1456893416, 13, '', 0, 0),
(654, 5, 172, 439, 1456893422, 13, '', 0, 0),
(655, 5, 147, 433, 1456893463, 13, '', 0, 0),
(656, 5, 147, 439, 1456893470, 13, '', 0, 0),
(657, 5, 154, 439, 1456893506, 13, '', 0, 0),
(658, 5, 154, 412, 1456893512, 13, '', 0, 0),
(659, 5, 154, 433, 1456893516, 13, '', 0, 0),
(660, 5, 161, 433, 1456893569, 13, '', 0, 0),
(661, 5, 161, 439, 1456893576, 13, '', 0, 0),
(662, 5, 126, 439, 1456893907, 13, '', 0, 0),
(663, 5, 126, 433, 1456893917, 13, '', 0, 0),
(664, 5, 133, 439, 1456893951, 13, '', 0, 0),
(665, 5, 133, 433, 1456893959, 13, '', 0, 0),
(666, 5, 140, 433, 1456894009, 13, '', 0, 0),
(667, 5, 140, 439, 1456894016, 13, '', 0, 0),
(668, 5, 327, 439, 1456894089, 13, '', 0, 0),
(669, 5, 327, 433, 1456894095, 13, '', 0, 0),
(670, 5, 324, 433, 1456894138, 13, '', 0, 0),
(671, 5, 324, 439, 1456894152, 13, '', 0, 0),
(672, 5, 324, 436, 1456896038, 13, '', 0, 0),
(673, 5, 324, 441, 1456896053, 13, '', 0, 0),
(674, 5, 327, 441, 1456896095, 13, '', 0, 0),
(675, 5, 327, 436, 1456896103, 13, '', 0, 0),
(676, 5, 286, 436, 1456896156, 13, '', 0, 0),
(677, 5, 286, 441, 1456896163, 13, '', 0, 0),
(678, 5, 74, 436, 1456896209, 13, '', 0, 0),
(679, 5, 74, 441, 1456896216, 13, '', 0, 0),
(680, 5, 74, 440, 1456896228, 13, '', 0, 0),
(681, 5, 74, 437, 1456896238, 13, '', 0, 0),
(682, 5, 67, 442, 1456897090, 13, '', 0, 0),
(683, 5, 74, 442, 1456897130, 13, '', 0, 0),
(684, 5, 286, 442, 1456897165, 13, '', 0, 0),
(685, 5, 31, 442, 1456897194, 13, '', 0, 0),
(686, 5, 36, 442, 1456897224, 13, '', 0, 0),
(687, 5, 49, 442, 1456897259, 13, '', 0, 0),
(688, 5, 88, 442, 1456897295, 13, '', 0, 0),
(689, 5, 327, 442, 1456897330, 13, '', 0, 0),
(690, 5, 324, 442, 1456897372, 13, '', 0, 0),
(691, 5, 861, 18, 1460709816, 18, '', 0, 0),
(692, 5, 861, 7, 1460709828, 18, '', 0, 0),
(693, 5, 864, 18, 1461918292, 18, '', 0, 0),
(694, 5, 864, 5, 1461918308, 18, '', 0, 0),
(695, 5, 866, 18, 1462264608, 18, '', 0, 0),
(696, 5, 31, 443, 1463031619, 18, '', 0, 0),
(697, 5, 864, 443, 1463031662, 18, '', 0, 0),
(698, 5, 60, 33, 1463032980, 18, '', 0, 0),
(699, 5, 60, 34, 1463032981, 18, '', 0, 0),
(700, 5, 60, 35, 1463032981, 18, '', 0, 0),
(701, 5, 60, 36, 1463032981, 18, '', 0, 0),
(702, 5, 60, 37, 1463032981, 18, '', 0, 0),
(703, 5, 60, 38, 1463032981, 18, '', 0, 0),
(704, 5, 60, 39, 1463032981, 18, '', 0, 0),
(706, 3, 873, 443, 1464334048, 18, '', 0, 0),
(710, 5, 126, 443, 1464850465, 18, '', 0, 0),
(719, 5, 873, 13, 1465535280, 18, '', 0, 0),
(720, 5, 873, 17, 1465535280, 18, '', 0, 0),
(721, 5, 873, 18, 1465535280, 18, '', 0, 0),
(722, 5, 873, 33, 1465537749, 18, 'enrol_cohort', 198, 0),
(723, 5, 873, 34, 1465537749, 18, 'enrol_cohort', 198, 0),
(724, 5, 873, 35, 1465537749, 18, 'enrol_cohort', 198, 0),
(725, 5, 873, 36, 1465537749, 18, 'enrol_cohort', 198, 0),
(726, 5, 873, 37, 1465537749, 18, 'enrol_cohort', 198, 0),
(727, 5, 873, 38, 1465537749, 18, 'enrol_cohort', 198, 0),
(728, 5, 873, 39, 1465537749, 18, 'enrol_cohort', 198, 0),
(729, 5, 873, 40, 1465537749, 18, 'enrol_cohort', 198, 0),
(730, 5, 873, 41, 1465537749, 18, 'enrol_cohort', 198, 0),
(731, 5, 873, 42, 1465537749, 18, 'enrol_cohort', 198, 0),
(732, 5, 873, 43, 1465537749, 18, 'enrol_cohort', 198, 0),
(733, 5, 873, 44, 1465537749, 18, 'enrol_cohort', 198, 0),
(734, 5, 873, 45, 1465537749, 18, 'enrol_cohort', 198, 0),
(735, 5, 873, 46, 1465537749, 18, 'enrol_cohort', 198, 0),
(736, 5, 873, 47, 1465537749, 18, 'enrol_cohort', 198, 0),
(737, 5, 873, 48, 1465537749, 18, 'enrol_cohort', 198, 0),
(738, 5, 873, 49, 1465537749, 18, 'enrol_cohort', 198, 0),
(739, 5, 873, 50, 1465537749, 18, 'enrol_cohort', 198, 0),
(740, 5, 873, 51, 1465537749, 18, 'enrol_cohort', 198, 0),
(741, 5, 873, 52, 1465537749, 18, 'enrol_cohort', 198, 0),
(742, 5, 873, 53, 1465537749, 18, 'enrol_cohort', 198, 0),
(743, 5, 873, 54, 1465537749, 18, 'enrol_cohort', 198, 0),
(744, 5, 873, 55, 1465537749, 18, 'enrol_cohort', 198, 0),
(745, 5, 873, 56, 1465537749, 18, 'enrol_cohort', 198, 0),
(746, 5, 873, 57, 1465537749, 18, 'enrol_cohort', 198, 0),
(747, 5, 873, 58, 1465537749, 18, 'enrol_cohort', 198, 0),
(748, 5, 873, 59, 1465537749, 18, 'enrol_cohort', 198, 0),
(749, 5, 873, 60, 1465537749, 18, 'enrol_cohort', 198, 0),
(750, 5, 873, 61, 1465537749, 18, 'enrol_cohort', 198, 0),
(751, 5, 873, 62, 1465537749, 18, 'enrol_cohort', 198, 0),
(752, 5, 873, 63, 1465537749, 18, 'enrol_cohort', 198, 0),
(753, 5, 873, 64, 1465537749, 18, 'enrol_cohort', 198, 0),
(754, 5, 873, 65, 1465537749, 18, 'enrol_cohort', 198, 0),
(755, 5, 873, 66, 1465537749, 18, 'enrol_cohort', 198, 0),
(756, 5, 873, 67, 1465537749, 18, 'enrol_cohort', 198, 0),
(757, 5, 873, 68, 1465537749, 18, 'enrol_cohort', 198, 0),
(758, 5, 873, 69, 1465537749, 18, 'enrol_cohort', 198, 0),
(759, 5, 873, 70, 1465537749, 18, 'enrol_cohort', 198, 0),
(760, 5, 873, 71, 1465537749, 18, 'enrol_cohort', 198, 0),
(761, 5, 873, 72, 1465537749, 18, 'enrol_cohort', 198, 0),
(762, 5, 873, 73, 1465537749, 18, 'enrol_cohort', 198, 0),
(763, 5, 873, 74, 1465537749, 18, 'enrol_cohort', 198, 0),
(764, 5, 873, 75, 1465537749, 18, 'enrol_cohort', 198, 0),
(765, 5, 873, 76, 1465537749, 18, 'enrol_cohort', 198, 0),
(766, 5, 873, 77, 1465537749, 18, 'enrol_cohort', 198, 0),
(767, 5, 873, 78, 1465537749, 18, 'enrol_cohort', 198, 0),
(768, 5, 873, 79, 1465537749, 18, 'enrol_cohort', 198, 0),
(769, 5, 873, 80, 1465537749, 18, 'enrol_cohort', 198, 0),
(770, 5, 873, 81, 1465537749, 18, 'enrol_cohort', 198, 0),
(771, 5, 873, 82, 1465537749, 18, 'enrol_cohort', 198, 0),
(772, 5, 873, 83, 1465537749, 18, 'enrol_cohort', 198, 0),
(773, 5, 873, 84, 1465537749, 18, 'enrol_cohort', 198, 0),
(774, 5, 873, 85, 1465537749, 18, 'enrol_cohort', 198, 0),
(775, 5, 873, 86, 1465537749, 18, 'enrol_cohort', 198, 0),
(776, 5, 873, 87, 1465537749, 18, 'enrol_cohort', 198, 0),
(777, 5, 873, 88, 1465537749, 18, 'enrol_cohort', 198, 0),
(778, 5, 873, 89, 1465537749, 18, 'enrol_cohort', 198, 0),
(779, 5, 873, 90, 1465537749, 18, 'enrol_cohort', 198, 0),
(780, 5, 873, 92, 1465537749, 18, 'enrol_cohort', 198, 0),
(781, 5, 873, 93, 1465537749, 18, 'enrol_cohort', 198, 0),
(782, 5, 873, 94, 1465537749, 18, 'enrol_cohort', 198, 0),
(783, 5, 873, 95, 1465537749, 18, 'enrol_cohort', 198, 0),
(784, 5, 873, 96, 1465537749, 18, 'enrol_cohort', 198, 0),
(785, 5, 873, 97, 1465537749, 18, 'enrol_cohort', 198, 0),
(786, 5, 873, 98, 1465537749, 18, 'enrol_cohort', 198, 0),
(787, 5, 873, 99, 1465537749, 18, 'enrol_cohort', 198, 0),
(788, 5, 873, 100, 1465537749, 18, 'enrol_cohort', 198, 0),
(789, 5, 873, 101, 1465537749, 18, 'enrol_cohort', 198, 0),
(790, 5, 873, 102, 1465537749, 18, 'enrol_cohort', 198, 0),
(791, 5, 873, 103, 1465537749, 18, 'enrol_cohort', 198, 0),
(792, 5, 873, 104, 1465537749, 18, 'enrol_cohort', 198, 0),
(793, 5, 873, 105, 1465537749, 18, 'enrol_cohort', 198, 0),
(794, 5, 873, 106, 1465537749, 18, 'enrol_cohort', 198, 0),
(795, 5, 873, 107, 1465537749, 18, 'enrol_cohort', 198, 0),
(796, 5, 873, 108, 1465537749, 18, 'enrol_cohort', 198, 0),
(797, 5, 873, 109, 1465537749, 18, 'enrol_cohort', 198, 0),
(798, 5, 873, 110, 1465537749, 18, 'enrol_cohort', 198, 0),
(799, 5, 873, 111, 1465537749, 18, 'enrol_cohort', 198, 0),
(800, 5, 873, 112, 1465537749, 18, 'enrol_cohort', 198, 0),
(801, 5, 873, 113, 1465537749, 18, 'enrol_cohort', 198, 0),
(802, 5, 873, 114, 1465537749, 18, 'enrol_cohort', 198, 0),
(803, 5, 873, 115, 1465537749, 18, 'enrol_cohort', 198, 0),
(804, 5, 873, 116, 1465537749, 18, 'enrol_cohort', 198, 0),
(805, 5, 873, 117, 1465537749, 18, 'enrol_cohort', 198, 0),
(806, 5, 873, 118, 1465537750, 18, 'enrol_cohort', 198, 0),
(807, 5, 873, 119, 1465537750, 18, 'enrol_cohort', 198, 0),
(808, 5, 873, 120, 1465537750, 18, 'enrol_cohort', 198, 0),
(809, 5, 873, 121, 1465537750, 18, 'enrol_cohort', 198, 0),
(810, 5, 873, 122, 1465537750, 18, 'enrol_cohort', 198, 0),
(811, 5, 873, 123, 1465537750, 18, 'enrol_cohort', 198, 0),
(812, 5, 873, 124, 1465537750, 18, 'enrol_cohort', 198, 0),
(813, 5, 873, 125, 1465537750, 18, 'enrol_cohort', 198, 0),
(814, 5, 873, 126, 1465537750, 18, 'enrol_cohort', 198, 0),
(815, 5, 873, 127, 1465537750, 18, 'enrol_cohort', 198, 0),
(816, 5, 873, 128, 1465537750, 18, 'enrol_cohort', 198, 0),
(817, 5, 873, 129, 1465537750, 18, 'enrol_cohort', 198, 0),
(818, 5, 873, 130, 1465537750, 18, 'enrol_cohort', 198, 0),
(819, 5, 873, 131, 1465537750, 18, 'enrol_cohort', 198, 0),
(820, 5, 873, 132, 1465537750, 18, 'enrol_cohort', 198, 0),
(821, 5, 873, 133, 1465537750, 18, 'enrol_cohort', 198, 0),
(822, 5, 873, 134, 1465537750, 18, 'enrol_cohort', 198, 0),
(823, 5, 873, 135, 1465537750, 18, 'enrol_cohort', 198, 0),
(824, 5, 873, 136, 1465537750, 18, 'enrol_cohort', 198, 0),
(825, 5, 873, 137, 1465537750, 18, 'enrol_cohort', 198, 0),
(826, 5, 873, 138, 1465537750, 18, 'enrol_cohort', 198, 0),
(827, 5, 873, 139, 1465537750, 18, 'enrol_cohort', 198, 0),
(828, 5, 873, 140, 1465537750, 18, 'enrol_cohort', 198, 0),
(829, 5, 873, 141, 1465537750, 18, 'enrol_cohort', 198, 0),
(830, 5, 873, 142, 1465537750, 18, 'enrol_cohort', 198, 0),
(831, 5, 873, 143, 1465537750, 18, 'enrol_cohort', 198, 0),
(832, 5, 873, 144, 1465537750, 18, 'enrol_cohort', 198, 0),
(833, 5, 873, 145, 1465537750, 18, 'enrol_cohort', 198, 0),
(834, 5, 873, 146, 1465537750, 18, 'enrol_cohort', 198, 0),
(835, 5, 873, 147, 1465537750, 18, 'enrol_cohort', 198, 0),
(836, 5, 873, 148, 1465537750, 18, 'enrol_cohort', 198, 0),
(837, 5, 873, 149, 1465537750, 18, 'enrol_cohort', 198, 0),
(838, 5, 873, 150, 1465537750, 18, 'enrol_cohort', 198, 0),
(839, 5, 873, 151, 1465537750, 18, 'enrol_cohort', 198, 0),
(840, 5, 873, 152, 1465537750, 18, 'enrol_cohort', 198, 0),
(841, 5, 873, 153, 1465537750, 18, 'enrol_cohort', 198, 0),
(842, 5, 873, 154, 1465537750, 18, 'enrol_cohort', 198, 0),
(843, 5, 873, 155, 1465537750, 18, 'enrol_cohort', 198, 0),
(844, 5, 873, 156, 1465537750, 18, 'enrol_cohort', 198, 0),
(845, 5, 873, 157, 1465537750, 18, 'enrol_cohort', 198, 0),
(846, 5, 873, 158, 1465537750, 18, 'enrol_cohort', 198, 0),
(847, 5, 873, 159, 1465537750, 18, 'enrol_cohort', 198, 0),
(848, 5, 873, 160, 1465537750, 18, 'enrol_cohort', 198, 0),
(849, 5, 873, 161, 1465537750, 18, 'enrol_cohort', 198, 0),
(850, 5, 873, 162, 1465537750, 18, 'enrol_cohort', 198, 0),
(851, 5, 873, 163, 1465537750, 18, 'enrol_cohort', 198, 0),
(852, 5, 873, 164, 1465537750, 18, 'enrol_cohort', 198, 0),
(853, 5, 873, 165, 1465537750, 18, 'enrol_cohort', 198, 0),
(854, 5, 873, 166, 1465537750, 18, 'enrol_cohort', 198, 0),
(855, 5, 873, 167, 1465537750, 18, 'enrol_cohort', 198, 0),
(856, 5, 873, 168, 1465537750, 18, 'enrol_cohort', 198, 0),
(857, 5, 873, 169, 1465537750, 18, 'enrol_cohort', 198, 0),
(858, 5, 873, 170, 1465537750, 18, 'enrol_cohort', 198, 0),
(859, 5, 873, 171, 1465537750, 18, 'enrol_cohort', 198, 0),
(860, 5, 873, 172, 1465537750, 18, 'enrol_cohort', 198, 0),
(861, 5, 873, 173, 1465537750, 18, 'enrol_cohort', 198, 0),
(862, 5, 873, 174, 1465537750, 18, 'enrol_cohort', 198, 0),
(863, 5, 873, 175, 1465537750, 18, 'enrol_cohort', 198, 0),
(864, 5, 873, 176, 1465537750, 18, 'enrol_cohort', 198, 0),
(865, 5, 873, 177, 1465537750, 18, 'enrol_cohort', 198, 0),
(866, 5, 873, 178, 1465537750, 18, 'enrol_cohort', 198, 0),
(867, 5, 873, 179, 1465537750, 18, 'enrol_cohort', 198, 0),
(868, 5, 873, 180, 1465537750, 18, 'enrol_cohort', 198, 0),
(869, 5, 873, 181, 1465537750, 18, 'enrol_cohort', 198, 0),
(870, 5, 873, 182, 1465537750, 18, 'enrol_cohort', 198, 0),
(871, 5, 873, 183, 1465537750, 18, 'enrol_cohort', 198, 0),
(872, 5, 873, 184, 1465537750, 18, 'enrol_cohort', 198, 0),
(873, 5, 873, 185, 1465537750, 18, 'enrol_cohort', 198, 0),
(874, 5, 873, 186, 1465537750, 18, 'enrol_cohort', 198, 0),
(875, 5, 873, 187, 1465537750, 18, 'enrol_cohort', 198, 0),
(876, 5, 873, 188, 1465537750, 18, 'enrol_cohort', 198, 0),
(877, 5, 873, 190, 1465537750, 18, 'enrol_cohort', 198, 0),
(878, 5, 873, 191, 1465537750, 18, 'enrol_cohort', 198, 0),
(879, 5, 873, 192, 1465537750, 18, 'enrol_cohort', 198, 0),
(880, 5, 873, 193, 1465537750, 18, 'enrol_cohort', 198, 0),
(881, 5, 873, 194, 1465537750, 18, 'enrol_cohort', 198, 0),
(882, 5, 873, 195, 1465537750, 18, 'enrol_cohort', 198, 0),
(883, 5, 873, 196, 1465537750, 18, 'enrol_cohort', 198, 0),
(884, 5, 873, 197, 1465537750, 18, 'enrol_cohort', 198, 0),
(885, 5, 873, 198, 1465537750, 18, 'enrol_cohort', 198, 0),
(886, 5, 873, 199, 1465537750, 18, 'enrol_cohort', 198, 0),
(887, 5, 873, 200, 1465537750, 18, 'enrol_cohort', 198, 0),
(888, 5, 873, 201, 1465537750, 18, 'enrol_cohort', 198, 0),
(889, 5, 873, 202, 1465537750, 18, 'enrol_cohort', 198, 0),
(890, 5, 873, 203, 1465537750, 18, 'enrol_cohort', 198, 0),
(891, 5, 873, 204, 1465537750, 18, 'enrol_cohort', 198, 0),
(892, 5, 873, 205, 1465537750, 18, 'enrol_cohort', 198, 0),
(893, 5, 873, 206, 1465537750, 18, 'enrol_cohort', 198, 0),
(894, 5, 873, 207, 1465537750, 18, 'enrol_cohort', 198, 0),
(895, 5, 873, 208, 1465537750, 18, 'enrol_cohort', 198, 0),
(896, 5, 873, 209, 1465537750, 18, 'enrol_cohort', 198, 0),
(897, 5, 873, 210, 1465537750, 18, 'enrol_cohort', 198, 0),
(898, 5, 873, 211, 1465537750, 18, 'enrol_cohort', 198, 0),
(899, 5, 873, 212, 1465537750, 18, 'enrol_cohort', 198, 0),
(900, 5, 873, 213, 1465537750, 18, 'enrol_cohort', 198, 0),
(901, 5, 873, 214, 1465537750, 18, 'enrol_cohort', 198, 0),
(902, 5, 873, 215, 1465537750, 18, 'enrol_cohort', 198, 0),
(903, 5, 873, 216, 1465537750, 18, 'enrol_cohort', 198, 0),
(904, 5, 873, 217, 1465537750, 18, 'enrol_cohort', 198, 0),
(905, 5, 873, 218, 1465537750, 18, 'enrol_cohort', 198, 0),
(906, 5, 873, 219, 1465537750, 18, 'enrol_cohort', 198, 0),
(907, 5, 873, 220, 1465537750, 18, 'enrol_cohort', 198, 0),
(908, 5, 873, 221, 1465537750, 18, 'enrol_cohort', 198, 0),
(909, 5, 873, 222, 1465537750, 18, 'enrol_cohort', 198, 0),
(910, 5, 873, 223, 1465537750, 18, 'enrol_cohort', 198, 0),
(911, 5, 873, 224, 1465537750, 18, 'enrol_cohort', 198, 0),
(912, 5, 873, 225, 1465537750, 18, 'enrol_cohort', 198, 0),
(913, 5, 873, 226, 1465537750, 18, 'enrol_cohort', 198, 0),
(914, 5, 873, 227, 1465537750, 18, 'enrol_cohort', 198, 0),
(915, 5, 873, 228, 1465537750, 18, 'enrol_cohort', 198, 0),
(916, 5, 873, 229, 1465537750, 18, 'enrol_cohort', 198, 0),
(917, 5, 873, 230, 1465537750, 18, 'enrol_cohort', 198, 0),
(918, 5, 873, 231, 1465537750, 18, 'enrol_cohort', 198, 0),
(919, 5, 873, 232, 1465537750, 18, 'enrol_cohort', 198, 0),
(920, 5, 873, 233, 1465537750, 18, 'enrol_cohort', 198, 0),
(921, 5, 873, 234, 1465537750, 18, 'enrol_cohort', 198, 0),
(922, 5, 873, 236, 1465537750, 18, 'enrol_cohort', 198, 0),
(923, 5, 873, 237, 1465537750, 18, 'enrol_cohort', 198, 0),
(924, 5, 873, 238, 1465537750, 18, 'enrol_cohort', 198, 0),
(925, 5, 873, 239, 1465537750, 18, 'enrol_cohort', 198, 0),
(926, 5, 873, 240, 1465537750, 18, 'enrol_cohort', 198, 0),
(927, 5, 873, 241, 1465537750, 18, 'enrol_cohort', 198, 0),
(928, 5, 873, 242, 1465537750, 18, 'enrol_cohort', 198, 0),
(929, 5, 873, 243, 1465537750, 18, 'enrol_cohort', 198, 0),
(930, 5, 873, 244, 1465537750, 18, 'enrol_cohort', 198, 0),
(931, 5, 873, 245, 1465537750, 18, 'enrol_cohort', 198, 0),
(932, 5, 873, 246, 1465537750, 18, 'enrol_cohort', 198, 0),
(933, 5, 873, 247, 1465537750, 18, 'enrol_cohort', 198, 0),
(934, 5, 873, 248, 1465537750, 18, 'enrol_cohort', 198, 0),
(935, 5, 873, 249, 1465537750, 18, 'enrol_cohort', 198, 0),
(936, 5, 873, 250, 1465537750, 18, 'enrol_cohort', 198, 0),
(937, 5, 873, 251, 1465537750, 18, 'enrol_cohort', 198, 0),
(938, 5, 873, 252, 1465537750, 18, 'enrol_cohort', 198, 0),
(939, 5, 873, 253, 1465537750, 18, 'enrol_cohort', 198, 0),
(940, 5, 873, 254, 1465537750, 18, 'enrol_cohort', 198, 0),
(941, 5, 873, 255, 1465537750, 18, 'enrol_cohort', 198, 0),
(942, 5, 873, 256, 1465537750, 18, 'enrol_cohort', 198, 0),
(943, 5, 873, 257, 1465537750, 18, 'enrol_cohort', 198, 0),
(944, 5, 873, 258, 1465537750, 18, 'enrol_cohort', 198, 0),
(945, 5, 873, 259, 1465537750, 18, 'enrol_cohort', 198, 0),
(946, 5, 873, 260, 1465537750, 18, 'enrol_cohort', 198, 0),
(947, 5, 873, 261, 1465537750, 18, 'enrol_cohort', 198, 0),
(948, 5, 873, 262, 1465537750, 18, 'enrol_cohort', 198, 0),
(949, 5, 873, 263, 1465537750, 18, 'enrol_cohort', 198, 0),
(950, 5, 873, 264, 1465537750, 18, 'enrol_cohort', 198, 0),
(951, 5, 873, 265, 1465537750, 18, 'enrol_cohort', 198, 0),
(952, 5, 873, 266, 1465537750, 18, 'enrol_cohort', 198, 0),
(953, 5, 873, 267, 1465537750, 18, 'enrol_cohort', 198, 0),
(954, 5, 873, 268, 1465537750, 18, 'enrol_cohort', 198, 0),
(955, 5, 873, 269, 1465537750, 18, 'enrol_cohort', 198, 0),
(956, 5, 873, 270, 1465537750, 18, 'enrol_cohort', 198, 0),
(957, 5, 873, 271, 1465537750, 18, 'enrol_cohort', 198, 0),
(958, 5, 873, 272, 1465537750, 18, 'enrol_cohort', 198, 0),
(959, 5, 873, 273, 1465537750, 18, 'enrol_cohort', 198, 0),
(960, 5, 873, 274, 1465537750, 18, 'enrol_cohort', 198, 0),
(961, 5, 873, 275, 1465537750, 18, 'enrol_cohort', 198, 0),
(962, 5, 873, 276, 1465537750, 18, 'enrol_cohort', 198, 0),
(963, 5, 873, 277, 1465537750, 18, 'enrol_cohort', 198, 0),
(964, 5, 873, 278, 1465537750, 18, 'enrol_cohort', 198, 0),
(965, 5, 873, 279, 1465537750, 18, 'enrol_cohort', 198, 0),
(966, 5, 873, 280, 1465537750, 18, 'enrol_cohort', 198, 0),
(967, 5, 873, 281, 1465537750, 18, 'enrol_cohort', 198, 0),
(968, 5, 873, 282, 1465537750, 18, 'enrol_cohort', 198, 0),
(969, 5, 873, 283, 1465537750, 18, 'enrol_cohort', 198, 0),
(970, 5, 873, 284, 1465537750, 18, 'enrol_cohort', 198, 0),
(971, 5, 873, 285, 1465537750, 18, 'enrol_cohort', 198, 0),
(972, 5, 873, 286, 1465537750, 18, 'enrol_cohort', 198, 0),
(973, 5, 873, 287, 1465537750, 18, 'enrol_cohort', 198, 0),
(974, 5, 873, 288, 1465537750, 18, 'enrol_cohort', 198, 0),
(975, 5, 873, 289, 1465537750, 18, 'enrol_cohort', 198, 0),
(976, 5, 873, 290, 1465537750, 18, 'enrol_cohort', 198, 0),
(977, 5, 873, 291, 1465537750, 18, 'enrol_cohort', 198, 0),
(978, 5, 873, 292, 1465537750, 18, 'enrol_cohort', 198, 0),
(979, 5, 873, 293, 1465537750, 18, 'enrol_cohort', 198, 0),
(980, 5, 873, 294, 1465537750, 18, 'enrol_cohort', 198, 0),
(981, 5, 873, 295, 1465537750, 18, 'enrol_cohort', 198, 0),
(982, 5, 873, 296, 1465537750, 18, 'enrol_cohort', 198, 0),
(983, 5, 873, 297, 1465537750, 18, 'enrol_cohort', 198, 0),
(984, 5, 873, 298, 1465537750, 18, 'enrol_cohort', 198, 0),
(985, 5, 873, 299, 1465537750, 18, 'enrol_cohort', 198, 0),
(986, 5, 873, 300, 1465537750, 18, 'enrol_cohort', 198, 0),
(987, 5, 873, 301, 1465537750, 18, 'enrol_cohort', 198, 0),
(988, 5, 873, 302, 1465537750, 18, 'enrol_cohort', 198, 0),
(989, 5, 873, 303, 1465537750, 18, 'enrol_cohort', 198, 0),
(990, 5, 873, 304, 1465537750, 18, 'enrol_cohort', 198, 0),
(991, 5, 873, 305, 1465537750, 18, 'enrol_cohort', 198, 0),
(992, 5, 873, 306, 1465537750, 18, 'enrol_cohort', 198, 0),
(993, 5, 873, 307, 1465537750, 18, 'enrol_cohort', 198, 0),
(994, 5, 873, 308, 1465537750, 18, 'enrol_cohort', 198, 0),
(995, 5, 873, 309, 1465537750, 18, 'enrol_cohort', 198, 0),
(996, 5, 873, 310, 1465537750, 18, 'enrol_cohort', 198, 0),
(997, 5, 873, 311, 1465537750, 18, 'enrol_cohort', 198, 0),
(998, 5, 873, 312, 1465537750, 18, 'enrol_cohort', 198, 0),
(999, 5, 873, 313, 1465537750, 18, 'enrol_cohort', 198, 0),
(1000, 5, 873, 314, 1465537750, 18, 'enrol_cohort', 198, 0),
(1001, 5, 873, 315, 1465537750, 18, 'enrol_cohort', 198, 0),
(1002, 5, 873, 316, 1465537750, 18, 'enrol_cohort', 198, 0),
(1003, 5, 873, 317, 1465537750, 18, 'enrol_cohort', 198, 0),
(1004, 5, 873, 318, 1465537750, 18, 'enrol_cohort', 198, 0),
(1005, 5, 873, 319, 1465537750, 18, 'enrol_cohort', 198, 0),
(1006, 5, 873, 320, 1465537750, 18, 'enrol_cohort', 198, 0),
(1007, 5, 873, 321, 1465537750, 18, 'enrol_cohort', 198, 0),
(1008, 5, 873, 322, 1465537750, 18, 'enrol_cohort', 198, 0),
(1009, 5, 873, 323, 1465537750, 18, 'enrol_cohort', 198, 0),
(1010, 5, 873, 324, 1465537750, 18, 'enrol_cohort', 198, 0),
(1011, 5, 873, 325, 1465537750, 18, 'enrol_cohort', 198, 0),
(1012, 5, 873, 326, 1465537750, 18, 'enrol_cohort', 198, 0),
(1013, 5, 873, 327, 1465537750, 18, 'enrol_cohort', 198, 0),
(1014, 5, 873, 328, 1465537750, 18, 'enrol_cohort', 198, 0),
(1015, 5, 873, 329, 1465537750, 18, 'enrol_cohort', 198, 0),
(1016, 5, 873, 330, 1465537750, 18, 'enrol_cohort', 198, 0),
(1017, 5, 873, 331, 1465537750, 18, 'enrol_cohort', 198, 0),
(1018, 5, 873, 332, 1465537750, 18, 'enrol_cohort', 198, 0),
(1019, 5, 873, 333, 1465537750, 18, 'enrol_cohort', 198, 0),
(1020, 5, 873, 334, 1465537750, 18, 'enrol_cohort', 198, 0),
(1021, 5, 873, 335, 1465537750, 18, 'enrol_cohort', 198, 0),
(1022, 5, 873, 336, 1465537750, 18, 'enrol_cohort', 198, 0),
(1023, 5, 873, 337, 1465537750, 18, 'enrol_cohort', 198, 0),
(1024, 5, 873, 338, 1465537750, 18, 'enrol_cohort', 198, 0),
(1025, 5, 873, 339, 1465537750, 18, 'enrol_cohort', 198, 0),
(1026, 5, 873, 340, 1465537750, 18, 'enrol_cohort', 198, 0),
(1027, 5, 873, 341, 1465537750, 18, 'enrol_cohort', 198, 0),
(1028, 5, 873, 342, 1465537750, 18, 'enrol_cohort', 198, 0),
(1029, 5, 873, 343, 1465537750, 18, 'enrol_cohort', 198, 0),
(1030, 5, 873, 344, 1465537750, 18, 'enrol_cohort', 198, 0),
(1031, 5, 873, 345, 1465537750, 18, 'enrol_cohort', 198, 0),
(1032, 5, 873, 346, 1465537750, 18, 'enrol_cohort', 198, 0),
(1033, 5, 873, 347, 1465537750, 18, 'enrol_cohort', 198, 0),
(1034, 5, 873, 348, 1465537750, 18, 'enrol_cohort', 198, 0),
(1035, 5, 873, 349, 1465537750, 18, 'enrol_cohort', 198, 0),
(1036, 5, 873, 350, 1465537750, 18, 'enrol_cohort', 198, 0),
(1037, 5, 873, 351, 1465537750, 18, 'enrol_cohort', 198, 0),
(1038, 5, 873, 352, 1465537750, 18, 'enrol_cohort', 198, 0),
(1039, 5, 873, 353, 1465537750, 18, 'enrol_cohort', 198, 0),
(1040, 5, 873, 354, 1465537750, 18, 'enrol_cohort', 198, 0),
(1041, 5, 873, 355, 1465537750, 18, 'enrol_cohort', 198, 0),
(1042, 5, 873, 356, 1465537750, 18, 'enrol_cohort', 198, 0),
(1043, 5, 873, 357, 1465537750, 18, 'enrol_cohort', 198, 0),
(1044, 5, 873, 358, 1465537750, 18, 'enrol_cohort', 198, 0),
(1045, 5, 873, 359, 1465537750, 18, 'enrol_cohort', 198, 0),
(1046, 5, 873, 360, 1465537750, 18, 'enrol_cohort', 198, 0),
(1047, 5, 873, 361, 1465537750, 18, 'enrol_cohort', 198, 0),
(1048, 5, 873, 362, 1465537750, 18, 'enrol_cohort', 198, 0),
(1049, 5, 873, 363, 1465537750, 18, 'enrol_cohort', 198, 0),
(1050, 5, 873, 364, 1465537750, 18, 'enrol_cohort', 198, 0),
(1051, 5, 873, 365, 1465537750, 18, 'enrol_cohort', 198, 0),
(1052, 5, 873, 366, 1465537750, 18, 'enrol_cohort', 198, 0),
(1053, 5, 873, 367, 1465537750, 18, 'enrol_cohort', 198, 0),
(1054, 5, 873, 368, 1465537750, 18, 'enrol_cohort', 198, 0),
(1055, 5, 873, 369, 1465537750, 18, 'enrol_cohort', 198, 0),
(1056, 5, 873, 370, 1465537750, 18, 'enrol_cohort', 198, 0),
(1057, 5, 873, 371, 1465537750, 18, 'enrol_cohort', 198, 0),
(1058, 5, 873, 372, 1465537750, 18, 'enrol_cohort', 198, 0),
(1059, 5, 873, 373, 1465537750, 18, 'enrol_cohort', 198, 0),
(1060, 5, 873, 374, 1465537750, 18, 'enrol_cohort', 198, 0),
(1061, 5, 873, 375, 1465537750, 18, 'enrol_cohort', 198, 0),
(1062, 5, 873, 376, 1465537750, 18, 'enrol_cohort', 198, 0),
(1063, 5, 873, 377, 1465537750, 18, 'enrol_cohort', 198, 0),
(1064, 5, 873, 378, 1465537750, 18, 'enrol_cohort', 198, 0),
(1065, 5, 873, 379, 1465537750, 18, 'enrol_cohort', 198, 0),
(1066, 5, 873, 380, 1465537750, 18, 'enrol_cohort', 198, 0),
(1067, 5, 873, 381, 1465537750, 18, 'enrol_cohort', 198, 0),
(1068, 5, 873, 382, 1465537750, 18, 'enrol_cohort', 198, 0),
(1069, 5, 873, 383, 1465537750, 18, 'enrol_cohort', 198, 0),
(1070, 5, 873, 384, 1465537750, 18, 'enrol_cohort', 198, 0),
(1071, 5, 873, 385, 1465537750, 18, 'enrol_cohort', 198, 0),
(1072, 5, 873, 386, 1465537750, 18, 'enrol_cohort', 198, 0),
(1073, 5, 873, 387, 1465537750, 18, 'enrol_cohort', 198, 0),
(1074, 5, 873, 388, 1465537750, 18, 'enrol_cohort', 198, 0),
(1075, 5, 873, 389, 1465537750, 18, 'enrol_cohort', 198, 0),
(1076, 5, 873, 390, 1465537750, 18, 'enrol_cohort', 198, 0),
(1077, 5, 873, 391, 1465537750, 18, 'enrol_cohort', 198, 0),
(1078, 5, 873, 392, 1465537750, 18, 'enrol_cohort', 198, 0),
(1079, 5, 873, 393, 1465537750, 18, 'enrol_cohort', 198, 0),
(1080, 5, 873, 394, 1465537750, 18, 'enrol_cohort', 198, 0),
(1081, 5, 873, 395, 1465537750, 18, 'enrol_cohort', 198, 0);
INSERT INTO `mdl_role_assignments` (`id`, `roleid`, `contextid`, `userid`, `timemodified`, `modifierid`, `component`, `itemid`, `sortorder`) VALUES
(1082, 5, 873, 396, 1465537750, 18, 'enrol_cohort', 198, 0),
(1083, 5, 873, 407, 1465537750, 18, 'enrol_cohort', 198, 0),
(1084, 5, 873, 408, 1465537750, 18, 'enrol_cohort', 198, 0),
(1085, 5, 873, 409, 1465537750, 18, 'enrol_cohort', 198, 0),
(1086, 5, 873, 410, 1465537750, 18, 'enrol_cohort', 198, 0),
(1087, 5, 873, 411, 1465537750, 18, 'enrol_cohort', 198, 0),
(1088, 5, 873, 413, 1465537750, 18, 'enrol_cohort', 198, 0),
(1089, 5, 873, 414, 1465537750, 18, 'enrol_cohort', 198, 0),
(1090, 5, 873, 415, 1465537750, 18, 'enrol_cohort', 198, 0),
(1091, 5, 873, 416, 1465537750, 18, 'enrol_cohort', 198, 0),
(1092, 5, 873, 417, 1465537750, 18, 'enrol_cohort', 198, 0),
(1093, 5, 873, 418, 1465537750, 18, 'enrol_cohort', 198, 0),
(1094, 5, 873, 419, 1465537750, 18, 'enrol_cohort', 198, 0),
(1095, 5, 873, 420, 1465537750, 18, 'enrol_cohort', 198, 0),
(1096, 5, 861, 7, 1465538501, 18, 'enrol_meta', 199, 0),
(1097, 5, 861, 2, 1465538501, 18, 'enrol_meta', 199, 0),
(1098, 5, 861, 17, 1465538501, 18, 'enrol_meta', 199, 0),
(1099, 5, 861, 5, 1465538501, 18, 'enrol_meta', 199, 0),
(1100, 5, 861, 19, 1465538501, 18, 'enrol_meta', 199, 0),
(1101, 5, 861, 4, 1465538501, 18, 'enrol_meta', 199, 0),
(1102, 5, 861, 13, 1465538501, 18, 'enrol_meta', 199, 0),
(1103, 5, 861, 18, 1465538501, 18, 'enrol_meta', 199, 0),
(1104, 5, 861, 424, 1465538501, 18, 'enrol_meta', 199, 0),
(1105, 5, 861, 432, 1465538501, 18, 'enrol_meta', 199, 0),
(1106, 5, 861, 428, 1465538501, 18, 'enrol_meta', 199, 0),
(1107, 5, 861, 426, 1465538501, 18, 'enrol_meta', 199, 0),
(1108, 5, 861, 427, 1465538501, 18, 'enrol_meta', 199, 0),
(1109, 5, 861, 425, 1465538501, 18, 'enrol_meta', 199, 0),
(1110, 5, 861, 422, 1465538501, 18, 'enrol_meta', 199, 0),
(1111, 5, 861, 423, 1465538501, 18, 'enrol_meta', 199, 0),
(1112, 5, 861, 429, 1465538501, 18, 'enrol_meta', 199, 0),
(1113, 5, 861, 430, 1465538501, 18, 'enrol_meta', 199, 0),
(1114, 5, 861, 431, 1465538501, 18, 'enrol_meta', 199, 0),
(1115, 5, 861, 434, 1465538501, 18, 'enrol_meta', 199, 0),
(1116, 5, 861, 435, 1465538501, 18, 'enrol_meta', 199, 0),
(1117, 5, 861, 433, 1465538501, 18, 'enrol_meta', 199, 0),
(1118, 5, 861, 437, 1465538501, 18, 'enrol_meta', 199, 0),
(1119, 5, 861, 436, 1465538501, 18, 'enrol_meta', 199, 0),
(1120, 5, 861, 439, 1465538501, 18, 'enrol_meta', 199, 0),
(1121, 5, 861, 440, 1465538501, 18, 'enrol_meta', 199, 0),
(1122, 5, 861, 441, 1465538501, 18, 'enrol_meta', 199, 0),
(1123, 5, 861, 442, 1465538501, 18, 'enrol_meta', 199, 0),
(1124, 5, 861, 443, 1465538501, 18, 'enrol_meta', 199, 0),
(1125, 5, 60, 1703, 1469523836, 18, '', 0, 0),
(1126, 5, 88, 1703, 1469531346, 18, '', 0, 0),
(1127, 5, 873, 119, 1469611986, 7, '', 0, 0),
(1128, 5, 107, 7, 1473138288, 7, '', 0, 0),
(1129, 5, 2642, 18, 1477560818, 18, '', 0, 0),
(1130, 5, 2642, 13, 1477560827, 18, '', 0, 0),
(1131, 5, 2642, 17, 1477560869, 18, '', 0, 0);

-- --------------------------------------------------------

--
-- Table structure for table `mdl_role_capabilities`
--

CREATE TABLE `mdl_role_capabilities` (
  `id` bigint(10) NOT NULL,
  `contextid` bigint(10) NOT NULL DEFAULT '0',
  `roleid` bigint(10) NOT NULL DEFAULT '0',
  `capability` varchar(255) NOT NULL DEFAULT '',
  `permission` bigint(10) NOT NULL DEFAULT '0',
  `timemodified` bigint(10) NOT NULL DEFAULT '0',
  `modifierid` bigint(10) NOT NULL DEFAULT '0'
) ENGINE=InnoDB DEFAULT CHARSET=utf8 COMMENT='permission has to be signed, overriding a capability for a p';

--
-- Dumping data for table `mdl_role_capabilities`
--

INSERT INTO `mdl_role_capabilities` (`id`, `contextid`, `roleid`, `capability`, `permission`, `timemodified`, `modifierid`) VALUES
(1, 1, 1, 'moodle/site:readallmessages', 1, 1422039649, 0),
(2, 1, 3, 'moodle/site:readallmessages', 1, 1422039649, 0),
(3, 1, 1, 'moodle/site:sendmessage', 1, 1422039649, 0),
(4, 1, 7, 'moodle/site:sendmessage', 1, 1422039649, 0),
(5, 1, 1, 'moodle/site:approvecourse', 1, 1422039649, 0),
(6, 1, 3, 'moodle/backup:backupcourse', 1, 1422039649, 0),
(7, 1, 1, 'moodle/backup:backupcourse', 1, 1422039649, 0),
(8, 1, 3, 'moodle/backup:backupsection', 1, 1422039649, 0),
(9, 1, 1, 'moodle/backup:backupsection', 1, 1422039649, 0),
(10, 1, 3, 'moodle/backup:backupactivity', 1, 1422039649, 0),
(11, 1, 1, 'moodle/backup:backupactivity', 1, 1422039649, 0),
(12, 1, 3, 'moodle/backup:backuptargethub', 1, 1422039649, 0),
(13, 1, 1, 'moodle/backup:backuptargethub', 1, 1422039649, 0),
(14, 1, 3, 'moodle/backup:backuptargetimport', 1, 1422039649, 0),
(15, 1, 1, 'moodle/backup:backuptargetimport', 1, 1422039649, 0),
(16, 1, 3, 'moodle/backup:downloadfile', 1, 1422039649, 0),
(17, 1, 1, 'moodle/backup:downloadfile', 1, 1422039649, 0),
(18, 1, 3, 'moodle/backup:configure', 1, 1422039649, 0),
(19, 1, 1, 'moodle/backup:configure', 1, 1422039649, 0),
(20, 1, 1, 'moodle/backup:userinfo', 1, 1422039649, 0),
(21, 1, 1, 'moodle/backup:anonymise', 1, 1422039649, 0),
(22, 1, 3, 'moodle/restore:restorecourse', 1, 1422039649, 0),
(23, 1, 1, 'moodle/restore:restorecourse', 1, 1422039649, 0),
(24, 1, 3, 'moodle/restore:restoresection', 1, 1422039649, 0),
(25, 1, 1, 'moodle/restore:restoresection', 1, 1422039649, 0),
(26, 1, 3, 'moodle/restore:restoreactivity', 1, 1422039649, 0),
(27, 1, 1, 'moodle/restore:restoreactivity', 1, 1422039649, 0),
(28, 1, 3, 'moodle/restore:restoretargethub', 1, 1422039649, 0),
(29, 1, 1, 'moodle/restore:restoretargethub', 1, 1422039649, 0),
(30, 1, 3, 'moodle/restore:restoretargetimport', 1, 1422039649, 0),
(31, 1, 1, 'moodle/restore:restoretargetimport', 1, 1422039649, 0),
(32, 1, 3, 'moodle/restore:uploadfile', 1, 1422039649, 0),
(33, 1, 1, 'moodle/restore:uploadfile', 1, 1422039649, 0),
(34, 1, 3, 'moodle/restore:configure', 1, 1422039649, 0),
(35, 1, 1, 'moodle/restore:configure', 1, 1422039649, 0),
(36, 1, 2, 'moodle/restore:rolldates', 1, 1422039649, 0),
(37, 1, 1, 'moodle/restore:rolldates', 1, 1422039649, 0),
(38, 1, 1, 'moodle/restore:userinfo', 1, 1422039649, 0),
(39, 1, 1, 'moodle/restore:createuser', 1, 1422039649, 0),
(40, 1, 3, 'moodle/site:manageblocks', 1, 1422039649, 0),
(41, 1, 1, 'moodle/site:manageblocks', 1, 1422039649, 0),
(42, 1, 4, 'moodle/site:accessallgroups', 1, 1422039649, 0),
(43, 1, 3, 'moodle/site:accessallgroups', 1, 1422039649, 0),
(44, 1, 1, 'moodle/site:accessallgroups', 1, 1422039649, 0),
(45, 1, 4, 'moodle/site:viewfullnames', 1, 1422039649, 0),
(46, 1, 3, 'moodle/site:viewfullnames', 1, 1422039649, 0),
(47, 1, 1, 'moodle/site:viewfullnames', 1, 1422039649, 0),
(48, 1, 4, 'moodle/site:viewuseridentity', 1, 1422039649, 0),
(49, 1, 3, 'moodle/site:viewuseridentity', 1, 1422039649, 0),
(50, 1, 1, 'moodle/site:viewuseridentity', 1, 1422039649, 0),
(51, 1, 4, 'moodle/site:viewreports', 1, 1422039649, 0),
(52, 1, 3, 'moodle/site:viewreports', 1, 1422039649, 0),
(53, 1, 1, 'moodle/site:viewreports', 1, 1422039649, 0),
(54, 1, 3, 'moodle/site:trustcontent', 1, 1422039649, 0),
(55, 1, 1, 'moodle/site:trustcontent', 1, 1422039649, 0),
(56, 1, 1, 'moodle/site:uploadusers', 1, 1422039649, 0),
(57, 1, 3, 'moodle/filter:manage', 1, 1422039649, 0),
(58, 1, 1, 'moodle/filter:manage', 1, 1422039649, 0),
(59, 1, 1, 'moodle/user:create', 1, 1422039649, 0),
(60, 1, 1, 'moodle/user:delete', 1, 1422039649, 0),
(61, 1, 1, 'moodle/user:update', 1, 1422039649, 0),
(62, 1, 6, 'moodle/user:viewdetails', 1, 1422039649, 0),
(63, 1, 5, 'moodle/user:viewdetails', 1, 1422039649, 0),
(64, 1, 4, 'moodle/user:viewdetails', 1, 1422039649, 0),
(65, 1, 3, 'moodle/user:viewdetails', 1, 1422039649, 0),
(66, 1, 1, 'moodle/user:viewdetails', 1, 1422039649, 0),
(67, 1, 1, 'moodle/user:viewalldetails', 1, 1422039649, 0),
(68, 1, 1, 'moodle/user:viewlastip', 1, 1422039649, 0),
(69, 1, 4, 'moodle/user:viewhiddendetails', 1, 1422039649, 0),
(70, 1, 3, 'moodle/user:viewhiddendetails', 1, 1422039649, 0),
(71, 1, 1, 'moodle/user:viewhiddendetails', 1, 1422039649, 0),
(72, 1, 1, 'moodle/user:loginas', 1, 1422039649, 0),
(73, 1, 1, 'moodle/user:managesyspages', 1, 1422039649, 0),
(74, 1, 7, 'moodle/user:manageownblocks', 1, 1422039649, 0),
(75, 1, 7, 'moodle/user:manageownfiles', 1, 1422039649, 0),
(76, 1, 1, 'moodle/my:configsyspages', 1, 1422039649, 0),
(77, 1, 3, 'moodle/role:assign', 1, 1422039649, 0),
(78, 1, 1, 'moodle/role:assign', 1, 1422039649, 0),
(79, 1, 4, 'moodle/role:review', 1, 1422039649, 0),
(80, 1, 3, 'moodle/role:review', 1, 1422039649, 0),
(81, 1, 1, 'moodle/role:review', 1, 1422039649, 0),
(82, 1, 1, 'moodle/role:override', 1, 1422039649, 0),
(83, 1, 3, 'moodle/role:safeoverride', 1, 1422039649, 0),
(84, 1, 1, 'moodle/role:manage', 1, 1422039649, 0),
(85, 1, 3, 'moodle/role:switchroles', 1, 1422039649, 0),
(86, 1, 1, 'moodle/role:switchroles', 1, 1422039649, 0),
(87, 1, 1, 'moodle/category:manage', 1, 1422039649, 0),
(88, 1, 2, 'moodle/category:viewhiddencategories', 1, 1422039649, 0),
(89, 1, 1, 'moodle/category:viewhiddencategories', 1, 1422039649, 0),
(90, 1, 1, 'moodle/cohort:manage', 1, 1422039649, 0),
(91, 1, 1, 'moodle/cohort:assign', 1, 1422039649, 0),
(92, 1, 3, 'moodle/cohort:view', 1, 1422039649, 0),
(93, 1, 1, 'moodle/cohort:view', 1, 1422039649, 0),
(94, 1, 2, 'moodle/course:create', 1, 1422039649, 0),
(95, 1, 1, 'moodle/course:create', 1, 1422039649, 0),
(96, 1, 7, 'moodle/course:request', 1, 1422039649, 0),
(97, 1, 1, 'moodle/course:delete', 1, 1422039649, 0),
(98, 1, 3, 'moodle/course:update', 1, 1422039649, 0),
(99, 1, 1, 'moodle/course:update', 1, 1422039649, 0),
(100, 1, 1, 'moodle/course:view', 1, 1422039649, 0),
(101, 1, 3, 'moodle/course:enrolreview', 1, 1422039649, 0),
(102, 1, 1, 'moodle/course:enrolreview', 1, 1422039649, 0),
(103, 1, 3, 'moodle/course:enrolconfig', 1, 1422039649, 0),
(104, 1, 1, 'moodle/course:enrolconfig', 1, 1422039649, 0),
(105, 1, 3, 'moodle/course:reviewotherusers', 1, 1422039649, 0),
(106, 1, 1, 'moodle/course:reviewotherusers', 1, 1422039649, 0),
(107, 1, 4, 'moodle/course:bulkmessaging', 1, 1422039649, 0),
(108, 1, 3, 'moodle/course:bulkmessaging', 1, 1422039649, 0),
(109, 1, 1, 'moodle/course:bulkmessaging', 1, 1422039649, 0),
(110, 1, 4, 'moodle/course:viewhiddenuserfields', 1, 1422039649, 0),
(111, 1, 3, 'moodle/course:viewhiddenuserfields', 1, 1422039650, 0),
(112, 1, 1, 'moodle/course:viewhiddenuserfields', 1, 1422039650, 0),
(113, 1, 2, 'moodle/course:viewhiddencourses', 1, 1422039650, 0),
(114, 1, 4, 'moodle/course:viewhiddencourses', 1, 1422039650, 0),
(115, 1, 3, 'moodle/course:viewhiddencourses', 1, 1422039650, 0),
(116, 1, 1, 'moodle/course:viewhiddencourses', 1, 1422039650, 0),
(117, 1, 3, 'moodle/course:visibility', 1, 1422039650, 0),
(118, 1, 1, 'moodle/course:visibility', 1, 1422039650, 0),
(119, 1, 3, 'moodle/course:managefiles', 1, 1422039650, 0),
(120, 1, 1, 'moodle/course:managefiles', 1, 1422039650, 0),
(121, 1, 3, 'moodle/course:manageactivities', 1, 1422039650, 0),
(122, 1, 1, 'moodle/course:manageactivities', 1, 1422039650, 0),
(123, 1, 3, 'moodle/course:activityvisibility', 1, 1422039650, 0),
(124, 1, 1, 'moodle/course:activityvisibility', 1, 1422039650, 0),
(125, 1, 4, 'moodle/course:viewhiddenactivities', 1, 1422039650, 0),
(126, 1, 3, 'moodle/course:viewhiddenactivities', 1, 1422039650, 0),
(127, 1, 1, 'moodle/course:viewhiddenactivities', 1, 1422039650, 0),
(128, 1, 5, 'moodle/course:viewparticipants', 1, 1422039650, 0),
(129, 1, 4, 'moodle/course:viewparticipants', 1, 1422039650, 0),
(130, 1, 3, 'moodle/course:viewparticipants', 1, 1422039650, 0),
(131, 1, 1, 'moodle/course:viewparticipants', 1, 1422039650, 0),
(132, 1, 3, 'moodle/course:changefullname', 1, 1422039650, 0),
(133, 1, 1, 'moodle/course:changefullname', 1, 1422039650, 0),
(134, 1, 3, 'moodle/course:changeshortname', 1, 1422039650, 0),
(135, 1, 1, 'moodle/course:changeshortname', 1, 1422039650, 0),
(136, 1, 3, 'moodle/course:changeidnumber', 1, 1422039650, 0),
(137, 1, 1, 'moodle/course:changeidnumber', 1, 1422039650, 0),
(138, 1, 3, 'moodle/course:changecategory', 1, 1422039650, 0),
(139, 1, 1, 'moodle/course:changecategory', 1, 1422039650, 0),
(140, 1, 3, 'moodle/course:changesummary', 1, 1422039650, 0),
(141, 1, 1, 'moodle/course:changesummary', 1, 1422039650, 0),
(142, 1, 1, 'moodle/site:viewparticipants', 1, 1422039650, 0),
(143, 1, 5, 'moodle/course:isincompletionreports', 1, 1422039650, 0),
(144, 1, 5, 'moodle/course:viewscales', 1, 1422039650, 0),
(145, 1, 4, 'moodle/course:viewscales', 1, 1422039650, 0),
(146, 1, 3, 'moodle/course:viewscales', 1, 1422039650, 0),
(147, 1, 1, 'moodle/course:viewscales', 1, 1422039650, 0),
(148, 1, 3, 'moodle/course:managescales', 1, 1422039650, 0),
(149, 1, 1, 'moodle/course:managescales', 1, 1422039650, 0),
(150, 1, 3, 'moodle/course:managegroups', 1, 1422039650, 0),
(151, 1, 1, 'moodle/course:managegroups', 1, 1422039650, 0),
(152, 1, 3, 'moodle/course:reset', 1, 1422039650, 0),
(153, 1, 1, 'moodle/course:reset', 1, 1422039650, 0),
(154, 1, 3, 'moodle/course:viewsuspendedusers', 1, 1422039650, 0),
(155, 1, 1, 'moodle/course:viewsuspendedusers', 1, 1422039650, 0),
(156, 1, 6, 'moodle/blog:view', 1, 1422039650, 0),
(157, 1, 7, 'moodle/blog:view', 1, 1422039650, 0),
(158, 1, 5, 'moodle/blog:view', 1, 1422039650, 0),
(159, 1, 4, 'moodle/blog:view', 1, 1422039650, 0),
(160, 1, 3, 'moodle/blog:view', 1, 1422039650, 0),
(161, 1, 1, 'moodle/blog:view', 1, 1422039650, 0),
(162, 1, 6, 'moodle/blog:search', 1, 1422039650, 0),
(163, 1, 7, 'moodle/blog:search', 1, 1422039650, 0),
(164, 1, 5, 'moodle/blog:search', 1, 1422039650, 0),
(165, 1, 4, 'moodle/blog:search', 1, 1422039650, 0),
(166, 1, 3, 'moodle/blog:search', 1, 1422039650, 0),
(167, 1, 1, 'moodle/blog:search', 1, 1422039650, 0),
(168, 1, 1, 'moodle/blog:viewdrafts', 1, 1422039650, 0),
(169, 1, 7, 'moodle/blog:create', 1, 1422039650, 0),
(170, 1, 1, 'moodle/blog:create', 1, 1422039650, 0),
(171, 1, 4, 'moodle/blog:manageentries', 1, 1422039650, 0),
(172, 1, 3, 'moodle/blog:manageentries', 1, 1422039650, 0),
(173, 1, 1, 'moodle/blog:manageentries', 1, 1422039650, 0),
(174, 1, 5, 'moodle/blog:manageexternal', 1, 1422039650, 0),
(175, 1, 7, 'moodle/blog:manageexternal', 1, 1422039650, 0),
(176, 1, 4, 'moodle/blog:manageexternal', 1, 1422039650, 0),
(177, 1, 3, 'moodle/blog:manageexternal', 1, 1422039650, 0),
(178, 1, 1, 'moodle/blog:manageexternal', 1, 1422039650, 0),
(179, 1, 7, 'moodle/calendar:manageownentries', 1, 1422039650, 0),
(180, 1, 1, 'moodle/calendar:manageownentries', 1, 1422039650, 0),
(181, 1, 4, 'moodle/calendar:managegroupentries', 1, 1422039650, 0),
(182, 1, 3, 'moodle/calendar:managegroupentries', 1, 1422039650, 0),
(183, 1, 1, 'moodle/calendar:managegroupentries', 1, 1422039650, 0),
(184, 1, 4, 'moodle/calendar:manageentries', 1, 1422039650, 0),
(185, 1, 3, 'moodle/calendar:manageentries', 1, 1422039650, 0),
(186, 1, 1, 'moodle/calendar:manageentries', 1, 1422039650, 0),
(187, 1, 1, 'moodle/user:editprofile', 1, 1422039650, 0),
(188, 1, 6, 'moodle/user:editownprofile', -1000, 1422039650, 0),
(189, 1, 7, 'moodle/user:editownprofile', 1, 1422039650, 0),
(190, 1, 1, 'moodle/user:editownprofile', 1, 1422039650, 0),
(191, 1, 6, 'moodle/user:changeownpassword', -1000, 1422039650, 0),
(192, 1, 7, 'moodle/user:changeownpassword', 1, 1422039650, 0),
(193, 1, 1, 'moodle/user:changeownpassword', 1, 1422039650, 0),
(194, 1, 5, 'moodle/user:readuserposts', 1, 1422039650, 0),
(195, 1, 4, 'moodle/user:readuserposts', 1, 1422039650, 0),
(196, 1, 3, 'moodle/user:readuserposts', 1, 1422039650, 0),
(197, 1, 1, 'moodle/user:readuserposts', 1, 1422039650, 0),
(198, 1, 5, 'moodle/user:readuserblogs', 1, 1422039650, 0),
(199, 1, 4, 'moodle/user:readuserblogs', 1, 1422039650, 0),
(200, 1, 3, 'moodle/user:readuserblogs', 1, 1422039650, 0),
(201, 1, 1, 'moodle/user:readuserblogs', 1, 1422039650, 0),
(202, 1, 1, 'moodle/user:editmessageprofile', 1, 1422039650, 0),
(203, 1, 6, 'moodle/user:editownmessageprofile', -1000, 1422039650, 0),
(204, 1, 7, 'moodle/user:editownmessageprofile', 1, 1422039650, 0),
(205, 1, 1, 'moodle/user:editownmessageprofile', 1, 1422039650, 0),
(206, 1, 3, 'moodle/question:managecategory', 1, 1422039650, 0),
(207, 1, 1, 'moodle/question:managecategory', 1, 1422039650, 0),
(208, 1, 3, 'moodle/question:add', 1, 1422039650, 0),
(209, 1, 1, 'moodle/question:add', 1, 1422039650, 0),
(210, 1, 3, 'moodle/question:editmine', 1, 1422039650, 0),
(211, 1, 1, 'moodle/question:editmine', 1, 1422039650, 0),
(212, 1, 3, 'moodle/question:editall', 1, 1422039650, 0),
(213, 1, 1, 'moodle/question:editall', 1, 1422039650, 0),
(214, 1, 3, 'moodle/question:viewmine', 1, 1422039650, 0),
(215, 1, 1, 'moodle/question:viewmine', 1, 1422039650, 0),
(216, 1, 3, 'moodle/question:viewall', 1, 1422039650, 0),
(217, 1, 1, 'moodle/question:viewall', 1, 1422039650, 0),
(218, 1, 3, 'moodle/question:usemine', 1, 1422039650, 0),
(219, 1, 1, 'moodle/question:usemine', 1, 1422039650, 0),
(220, 1, 3, 'moodle/question:useall', 1, 1422039650, 0),
(221, 1, 1, 'moodle/question:useall', 1, 1422039650, 0),
(222, 1, 3, 'moodle/question:movemine', 1, 1422039650, 0),
(223, 1, 1, 'moodle/question:movemine', 1, 1422039650, 0),
(224, 1, 3, 'moodle/question:moveall', 1, 1422039650, 0),
(225, 1, 1, 'moodle/question:moveall', 1, 1422039650, 0),
(226, 1, 1, 'moodle/question:config', 1, 1422039650, 0),
(227, 1, 5, 'moodle/question:flag', 1, 1422039650, 0),
(228, 1, 4, 'moodle/question:flag', 1, 1422039650, 0),
(229, 1, 3, 'moodle/question:flag', 1, 1422039650, 0),
(230, 1, 1, 'moodle/question:flag', 1, 1422039650, 0),
(231, 1, 4, 'moodle/site:doclinks', 1, 1422039650, 0),
(232, 1, 3, 'moodle/site:doclinks', 1, 1422039650, 0),
(233, 1, 1, 'moodle/site:doclinks', 1, 1422039650, 0),
(234, 1, 3, 'moodle/course:sectionvisibility', 1, 1422039650, 0),
(235, 1, 1, 'moodle/course:sectionvisibility', 1, 1422039650, 0),
(236, 1, 3, 'moodle/course:useremail', 1, 1422039650, 0),
(237, 1, 1, 'moodle/course:useremail', 1, 1422039650, 0),
(238, 1, 3, 'moodle/course:viewhiddensections', 1, 1422039650, 0),
(239, 1, 1, 'moodle/course:viewhiddensections', 1, 1422039650, 0),
(240, 1, 3, 'moodle/course:setcurrentsection', 1, 1422039650, 0),
(241, 1, 1, 'moodle/course:setcurrentsection', 1, 1422039650, 0),
(242, 1, 3, 'moodle/course:movesections', 1, 1422039650, 0),
(243, 1, 1, 'moodle/course:movesections', 1, 1422039650, 0),
(244, 1, 4, 'moodle/grade:viewall', 1, 1422039650, 0),
(245, 1, 3, 'moodle/grade:viewall', 1, 1422039650, 0),
(246, 1, 1, 'moodle/grade:viewall', 1, 1422039650, 0),
(247, 1, 5, 'moodle/grade:view', 1, 1422039650, 0),
(248, 1, 4, 'moodle/grade:viewhidden', 1, 1422039650, 0),
(249, 1, 3, 'moodle/grade:viewhidden', 1, 1422039650, 0),
(250, 1, 1, 'moodle/grade:viewhidden', 1, 1422039650, 0),
(251, 1, 3, 'moodle/grade:import', 1, 1422039650, 0),
(252, 1, 1, 'moodle/grade:import', 1, 1422039650, 0),
(253, 1, 4, 'moodle/grade:export', 1, 1422039650, 0),
(254, 1, 3, 'moodle/grade:export', 1, 1422039650, 0),
(255, 1, 1, 'moodle/grade:export', 1, 1422039650, 0),
(256, 1, 3, 'moodle/grade:manage', 1, 1422039650, 0),
(257, 1, 1, 'moodle/grade:manage', 1, 1422039650, 0),
(258, 1, 3, 'moodle/grade:edit', 1, 1422039650, 0),
(259, 1, 1, 'moodle/grade:edit', 1, 1422039650, 0),
(260, 1, 3, 'moodle/grade:managegradingforms', 1, 1422039650, 0),
(261, 1, 1, 'moodle/grade:managegradingforms', 1, 1422039650, 0),
(262, 1, 1, 'moodle/grade:sharegradingforms', 1, 1422039650, 0),
(263, 1, 1, 'moodle/grade:managesharedforms', 1, 1422039650, 0),
(264, 1, 3, 'moodle/grade:manageoutcomes', 1, 1422039650, 0),
(265, 1, 1, 'moodle/grade:manageoutcomes', 1, 1422039650, 0),
(266, 1, 3, 'moodle/grade:manageletters', 1, 1422039650, 0),
(267, 1, 1, 'moodle/grade:manageletters', 1, 1422039650, 0),
(268, 1, 3, 'moodle/grade:hide', 1, 1422039650, 0),
(269, 1, 1, 'moodle/grade:hide', 1, 1422039650, 0),
(270, 1, 3, 'moodle/grade:lock', 1, 1422039650, 0),
(271, 1, 1, 'moodle/grade:lock', 1, 1422039650, 0),
(272, 1, 3, 'moodle/grade:unlock', 1, 1422039650, 0),
(273, 1, 1, 'moodle/grade:unlock', 1, 1422039650, 0),
(274, 1, 7, 'moodle/my:manageblocks', 1, 1422039650, 0),
(275, 1, 4, 'moodle/notes:view', 1, 1422039650, 0),
(276, 1, 3, 'moodle/notes:view', 1, 1422039650, 0),
(277, 1, 1, 'moodle/notes:view', 1, 1422039650, 0),
(278, 1, 4, 'moodle/notes:manage', 1, 1422039650, 0),
(279, 1, 3, 'moodle/notes:manage', 1, 1422039650, 0),
(280, 1, 1, 'moodle/notes:manage', 1, 1422039650, 0),
(281, 1, 4, 'moodle/tag:manage', 1, 1422039650, 0),
(282, 1, 3, 'moodle/tag:manage', 1, 1422039650, 0),
(283, 1, 1, 'moodle/tag:manage', 1, 1422039650, 0),
(284, 1, 1, 'moodle/tag:create', 1, 1422039650, 0),
(285, 1, 7, 'moodle/tag:create', 1, 1422039650, 0),
(286, 1, 1, 'moodle/tag:edit', 1, 1422039650, 0),
(287, 1, 7, 'moodle/tag:edit', 1, 1422039650, 0),
(288, 1, 1, 'moodle/tag:flag', 1, 1422039650, 0),
(289, 1, 7, 'moodle/tag:flag', 1, 1422039650, 0),
(290, 1, 4, 'moodle/tag:editblocks', 1, 1422039650, 0),
(291, 1, 3, 'moodle/tag:editblocks', 1, 1422039650, 0),
(292, 1, 1, 'moodle/tag:editblocks', 1, 1422039650, 0),
(293, 1, 6, 'moodle/block:view', 1, 1422039650, 0),
(294, 1, 7, 'moodle/block:view', 1, 1422039650, 0),
(295, 1, 5, 'moodle/block:view', 1, 1422039650, 0),
(296, 1, 4, 'moodle/block:view', 1, 1422039650, 0),
(297, 1, 3, 'moodle/block:view', 1, 1422039650, 0),
(298, 1, 3, 'moodle/block:edit', 1, 1422039650, 0),
(299, 1, 1, 'moodle/block:edit', 1, 1422039650, 0),
(300, 1, 7, 'moodle/portfolio:export', 1, 1422039650, 0),
(301, 1, 5, 'moodle/portfolio:export', 1, 1422039650, 0),
(302, 1, 4, 'moodle/portfolio:export', 1, 1422039650, 0),
(303, 1, 3, 'moodle/portfolio:export', 1, 1422039650, 0),
(304, 1, 8, 'moodle/comment:view', 1, 1422039650, 0),
(305, 1, 6, 'moodle/comment:view', 1, 1422039650, 0),
(306, 1, 7, 'moodle/comment:view', 1, 1422039650, 0),
(307, 1, 5, 'moodle/comment:view', 1, 1422039650, 0),
(308, 1, 4, 'moodle/comment:view', 1, 1422039650, 0),
(309, 1, 3, 'moodle/comment:view', 1, 1422039650, 0),
(310, 1, 1, 'moodle/comment:view', 1, 1422039650, 0),
(311, 1, 7, 'moodle/comment:post', 1, 1422039650, 0),
(312, 1, 5, 'moodle/comment:post', 1, 1422039650, 0),
(313, 1, 4, 'moodle/comment:post', 1, 1422039650, 0),
(314, 1, 3, 'moodle/comment:post', 1, 1422039650, 0),
(315, 1, 1, 'moodle/comment:post', 1, 1422039650, 0),
(316, 1, 3, 'moodle/comment:delete', 1, 1422039650, 0),
(317, 1, 1, 'moodle/comment:delete', 1, 1422039650, 0),
(318, 1, 1, 'moodle/webservice:createtoken', 1, 1422039650, 0),
(320, 1, 7, 'moodle/rating:view', 1, 1422039650, 0),
(321, 1, 5, 'moodle/rating:view', 1, 1422039650, 0),
(322, 1, 4, 'moodle/rating:view', 1, 1422039650, 0),
(323, 1, 3, 'moodle/rating:view', 1, 1422039650, 0),
(324, 1, 1, 'moodle/rating:view', 1, 1422039650, 0),
(325, 1, 7, 'moodle/rating:viewany', 1, 1422039650, 0),
(326, 1, 5, 'moodle/rating:viewany', 1, 1422039650, 0),
(327, 1, 4, 'moodle/rating:viewany', 1, 1422039650, 0),
(328, 1, 3, 'moodle/rating:viewany', 1, 1422039650, 0),
(329, 1, 1, 'moodle/rating:viewany', 1, 1422039650, 0),
(330, 1, 7, 'moodle/rating:viewall', 1, 1422039650, 0),
(331, 1, 5, 'moodle/rating:viewall', 1, 1422039650, 0),
(332, 1, 4, 'moodle/rating:viewall', 1, 1422039650, 0),
(333, 1, 3, 'moodle/rating:viewall', 1, 1422039650, 0),
(334, 1, 1, 'moodle/rating:viewall', 1, 1422039650, 0),
(335, 1, 7, 'moodle/rating:rate', 1, 1422039650, 0),
(336, 1, 5, 'moodle/rating:rate', 1, 1422039650, 0),
(337, 1, 4, 'moodle/rating:rate', 1, 1422039650, 0),
(338, 1, 3, 'moodle/rating:rate', 1, 1422039650, 0),
(339, 1, 1, 'moodle/rating:rate', 1, 1422039650, 0),
(340, 1, 1, 'moodle/course:publish', 1, 1422039650, 0),
(341, 1, 4, 'moodle/course:markcomplete', 1, 1422039650, 0),
(342, 1, 3, 'moodle/course:markcomplete', 1, 1422039650, 0),
(343, 1, 1, 'moodle/course:markcomplete', 1, 1422039650, 0),
(344, 1, 1, 'moodle/community:add', 1, 1422039650, 0),
(345, 1, 4, 'moodle/community:add', 1, 1422039650, 0),
(346, 1, 3, 'moodle/community:add', 1, 1422039650, 0),
(347, 1, 1, 'moodle/community:download', 1, 1422039650, 0),
(348, 1, 3, 'moodle/community:download', 1, 1422039650, 0),
(349, 1, 1, 'moodle/badges:manageglobalsettings', 1, 1422039650, 0),
(350, 1, 7, 'moodle/badges:viewbadges', 1, 1422039650, 0),
(351, 1, 7, 'moodle/badges:manageownbadges', 1, 1422039650, 0),
(352, 1, 7, 'moodle/badges:viewotherbadges', 1, 1422039650, 0),
(353, 1, 7, 'moodle/badges:earnbadge', 1, 1422039650, 0),
(354, 1, 1, 'moodle/badges:createbadge', 1, 1422039650, 0),
(355, 1, 3, 'moodle/badges:createbadge', 1, 1422039650, 0),
(356, 1, 1, 'moodle/badges:deletebadge', 1, 1422039650, 0),
(357, 1, 3, 'moodle/badges:deletebadge', 1, 1422039650, 0),
(358, 1, 1, 'moodle/badges:configuredetails', 1, 1422039650, 0),
(359, 1, 3, 'moodle/badges:configuredetails', 1, 1422039650, 0),
(360, 1, 1, 'moodle/badges:configurecriteria', 1, 1422039650, 0),
(361, 1, 3, 'moodle/badges:configurecriteria', 1, 1422039650, 0),
(362, 1, 1, 'moodle/badges:configuremessages', 1, 1422039650, 0),
(363, 1, 3, 'moodle/badges:configuremessages', 1, 1422039650, 0),
(364, 1, 1, 'moodle/badges:awardbadge', 1, 1422039650, 0),
(365, 1, 4, 'moodle/badges:awardbadge', 1, 1422039650, 0),
(366, 1, 3, 'moodle/badges:awardbadge', 1, 1422039650, 0),
(367, 1, 1, 'moodle/badges:viewawarded', 1, 1422039650, 0),
(368, 1, 4, 'moodle/badges:viewawarded', 1, 1422039650, 0),
(369, 1, 3, 'moodle/badges:viewawarded', 1, 1422039650, 0),
(370, 1, 6, 'mod/assign:view', 1, 1422039654, 0),
(371, 1, 5, 'mod/assign:view', 1, 1422039654, 0),
(372, 1, 4, 'mod/assign:view', 1, 1422039654, 0),
(373, 1, 3, 'mod/assign:view', 1, 1422039654, 0),
(374, 1, 1, 'mod/assign:view', 1, 1422039654, 0),
(375, 1, 5, 'mod/assign:submit', 1, 1422039654, 0),
(376, 1, 4, 'mod/assign:grade', 1, 1422039654, 0),
(377, 1, 3, 'mod/assign:grade', 1, 1422039654, 0),
(378, 1, 1, 'mod/assign:grade', 1, 1422039654, 0),
(379, 1, 4, 'mod/assign:exportownsubmission', 1, 1422039654, 0),
(380, 1, 3, 'mod/assign:exportownsubmission', 1, 1422039654, 0),
(381, 1, 1, 'mod/assign:exportownsubmission', 1, 1422039654, 0),
(382, 1, 5, 'mod/assign:exportownsubmission', 1, 1422039654, 0),
(383, 1, 3, 'mod/assign:addinstance', 1, 1422039654, 0),
(384, 1, 1, 'mod/assign:addinstance', 1, 1422039654, 0),
(385, 1, 4, 'mod/assign:grantextension', 1, 1422039654, 0),
(386, 1, 3, 'mod/assign:grantextension', 1, 1422039654, 0),
(387, 1, 1, 'mod/assign:grantextension', 1, 1422039654, 0),
(388, 1, 3, 'mod/assign:revealidentities', 1, 1422039654, 0),
(389, 1, 1, 'mod/assign:revealidentities', 1, 1422039654, 0),
(390, 1, 3, 'mod/assign:reviewgrades', 1, 1422039654, 0),
(391, 1, 1, 'mod/assign:reviewgrades', 1, 1422039654, 0),
(392, 1, 3, 'mod/assign:releasegrades', 1, 1422039654, 0),
(393, 1, 1, 'mod/assign:releasegrades', 1, 1422039654, 0),
(394, 1, 3, 'mod/assign:managegrades', 1, 1422039654, 0),
(395, 1, 1, 'mod/assign:managegrades', 1, 1422039654, 0),
(396, 1, 3, 'mod/assign:manageallocations', 1, 1422039654, 0),
(397, 1, 1, 'mod/assign:manageallocations', 1, 1422039654, 0),
(398, 1, 3, 'mod/assign:viewgrades', 1, 1422039654, 0),
(399, 1, 1, 'mod/assign:viewgrades', 1, 1422039654, 0),
(400, 1, 4, 'mod/assign:viewgrades', 1, 1422039654, 0),
(401, 1, 1, 'mod/assign:viewblinddetails', 1, 1422039654, 0),
(402, 1, 4, 'mod/assign:receivegradernotifications', 1, 1422039654, 0),
(403, 1, 3, 'mod/assign:receivegradernotifications', 1, 1422039654, 0),
(404, 1, 1, 'mod/assign:receivegradernotifications', 1, 1422039654, 0),
(405, 1, 6, 'mod/assignment:view', 1, 1422039654, 0),
(406, 1, 5, 'mod/assignment:view', 1, 1422039654, 0),
(407, 1, 4, 'mod/assignment:view', 1, 1422039654, 0),
(408, 1, 3, 'mod/assignment:view', 1, 1422039654, 0),
(409, 1, 1, 'mod/assignment:view', 1, 1422039654, 0),
(410, 1, 3, 'mod/assignment:addinstance', 1, 1422039654, 0),
(411, 1, 1, 'mod/assignment:addinstance', 1, 1422039654, 0),
(412, 1, 5, 'mod/assignment:submit', 1, 1422039654, 0),
(413, 1, 4, 'mod/assignment:grade', 1, 1422039654, 0),
(414, 1, 3, 'mod/assignment:grade', 1, 1422039654, 0),
(415, 1, 1, 'mod/assignment:grade', 1, 1422039655, 0),
(416, 1, 4, 'mod/assignment:exportownsubmission', 1, 1422039655, 0),
(417, 1, 3, 'mod/assignment:exportownsubmission', 1, 1422039655, 0),
(418, 1, 1, 'mod/assignment:exportownsubmission', 1, 1422039655, 0),
(419, 1, 5, 'mod/assignment:exportownsubmission', 1, 1422039655, 0),
(420, 1, 3, 'mod/book:addinstance', 1, 1422039655, 0),
(421, 1, 1, 'mod/book:addinstance', 1, 1422039655, 0),
(422, 1, 6, 'mod/book:read', 1, 1422039655, 0),
(423, 1, 8, 'mod/book:read', 1, 1422039655, 0),
(424, 1, 5, 'mod/book:read', 1, 1422039655, 0),
(425, 1, 4, 'mod/book:read', 1, 1422039655, 0),
(426, 1, 3, 'mod/book:read', 1, 1422039655, 0),
(427, 1, 1, 'mod/book:read', 1, 1422039655, 0),
(428, 1, 4, 'mod/book:viewhiddenchapters', 1, 1422039655, 0),
(429, 1, 3, 'mod/book:viewhiddenchapters', 1, 1422039655, 0),
(430, 1, 1, 'mod/book:viewhiddenchapters', 1, 1422039655, 0),
(431, 1, 3, 'mod/book:edit', 1, 1422039655, 0),
(432, 1, 1, 'mod/book:edit', 1, 1422039655, 0),
(433, 1, 3, 'mod/chat:addinstance', 1, 1422039655, 0),
(434, 1, 1, 'mod/chat:addinstance', 1, 1422039655, 0),
(435, 1, 5, 'mod/chat:chat', 1, 1422039655, 0),
(436, 1, 4, 'mod/chat:chat', 1, 1422039655, 0),
(437, 1, 3, 'mod/chat:chat', 1, 1422039655, 0),
(438, 1, 1, 'mod/chat:chat', 1, 1422039655, 0),
(439, 1, 5, 'mod/chat:readlog', 1, 1422039655, 0),
(440, 1, 4, 'mod/chat:readlog', 1, 1422039655, 0),
(441, 1, 3, 'mod/chat:readlog', 1, 1422039655, 0),
(442, 1, 1, 'mod/chat:readlog', 1, 1422039655, 0),
(443, 1, 4, 'mod/chat:deletelog', 1, 1422039655, 0),
(444, 1, 3, 'mod/chat:deletelog', 1, 1422039655, 0),
(445, 1, 1, 'mod/chat:deletelog', 1, 1422039655, 0),
(446, 1, 4, 'mod/chat:exportparticipatedsession', 1, 1422039655, 0),
(447, 1, 3, 'mod/chat:exportparticipatedsession', 1, 1422039655, 0),
(448, 1, 1, 'mod/chat:exportparticipatedsession', 1, 1422039655, 0),
(449, 1, 4, 'mod/chat:exportsession', 1, 1422039655, 0),
(450, 1, 3, 'mod/chat:exportsession', 1, 1422039655, 0),
(451, 1, 1, 'mod/chat:exportsession', 1, 1422039655, 0),
(452, 1, 3, 'mod/choice:addinstance', 1, 1422039655, 0),
(453, 1, 1, 'mod/choice:addinstance', 1, 1422039655, 0),
(454, 1, 5, 'mod/choice:choose', 1, 1422039655, 0),
(455, 1, 4, 'mod/choice:choose', 1, 1422039655, 0),
(456, 1, 3, 'mod/choice:choose', 1, 1422039655, 0),
(457, 1, 4, 'mod/choice:readresponses', 1, 1422039655, 0),
(458, 1, 3, 'mod/choice:readresponses', 1, 1422039655, 0),
(459, 1, 1, 'mod/choice:readresponses', 1, 1422039655, 0),
(460, 1, 4, 'mod/choice:deleteresponses', 1, 1422039655, 0),
(461, 1, 3, 'mod/choice:deleteresponses', 1, 1422039655, 0),
(462, 1, 1, 'mod/choice:deleteresponses', 1, 1422039655, 0),
(463, 1, 4, 'mod/choice:downloadresponses', 1, 1422039655, 0),
(464, 1, 3, 'mod/choice:downloadresponses', 1, 1422039655, 0),
(465, 1, 1, 'mod/choice:downloadresponses', 1, 1422039655, 0),
(466, 1, 3, 'mod/data:addinstance', 1, 1422039655, 0),
(467, 1, 1, 'mod/data:addinstance', 1, 1422039655, 0),
(468, 1, 8, 'mod/data:viewentry', 1, 1422039655, 0),
(469, 1, 6, 'mod/data:viewentry', 1, 1422039655, 0),
(470, 1, 5, 'mod/data:viewentry', 1, 1422039655, 0),
(471, 1, 4, 'mod/data:viewentry', 1, 1422039655, 0),
(472, 1, 3, 'mod/data:viewentry', 1, 1422039655, 0),
(473, 1, 1, 'mod/data:viewentry', 1, 1422039655, 0),
(474, 1, 5, 'mod/data:writeentry', 1, 1422039655, 0),
(475, 1, 4, 'mod/data:writeentry', 1, 1422039655, 0),
(476, 1, 3, 'mod/data:writeentry', 1, 1422039655, 0),
(477, 1, 1, 'mod/data:writeentry', 1, 1422039655, 0),
(478, 1, 5, 'mod/data:comment', 1, 1422039655, 0),
(479, 1, 4, 'mod/data:comment', 1, 1422039655, 0),
(480, 1, 3, 'mod/data:comment', 1, 1422039655, 0),
(481, 1, 1, 'mod/data:comment', 1, 1422039655, 0),
(482, 1, 4, 'mod/data:rate', 1, 1422039655, 0),
(483, 1, 3, 'mod/data:rate', 1, 1422039655, 0),
(484, 1, 1, 'mod/data:rate', 1, 1422039655, 0),
(485, 1, 4, 'mod/data:viewrating', 1, 1422039655, 0),
(486, 1, 3, 'mod/data:viewrating', 1, 1422039655, 0),
(487, 1, 1, 'mod/data:viewrating', 1, 1422039655, 0),
(488, 1, 4, 'mod/data:viewanyrating', 1, 1422039655, 0),
(489, 1, 3, 'mod/data:viewanyrating', 1, 1422039655, 0),
(490, 1, 1, 'mod/data:viewanyrating', 1, 1422039655, 0),
(491, 1, 4, 'mod/data:viewallratings', 1, 1422039655, 0),
(492, 1, 3, 'mod/data:viewallratings', 1, 1422039655, 0),
(493, 1, 1, 'mod/data:viewallratings', 1, 1422039655, 0),
(494, 1, 4, 'mod/data:approve', 1, 1422039655, 0),
(495, 1, 3, 'mod/data:approve', 1, 1422039655, 0),
(496, 1, 1, 'mod/data:approve', 1, 1422039655, 0),
(497, 1, 4, 'mod/data:manageentries', 1, 1422039655, 0),
(498, 1, 3, 'mod/data:manageentries', 1, 1422039655, 0),
(499, 1, 1, 'mod/data:manageentries', 1, 1422039655, 0),
(500, 1, 4, 'mod/data:managecomments', 1, 1422039655, 0),
(501, 1, 3, 'mod/data:managecomments', 1, 1422039655, 0),
(502, 1, 1, 'mod/data:managecomments', 1, 1422039655, 0),
(503, 1, 3, 'mod/data:managetemplates', 1, 1422039655, 0),
(504, 1, 1, 'mod/data:managetemplates', 1, 1422039655, 0),
(505, 1, 4, 'mod/data:viewalluserpresets', 1, 1422039655, 0),
(506, 1, 3, 'mod/data:viewalluserpresets', 1, 1422039655, 0),
(507, 1, 1, 'mod/data:viewalluserpresets', 1, 1422039655, 0),
(508, 1, 1, 'mod/data:manageuserpresets', 1, 1422039655, 0),
(509, 1, 1, 'mod/data:exportentry', 1, 1422039655, 0),
(510, 1, 4, 'mod/data:exportentry', 1, 1422039655, 0),
(511, 1, 3, 'mod/data:exportentry', 1, 1422039655, 0),
(512, 1, 1, 'mod/data:exportownentry', 1, 1422039655, 0),
(513, 1, 4, 'mod/data:exportownentry', 1, 1422039655, 0),
(514, 1, 3, 'mod/data:exportownentry', 1, 1422039655, 0),
(515, 1, 5, 'mod/data:exportownentry', 1, 1422039655, 0),
(516, 1, 1, 'mod/data:exportallentries', 1, 1422039655, 0),
(517, 1, 4, 'mod/data:exportallentries', 1, 1422039655, 0),
(518, 1, 3, 'mod/data:exportallentries', 1, 1422039655, 0),
(519, 1, 1, 'mod/data:exportuserinfo', 1, 1422039655, 0),
(520, 1, 4, 'mod/data:exportuserinfo', 1, 1422039655, 0),
(521, 1, 3, 'mod/data:exportuserinfo', 1, 1422039655, 0),
(522, 1, 3, 'mod/feedback:addinstance', 1, 1422039655, 0),
(523, 1, 1, 'mod/feedback:addinstance', 1, 1422039655, 0),
(524, 1, 6, 'mod/feedback:view', 1, 1422039655, 0),
(525, 1, 5, 'mod/feedback:view', 1, 1422039655, 0),
(526, 1, 4, 'mod/feedback:view', 1, 1422039655, 0),
(527, 1, 3, 'mod/feedback:view', 1, 1422039655, 0),
(528, 1, 1, 'mod/feedback:view', 1, 1422039655, 0),
(529, 1, 5, 'mod/feedback:complete', 1, 1422039655, 0),
(530, 1, 5, 'mod/feedback:viewanalysepage', 1, 1422039655, 0),
(531, 1, 3, 'mod/feedback:viewanalysepage', 1, 1422039655, 0),
(532, 1, 1, 'mod/feedback:viewanalysepage', 1, 1422039655, 0),
(533, 1, 3, 'mod/feedback:deletesubmissions', 1, 1422039655, 0),
(534, 1, 1, 'mod/feedback:deletesubmissions', 1, 1422039655, 0),
(535, 1, 1, 'mod/feedback:mapcourse', 1, 1422039655, 0),
(536, 1, 3, 'mod/feedback:edititems', 1, 1422039655, 0),
(537, 1, 1, 'mod/feedback:edititems', 1, 1422039655, 0),
(538, 1, 3, 'mod/feedback:createprivatetemplate', 1, 1422039655, 0),
(539, 1, 1, 'mod/feedback:createprivatetemplate', 1, 1422039655, 0),
(540, 1, 3, 'mod/feedback:createpublictemplate', 1, 1422039655, 0),
(541, 1, 1, 'mod/feedback:createpublictemplate', 1, 1422039655, 0),
(542, 1, 3, 'mod/feedback:deletetemplate', 1, 1422039655, 0),
(543, 1, 1, 'mod/feedback:deletetemplate', 1, 1422039655, 0),
(544, 1, 4, 'mod/feedback:viewreports', 1, 1422039655, 0),
(545, 1, 3, 'mod/feedback:viewreports', 1, 1422039655, 0),
(546, 1, 1, 'mod/feedback:viewreports', 1, 1422039655, 0),
(547, 1, 4, 'mod/feedback:receivemail', 1, 1422039655, 0),
(548, 1, 3, 'mod/feedback:receivemail', 1, 1422039655, 0),
(549, 1, 3, 'mod/folder:addinstance', 1, 1422039655, 0),
(550, 1, 1, 'mod/folder:addinstance', 1, 1422039655, 0),
(551, 1, 6, 'mod/folder:view', 1, 1422039655, 0),
(552, 1, 7, 'mod/folder:view', 1, 1422039655, 0),
(553, 1, 3, 'mod/folder:managefiles', 1, 1422039655, 0),
(554, 1, 3, 'mod/forum:addinstance', 1, 1422039655, 0),
(555, 1, 1, 'mod/forum:addinstance', 1, 1422039655, 0),
(556, 1, 8, 'mod/forum:viewdiscussion', 1, 1422039655, 0),
(557, 1, 6, 'mod/forum:viewdiscussion', 1, 1422039655, 0),
(558, 1, 5, 'mod/forum:viewdiscussion', 1, 1422039655, 0),
(559, 1, 4, 'mod/forum:viewdiscussion', 1, 1422039655, 0),
(560, 1, 3, 'mod/forum:viewdiscussion', 1, 1422039655, 0),
(561, 1, 1, 'mod/forum:viewdiscussion', 1, 1422039655, 0),
(562, 1, 4, 'mod/forum:viewhiddentimedposts', 1, 1422039655, 0),
(563, 1, 3, 'mod/forum:viewhiddentimedposts', 1, 1422039655, 0),
(564, 1, 1, 'mod/forum:viewhiddentimedposts', 1, 1422039655, 0),
(565, 1, 5, 'mod/forum:startdiscussion', 1, 1422039655, 0),
(566, 1, 4, 'mod/forum:startdiscussion', 1, 1422039655, 0),
(567, 1, 3, 'mod/forum:startdiscussion', 1, 1422039655, 0),
(568, 1, 1, 'mod/forum:startdiscussion', 1, 1422039655, 0),
(569, 1, 5, 'mod/forum:replypost', 1, 1422039655, 0),
(570, 1, 4, 'mod/forum:replypost', 1, 1422039655, 0),
(571, 1, 3, 'mod/forum:replypost', 1, 1422039655, 0),
(572, 1, 1, 'mod/forum:replypost', 1, 1422039655, 0),
(573, 1, 4, 'mod/forum:addnews', 1, 1422039655, 0),
(574, 1, 3, 'mod/forum:addnews', 1, 1422039655, 0),
(575, 1, 1, 'mod/forum:addnews', 1, 1422039655, 0),
(576, 1, 4, 'mod/forum:replynews', 1, 1422039655, 0),
(577, 1, 3, 'mod/forum:replynews', 1, 1422039655, 0),
(578, 1, 1, 'mod/forum:replynews', 1, 1422039655, 0),
(579, 1, 5, 'mod/forum:viewrating', 1, 1422039655, 0),
(580, 1, 4, 'mod/forum:viewrating', 1, 1422039655, 0),
(581, 1, 3, 'mod/forum:viewrating', 1, 1422039655, 0),
(582, 1, 1, 'mod/forum:viewrating', 1, 1422039655, 0),
(583, 1, 4, 'mod/forum:viewanyrating', 1, 1422039655, 0),
(584, 1, 3, 'mod/forum:viewanyrating', 1, 1422039655, 0),
(585, 1, 1, 'mod/forum:viewanyrating', 1, 1422039655, 0),
(586, 1, 4, 'mod/forum:viewallratings', 1, 1422039655, 0),
(587, 1, 3, 'mod/forum:viewallratings', 1, 1422039655, 0),
(588, 1, 1, 'mod/forum:viewallratings', 1, 1422039655, 0),
(589, 1, 4, 'mod/forum:rate', 1, 1422039655, 0),
(590, 1, 3, 'mod/forum:rate', 1, 1422039655, 0),
(591, 1, 1, 'mod/forum:rate', 1, 1422039655, 0),
(592, 1, 5, 'mod/forum:createattachment', 1, 1422039656, 0),
(593, 1, 4, 'mod/forum:createattachment', 1, 1422039656, 0),
(594, 1, 3, 'mod/forum:createattachment', 1, 1422039656, 0),
(595, 1, 1, 'mod/forum:createattachment', 1, 1422039656, 0),
(596, 1, 5, 'mod/forum:deleteownpost', 1, 1422039656, 0),
(597, 1, 4, 'mod/forum:deleteownpost', 1, 1422039656, 0),
(598, 1, 3, 'mod/forum:deleteownpost', 1, 1422039656, 0),
(599, 1, 1, 'mod/forum:deleteownpost', 1, 1422039656, 0),
(600, 1, 4, 'mod/forum:deleteanypost', 1, 1422039656, 0),
(601, 1, 3, 'mod/forum:deleteanypost', 1, 1422039656, 0),
(602, 1, 1, 'mod/forum:deleteanypost', 1, 1422039656, 0),
(603, 1, 4, 'mod/forum:splitdiscussions', 1, 1422039656, 0),
(604, 1, 3, 'mod/forum:splitdiscussions', 1, 1422039656, 0),
(605, 1, 1, 'mod/forum:splitdiscussions', 1, 1422039656, 0),
(606, 1, 4, 'mod/forum:movediscussions', 1, 1422039656, 0),
(607, 1, 3, 'mod/forum:movediscussions', 1, 1422039656, 0),
(608, 1, 1, 'mod/forum:movediscussions', 1, 1422039656, 0),
(609, 1, 4, 'mod/forum:editanypost', 1, 1422039656, 0),
(610, 1, 3, 'mod/forum:editanypost', 1, 1422039656, 0),
(611, 1, 1, 'mod/forum:editanypost', 1, 1422039656, 0),
(612, 1, 4, 'mod/forum:viewqandawithoutposting', 1, 1422039656, 0),
(613, 1, 3, 'mod/forum:viewqandawithoutposting', 1, 1422039656, 0),
(614, 1, 1, 'mod/forum:viewqandawithoutposting', 1, 1422039656, 0),
(615, 1, 4, 'mod/forum:viewsubscribers', 1, 1422039656, 0),
(616, 1, 3, 'mod/forum:viewsubscribers', 1, 1422039656, 0),
(617, 1, 1, 'mod/forum:viewsubscribers', 1, 1422039656, 0),
(618, 1, 4, 'mod/forum:managesubscriptions', 1, 1422039656, 0),
(619, 1, 3, 'mod/forum:managesubscriptions', 1, 1422039656, 0),
(620, 1, 1, 'mod/forum:managesubscriptions', 1, 1422039656, 0),
(621, 1, 4, 'mod/forum:postwithoutthrottling', 1, 1422039656, 0),
(622, 1, 3, 'mod/forum:postwithoutthrottling', 1, 1422039656, 0),
(623, 1, 1, 'mod/forum:postwithoutthrottling', 1, 1422039656, 0),
(624, 1, 4, 'mod/forum:exportdiscussion', 1, 1422039656, 0),
(625, 1, 3, 'mod/forum:exportdiscussion', 1, 1422039656, 0),
(626, 1, 1, 'mod/forum:exportdiscussion', 1, 1422039656, 0),
(627, 1, 4, 'mod/forum:exportpost', 1, 1422039656, 0),
(628, 1, 3, 'mod/forum:exportpost', 1, 1422039656, 0),
(629, 1, 1, 'mod/forum:exportpost', 1, 1422039656, 0),
(630, 1, 4, 'mod/forum:exportownpost', 1, 1422039656, 0),
(631, 1, 3, 'mod/forum:exportownpost', 1, 1422039656, 0),
(632, 1, 1, 'mod/forum:exportownpost', 1, 1422039656, 0),
(633, 1, 5, 'mod/forum:exportownpost', 1, 1422039656, 0),
(634, 1, 4, 'mod/forum:addquestion', 1, 1422039656, 0),
(635, 1, 3, 'mod/forum:addquestion', 1, 1422039656, 0),
(636, 1, 1, 'mod/forum:addquestion', 1, 1422039656, 0),
(637, 1, 5, 'mod/forum:allowforcesubscribe', 1, 1422039656, 0),
(638, 1, 4, 'mod/forum:allowforcesubscribe', 1, 1422039656, 0),
(639, 1, 3, 'mod/forum:allowforcesubscribe', 1, 1422039656, 0),
(640, 1, 8, 'mod/forum:allowforcesubscribe', 1, 1422039656, 0),
(641, 1, 3, 'mod/glossary:addinstance', 1, 1422039656, 0),
(642, 1, 1, 'mod/glossary:addinstance', 1, 1422039656, 0),
(643, 1, 8, 'mod/glossary:view', 1, 1422039656, 0),
(644, 1, 6, 'mod/glossary:view', 1, 1422039656, 0),
(645, 1, 5, 'mod/glossary:view', 1, 1422039656, 0),
(646, 1, 4, 'mod/glossary:view', 1, 1422039656, 0),
(647, 1, 3, 'mod/glossary:view', 1, 1422039656, 0),
(648, 1, 1, 'mod/glossary:view', 1, 1422039656, 0),
(649, 1, 5, 'mod/glossary:write', 1, 1422039656, 0),
(650, 1, 4, 'mod/glossary:write', 1, 1422039656, 0),
(651, 1, 3, 'mod/glossary:write', 1, 1422039656, 0),
(652, 1, 1, 'mod/glossary:write', 1, 1422039656, 0),
(653, 1, 4, 'mod/glossary:manageentries', 1, 1422039656, 0),
(654, 1, 3, 'mod/glossary:manageentries', 1, 1422039656, 0),
(655, 1, 1, 'mod/glossary:manageentries', 1, 1422039656, 0),
(656, 1, 4, 'mod/glossary:managecategories', 1, 1422039656, 0),
(657, 1, 3, 'mod/glossary:managecategories', 1, 1422039656, 0),
(658, 1, 1, 'mod/glossary:managecategories', 1, 1422039656, 0),
(659, 1, 5, 'mod/glossary:comment', 1, 1422039656, 0),
(660, 1, 4, 'mod/glossary:comment', 1, 1422039656, 0),
(661, 1, 3, 'mod/glossary:comment', 1, 1422039656, 0),
(662, 1, 1, 'mod/glossary:comment', 1, 1422039656, 0),
(663, 1, 4, 'mod/glossary:managecomments', 1, 1422039656, 0),
(664, 1, 3, 'mod/glossary:managecomments', 1, 1422039656, 0),
(665, 1, 1, 'mod/glossary:managecomments', 1, 1422039656, 0),
(666, 1, 4, 'mod/glossary:import', 1, 1422039656, 0),
(667, 1, 3, 'mod/glossary:import', 1, 1422039656, 0),
(668, 1, 1, 'mod/glossary:import', 1, 1422039656, 0),
(669, 1, 4, 'mod/glossary:export', 1, 1422039656, 0),
(670, 1, 3, 'mod/glossary:export', 1, 1422039656, 0),
(671, 1, 1, 'mod/glossary:export', 1, 1422039656, 0),
(672, 1, 4, 'mod/glossary:approve', 1, 1422039656, 0),
(673, 1, 3, 'mod/glossary:approve', 1, 1422039656, 0),
(674, 1, 1, 'mod/glossary:approve', 1, 1422039656, 0),
(675, 1, 4, 'mod/glossary:rate', 1, 1422039656, 0),
(676, 1, 3, 'mod/glossary:rate', 1, 1422039656, 0),
(677, 1, 1, 'mod/glossary:rate', 1, 1422039656, 0),
(678, 1, 4, 'mod/glossary:viewrating', 1, 1422039656, 0),
(679, 1, 3, 'mod/glossary:viewrating', 1, 1422039656, 0),
(680, 1, 1, 'mod/glossary:viewrating', 1, 1422039656, 0),
(681, 1, 4, 'mod/glossary:viewanyrating', 1, 1422039656, 0),
(682, 1, 3, 'mod/glossary:viewanyrating', 1, 1422039656, 0),
(683, 1, 1, 'mod/glossary:viewanyrating', 1, 1422039656, 0),
(684, 1, 4, 'mod/glossary:viewallratings', 1, 1422039656, 0),
(685, 1, 3, 'mod/glossary:viewallratings', 1, 1422039656, 0),
(686, 1, 1, 'mod/glossary:viewallratings', 1, 1422039656, 0),
(687, 1, 4, 'mod/glossary:exportentry', 1, 1422039656, 0),
(688, 1, 3, 'mod/glossary:exportentry', 1, 1422039656, 0),
(689, 1, 1, 'mod/glossary:exportentry', 1, 1422039656, 0),
(690, 1, 4, 'mod/glossary:exportownentry', 1, 1422039656, 0),
(691, 1, 3, 'mod/glossary:exportownentry', 1, 1422039656, 0),
(692, 1, 1, 'mod/glossary:exportownentry', 1, 1422039656, 0),
(693, 1, 5, 'mod/glossary:exportownentry', 1, 1422039656, 0),
(694, 1, 6, 'mod/imscp:view', 1, 1422039656, 0),
(695, 1, 7, 'mod/imscp:view', 1, 1422039656, 0),
(696, 1, 3, 'mod/imscp:addinstance', 1, 1422039656, 0),
(697, 1, 1, 'mod/imscp:addinstance', 1, 1422039656, 0),
(698, 1, 3, 'mod/label:addinstance', 1, 1422039656, 0),
(699, 1, 1, 'mod/label:addinstance', 1, 1422039656, 0),
(700, 1, 3, 'mod/lesson:addinstance', 1, 1422039656, 0),
(701, 1, 1, 'mod/lesson:addinstance', 1, 1422039656, 0),
(702, 1, 3, 'mod/lesson:edit', 1, 1422039656, 0),
(703, 1, 1, 'mod/lesson:edit', 1, 1422039656, 0),
(704, 1, 4, 'mod/lesson:grade', 1, 1422039656, 0),
(705, 1, 3, 'mod/lesson:grade', 1, 1422039656, 0),
(706, 1, 1, 'mod/lesson:grade', 1, 1422039656, 0),
(707, 1, 4, 'mod/lesson:manage', 1, 1422039656, 0),
(708, 1, 3, 'mod/lesson:manage', 1, 1422039656, 0),
(709, 1, 1, 'mod/lesson:manage', 1, 1422039656, 0),
(710, 1, 5, 'mod/lti:view', 1, 1422039656, 0),
(711, 1, 4, 'mod/lti:view', 1, 1422039656, 0),
(712, 1, 3, 'mod/lti:view', 1, 1422039656, 0),
(713, 1, 1, 'mod/lti:view', 1, 1422039656, 0),
(714, 1, 3, 'mod/lti:addinstance', 1, 1422039656, 0),
(715, 1, 1, 'mod/lti:addinstance', 1, 1422039656, 0),
(716, 1, 4, 'mod/lti:manage', 1, 1422039656, 0),
(717, 1, 3, 'mod/lti:manage', 1, 1422039656, 0),
(718, 1, 1, 'mod/lti:manage', 1, 1422039656, 0),
(719, 1, 3, 'mod/lti:addcoursetool', 1, 1422039656, 0),
(720, 1, 1, 'mod/lti:addcoursetool', 1, 1422039656, 0),
(721, 1, 3, 'mod/lti:requesttooladd', 1, 1422039656, 0),
(722, 1, 1, 'mod/lti:requesttooladd', 1, 1422039656, 0),
(723, 1, 6, 'mod/page:view', 1, 1422039656, 0),
(724, 1, 7, 'mod/page:view', 1, 1422039656, 0),
(725, 1, 3, 'mod/page:addinstance', 1, 1422039656, 0),
(726, 1, 1, 'mod/page:addinstance', 1, 1422039656, 0),
(727, 1, 6, 'mod/quiz:view', 1, 1422039656, 0),
(728, 1, 5, 'mod/quiz:view', 1, 1422039656, 0),
(729, 1, 4, 'mod/quiz:view', 1, 1422039656, 0),
(730, 1, 3, 'mod/quiz:view', 1, 1422039656, 0),
(731, 1, 1, 'mod/quiz:view', 1, 1422039656, 0),
(732, 1, 3, 'mod/quiz:addinstance', 1, 1422039656, 0),
(733, 1, 1, 'mod/quiz:addinstance', 1, 1422039656, 0),
(734, 1, 5, 'mod/quiz:attempt', 1, 1422039656, 0),
(735, 1, 5, 'mod/quiz:reviewmyattempts', 1, 1422039656, 0),
(736, 1, 3, 'mod/quiz:manage', 1, 1422039656, 0),
(737, 1, 1, 'mod/quiz:manage', 1, 1422039656, 0),
(738, 1, 3, 'mod/quiz:manageoverrides', 1, 1422039656, 0),
(739, 1, 1, 'mod/quiz:manageoverrides', 1, 1422039656, 0),
(740, 1, 4, 'mod/quiz:preview', 1, 1422039656, 0),
(741, 1, 3, 'mod/quiz:preview', 1, 1422039656, 0),
(742, 1, 1, 'mod/quiz:preview', 1, 1422039656, 0),
(743, 1, 4, 'mod/quiz:grade', 1, 1422039656, 0),
(744, 1, 3, 'mod/quiz:grade', 1, 1422039656, 0),
(745, 1, 1, 'mod/quiz:grade', 1, 1422039656, 0),
(746, 1, 4, 'mod/quiz:regrade', 1, 1422039656, 0),
(747, 1, 3, 'mod/quiz:regrade', 1, 1422039656, 0),
(748, 1, 1, 'mod/quiz:regrade', 1, 1422039656, 0),
(749, 1, 4, 'mod/quiz:viewreports', 1, 1422039656, 0),
(750, 1, 3, 'mod/quiz:viewreports', 1, 1422039656, 0),
(751, 1, 1, 'mod/quiz:viewreports', 1, 1422039656, 0),
(752, 1, 3, 'mod/quiz:deleteattempts', 1, 1422039656, 0),
(753, 1, 1, 'mod/quiz:deleteattempts', 1, 1422039656, 0),
(754, 1, 6, 'mod/resource:view', 1, 1422039657, 0),
(755, 1, 7, 'mod/resource:view', 1, 1422039657, 0),
(756, 1, 3, 'mod/resource:addinstance', 1, 1422039657, 0),
(757, 1, 1, 'mod/resource:addinstance', 1, 1422039657, 0),
(758, 1, 3, 'mod/scorm:addinstance', 1, 1422039657, 0),
(759, 1, 1, 'mod/scorm:addinstance', 1, 1422039657, 0),
(760, 1, 4, 'mod/scorm:viewreport', 1, 1422039657, 0),
(761, 1, 3, 'mod/scorm:viewreport', 1, 1422039657, 0),
(762, 1, 1, 'mod/scorm:viewreport', 1, 1422039657, 0),
(763, 1, 5, 'mod/scorm:skipview', 1, 1422039657, 0),
(764, 1, 5, 'mod/scorm:savetrack', 1, 1422039657, 0),
(765, 1, 4, 'mod/scorm:savetrack', 1, 1422039657, 0),
(766, 1, 3, 'mod/scorm:savetrack', 1, 1422039657, 0),
(767, 1, 1, 'mod/scorm:savetrack', 1, 1422039657, 0),
(768, 1, 5, 'mod/scorm:viewscores', 1, 1422039657, 0),
(769, 1, 4, 'mod/scorm:viewscores', 1, 1422039657, 0),
(770, 1, 3, 'mod/scorm:viewscores', 1, 1422039657, 0),
(771, 1, 1, 'mod/scorm:viewscores', 1, 1422039657, 0),
(772, 1, 4, 'mod/scorm:deleteresponses', 1, 1422039657, 0),
(773, 1, 3, 'mod/scorm:deleteresponses', 1, 1422039657, 0),
(774, 1, 1, 'mod/scorm:deleteresponses', 1, 1422039657, 0),
(775, 1, 3, 'mod/survey:addinstance', 1, 1422039657, 0),
(776, 1, 1, 'mod/survey:addinstance', 1, 1422039657, 0),
(777, 1, 5, 'mod/survey:participate', 1, 1422039657, 0),
(778, 1, 4, 'mod/survey:participate', 1, 1422039657, 0),
(779, 1, 3, 'mod/survey:participate', 1, 1422039657, 0),
(780, 1, 1, 'mod/survey:participate', 1, 1422039657, 0),
(781, 1, 4, 'mod/survey:readresponses', 1, 1422039657, 0),
(782, 1, 3, 'mod/survey:readresponses', 1, 1422039657, 0),
(783, 1, 1, 'mod/survey:readresponses', 1, 1422039657, 0),
(784, 1, 4, 'mod/survey:download', 1, 1422039657, 0),
(785, 1, 3, 'mod/survey:download', 1, 1422039657, 0),
(786, 1, 1, 'mod/survey:download', 1, 1422039657, 0),
(787, 1, 6, 'mod/url:view', 1, 1422039657, 0),
(788, 1, 7, 'mod/url:view', 1, 1422039657, 0),
(789, 1, 3, 'mod/url:addinstance', 1, 1422039657, 0),
(790, 1, 1, 'mod/url:addinstance', 1, 1422039657, 0),
(791, 1, 3, 'mod/wiki:addinstance', 1, 1422039657, 0),
(792, 1, 1, 'mod/wiki:addinstance', 1, 1422039657, 0),
(793, 1, 6, 'mod/wiki:viewpage', 1, 1422039657, 0),
(794, 1, 5, 'mod/wiki:viewpage', 1, 1422039657, 0),
(795, 1, 4, 'mod/wiki:viewpage', 1, 1422039657, 0),
(796, 1, 3, 'mod/wiki:viewpage', 1, 1422039657, 0),
(797, 1, 1, 'mod/wiki:viewpage', 1, 1422039657, 0),
(798, 1, 5, 'mod/wiki:editpage', 1, 1422039657, 0),
(799, 1, 4, 'mod/wiki:editpage', 1, 1422039657, 0),
(800, 1, 3, 'mod/wiki:editpage', 1, 1422039657, 0),
(801, 1, 1, 'mod/wiki:editpage', 1, 1422039657, 0),
(802, 1, 5, 'mod/wiki:createpage', 1, 1422039657, 0),
(803, 1, 4, 'mod/wiki:createpage', 1, 1422039657, 0),
(804, 1, 3, 'mod/wiki:createpage', 1, 1422039657, 0),
(805, 1, 1, 'mod/wiki:createpage', 1, 1422039657, 0),
(806, 1, 5, 'mod/wiki:viewcomment', 1, 1422039657, 0),
(807, 1, 4, 'mod/wiki:viewcomment', 1, 1422039657, 0),
(808, 1, 3, 'mod/wiki:viewcomment', 1, 1422039657, 0),
(809, 1, 1, 'mod/wiki:viewcomment', 1, 1422039657, 0),
(810, 1, 5, 'mod/wiki:editcomment', 1, 1422039657, 0),
(811, 1, 4, 'mod/wiki:editcomment', 1, 1422039657, 0),
(812, 1, 3, 'mod/wiki:editcomment', 1, 1422039657, 0),
(813, 1, 1, 'mod/wiki:editcomment', 1, 1422039657, 0),
(814, 1, 4, 'mod/wiki:managecomment', 1, 1422039657, 0),
(815, 1, 3, 'mod/wiki:managecomment', 1, 1422039657, 0),
(816, 1, 1, 'mod/wiki:managecomment', 1, 1422039657, 0),
(817, 1, 4, 'mod/wiki:managefiles', 1, 1422039657, 0),
(818, 1, 3, 'mod/wiki:managefiles', 1, 1422039657, 0),
(819, 1, 1, 'mod/wiki:managefiles', 1, 1422039657, 0),
(820, 1, 4, 'mod/wiki:overridelock', 1, 1422039657, 0),
(821, 1, 3, 'mod/wiki:overridelock', 1, 1422039657, 0),
(822, 1, 1, 'mod/wiki:overridelock', 1, 1422039657, 0),
(823, 1, 4, 'mod/wiki:managewiki', 1, 1422039657, 0),
(824, 1, 3, 'mod/wiki:managewiki', 1, 1422039657, 0),
(825, 1, 1, 'mod/wiki:managewiki', 1, 1422039657, 0),
(826, 1, 6, 'mod/workshop:view', 1, 1422039657, 0),
(827, 1, 5, 'mod/workshop:view', 1, 1422039657, 0),
(828, 1, 4, 'mod/workshop:view', 1, 1422039657, 0),
(829, 1, 3, 'mod/workshop:view', 1, 1422039657, 0),
(830, 1, 1, 'mod/workshop:view', 1, 1422039657, 0),
(831, 1, 3, 'mod/workshop:addinstance', 1, 1422039657, 0),
(832, 1, 1, 'mod/workshop:addinstance', 1, 1422039657, 0),
(833, 1, 4, 'mod/workshop:switchphase', 1, 1422039657, 0),
(834, 1, 3, 'mod/workshop:switchphase', 1, 1422039657, 0),
(835, 1, 1, 'mod/workshop:switchphase', 1, 1422039657, 0),
(836, 1, 3, 'mod/workshop:editdimensions', 1, 1422039657, 0),
(837, 1, 1, 'mod/workshop:editdimensions', 1, 1422039657, 0),
(838, 1, 5, 'mod/workshop:submit', 1, 1422039657, 0),
(839, 1, 5, 'mod/workshop:peerassess', 1, 1422039657, 0),
(840, 1, 4, 'mod/workshop:manageexamples', 1, 1422039657, 0),
(841, 1, 3, 'mod/workshop:manageexamples', 1, 1422039657, 0),
(842, 1, 1, 'mod/workshop:manageexamples', 1, 1422039657, 0),
(843, 1, 4, 'mod/workshop:allocate', 1, 1422039657, 0),
(844, 1, 3, 'mod/workshop:allocate', 1, 1422039657, 0),
(845, 1, 1, 'mod/workshop:allocate', 1, 1422039657, 0),
(846, 1, 4, 'mod/workshop:publishsubmissions', 1, 1422039657, 0),
(847, 1, 3, 'mod/workshop:publishsubmissions', 1, 1422039657, 0),
(848, 1, 1, 'mod/workshop:publishsubmissions', 1, 1422039657, 0),
(849, 1, 5, 'mod/workshop:viewauthornames', 1, 1422039657, 0),
(850, 1, 4, 'mod/workshop:viewauthornames', 1, 1422039657, 0),
(851, 1, 3, 'mod/workshop:viewauthornames', 1, 1422039657, 0),
(852, 1, 1, 'mod/workshop:viewauthornames', 1, 1422039657, 0),
(853, 1, 4, 'mod/workshop:viewreviewernames', 1, 1422039657, 0),
(854, 1, 3, 'mod/workshop:viewreviewernames', 1, 1422039657, 0),
(855, 1, 1, 'mod/workshop:viewreviewernames', 1, 1422039657, 0),
(856, 1, 4, 'mod/workshop:viewallsubmissions', 1, 1422039657, 0),
(857, 1, 3, 'mod/workshop:viewallsubmissions', 1, 1422039657, 0),
(858, 1, 1, 'mod/workshop:viewallsubmissions', 1, 1422039657, 0),
(859, 1, 5, 'mod/workshop:viewpublishedsubmissions', 1, 1422039657, 0),
(860, 1, 4, 'mod/workshop:viewpublishedsubmissions', 1, 1422039657, 0),
(861, 1, 3, 'mod/workshop:viewpublishedsubmissions', 1, 1422039657, 0),
(862, 1, 1, 'mod/workshop:viewpublishedsubmissions', 1, 1422039657, 0),
(863, 1, 5, 'mod/workshop:viewauthorpublished', 1, 1422039657, 0),
(864, 1, 4, 'mod/workshop:viewauthorpublished', 1, 1422039657, 0),
(865, 1, 3, 'mod/workshop:viewauthorpublished', 1, 1422039657, 0),
(866, 1, 1, 'mod/workshop:viewauthorpublished', 1, 1422039657, 0),
(867, 1, 4, 'mod/workshop:viewallassessments', 1, 1422039657, 0),
(868, 1, 3, 'mod/workshop:viewallassessments', 1, 1422039657, 0),
(869, 1, 1, 'mod/workshop:viewallassessments', 1, 1422039657, 0),
(870, 1, 4, 'mod/workshop:overridegrades', 1, 1422039657, 0),
(871, 1, 3, 'mod/workshop:overridegrades', 1, 1422039657, 0),
(872, 1, 1, 'mod/workshop:overridegrades', 1, 1422039658, 0),
(873, 1, 4, 'mod/workshop:ignoredeadlines', 1, 1422039658, 0),
(874, 1, 3, 'mod/workshop:ignoredeadlines', 1, 1422039658, 0),
(875, 1, 1, 'mod/workshop:ignoredeadlines', 1, 1422039658, 0),
(876, 1, 1, 'enrol/category:config', 1, 1422039658, 0),
(877, 1, 3, 'enrol/category:config', 1, 1422039658, 0),
(878, 1, 3, 'enrol/cohort:config', 1, 1422039658, 0),
(879, 1, 1, 'enrol/cohort:config', 1, 1422039658, 0),
(880, 1, 1, 'enrol/cohort:unenrol', 1, 1422039658, 0),
(881, 1, 1, 'enrol/database:unenrol', 1, 1422039658, 0),
(882, 1, 1, 'enrol/database:config', 1, 1422039658, 0),
(883, 1, 3, 'enrol/database:config', 1, 1422039658, 0),
(884, 1, 1, 'enrol/guest:config', 1, 1422039658, 0),
(885, 1, 3, 'enrol/guest:config', 1, 1422039658, 0),
(886, 1, 1, 'enrol/imsenterprise:config', 1, 1422039658, 0),
(887, 1, 3, 'enrol/imsenterprise:config', 1, 1422039658, 0),
(888, 1, 1, 'enrol/ldap:manage', 1, 1422039658, 0),
(889, 1, 1, 'enrol/manual:config', 1, 1422039658, 0),
(890, 1, 1, 'enrol/manual:enrol', 1, 1422039658, 0),
(891, 1, 3, 'enrol/manual:enrol', 1, 1422039658, 0),
(892, 1, 1, 'enrol/manual:manage', 1, 1422039658, 0),
(893, 1, 3, 'enrol/manual:manage', 1, 1422039658, 0),
(894, 1, 1, 'enrol/manual:unenrol', 1, 1422039658, 0),
(895, 1, 3, 'enrol/manual:unenrol', 1, 1422039658, 0),
(896, 1, 1, 'enrol/meta:config', 1, 1422039658, 0),
(897, 1, 3, 'enrol/meta:config', 1, 1422039658, 0);
INSERT INTO `mdl_role_capabilities` (`id`, `contextid`, `roleid`, `capability`, `permission`, `timemodified`, `modifierid`) VALUES
(898, 1, 1, 'enrol/meta:selectaslinked', 1, 1422039658, 0),
(899, 1, 1, 'enrol/meta:unenrol', 1, 1422039658, 0),
(900, 1, 1, 'enrol/mnet:config', 1, 1422039658, 0),
(901, 1, 3, 'enrol/mnet:config', 1, 1422039658, 0),
(902, 1, 1, 'enrol/paypal:config', 1, 1422039659, 0),
(903, 1, 1, 'enrol/paypal:manage', 1, 1422039659, 0),
(904, 1, 3, 'enrol/paypal:manage', 1, 1422039659, 0),
(905, 1, 1, 'enrol/paypal:unenrol', 1, 1422039659, 0),
(906, 1, 3, 'enrol/self:config', 1, 1422039659, 0),
(907, 1, 1, 'enrol/self:config', 1, 1422039659, 0),
(908, 1, 3, 'enrol/self:manage', 1, 1422039659, 0),
(909, 1, 1, 'enrol/self:manage', 1, 1422039659, 0),
(910, 1, 5, 'enrol/self:unenrolself', 1, 1422039659, 0),
(911, 1, 3, 'enrol/self:unenrol', 1, 1422039659, 0),
(912, 1, 1, 'enrol/self:unenrol', 1, 1422039659, 0),
(913, 1, 7, 'message/airnotifier:managedevice', 1, 1422039659, 0),
(914, 1, 3, 'block/activity_modules:addinstance', 1, 1422039659, 0),
(915, 1, 1, 'block/activity_modules:addinstance', 1, 1422039659, 0),
(916, 1, 7, 'block/admin_bookmarks:myaddinstance', 1, 1422039659, 0),
(917, 1, 3, 'block/admin_bookmarks:addinstance', 1, 1422039659, 0),
(918, 1, 1, 'block/admin_bookmarks:addinstance', 1, 1422039659, 0),
(919, 1, 3, 'block/badges:addinstance', 1, 1422039659, 0),
(920, 1, 1, 'block/badges:addinstance', 1, 1422039659, 0),
(921, 1, 7, 'block/badges:myaddinstance', 1, 1422039659, 0),
(922, 1, 3, 'block/blog_menu:addinstance', 1, 1422039659, 0),
(923, 1, 1, 'block/blog_menu:addinstance', 1, 1422039659, 0),
(924, 1, 3, 'block/blog_recent:addinstance', 1, 1422039659, 0),
(925, 1, 1, 'block/blog_recent:addinstance', 1, 1422039659, 0),
(926, 1, 3, 'block/blog_tags:addinstance', 1, 1422039659, 0),
(927, 1, 1, 'block/blog_tags:addinstance', 1, 1422039659, 0),
(928, 1, 7, 'block/calendar_month:myaddinstance', 1, 1422039659, 0),
(929, 1, 3, 'block/calendar_month:addinstance', 1, 1422039659, 0),
(930, 1, 1, 'block/calendar_month:addinstance', 1, 1422039659, 0),
(931, 1, 7, 'block/calendar_upcoming:myaddinstance', 1, 1422039659, 0),
(932, 1, 3, 'block/calendar_upcoming:addinstance', 1, 1422039659, 0),
(933, 1, 1, 'block/calendar_upcoming:addinstance', 1, 1422039659, 0),
(934, 1, 7, 'block/comments:myaddinstance', 1, 1422039659, 0),
(935, 1, 3, 'block/comments:addinstance', 1, 1422039659, 0),
(936, 1, 1, 'block/comments:addinstance', 1, 1422039659, 0),
(937, 1, 7, 'block/community:myaddinstance', 1, 1422039659, 0),
(938, 1, 3, 'block/community:addinstance', 1, 1422039659, 0),
(939, 1, 1, 'block/community:addinstance', 1, 1422039659, 0),
(942, 1, 7, 'block/course_list:myaddinstance', 1, 1422039659, 0),
(943, 1, 3, 'block/course_list:addinstance', 1, 1422039659, 0),
(944, 1, 1, 'block/course_list:addinstance', 1, 1422039659, 0),
(945, 1, 7, 'block/course_overview:myaddinstance', 1, 1422039659, 0),
(946, 1, 3, 'block/course_overview:addinstance', 1, 1422039659, 0),
(947, 1, 1, 'block/course_overview:addinstance', 1, 1422039659, 0),
(948, 1, 3, 'block/course_summary:addinstance', 1, 1422039659, 0),
(949, 1, 1, 'block/course_summary:addinstance', 1, 1422039659, 0),
(950, 1, 3, 'block/feedback:addinstance', 1, 1422039659, 0),
(951, 1, 1, 'block/feedback:addinstance', 1, 1422039659, 0),
(952, 1, 7, 'block/glossary_random:myaddinstance', 1, 1422039660, 0),
(953, 1, 3, 'block/glossary_random:addinstance', 1, 1422039660, 0),
(954, 1, 1, 'block/glossary_random:addinstance', 1, 1422039660, 0),
(955, 1, 7, 'block/html:myaddinstance', 1, 1422039660, 0),
(956, 1, 3, 'block/html:addinstance', 1, 1422039660, 0),
(957, 1, 1, 'block/html:addinstance', 1, 1422039660, 0),
(958, 1, 3, 'block/login:addinstance', 1, 1422039660, 0),
(959, 1, 1, 'block/login:addinstance', 1, 1422039660, 0),
(960, 1, 7, 'block/mentees:myaddinstance', 1, 1422039660, 0),
(961, 1, 3, 'block/mentees:addinstance', 1, 1422039660, 0),
(962, 1, 1, 'block/mentees:addinstance', 1, 1422039660, 0),
(963, 1, 7, 'block/messages:myaddinstance', 1, 1422039660, 0),
(964, 1, 3, 'block/messages:addinstance', 1, 1422039660, 0),
(965, 1, 1, 'block/messages:addinstance', 1, 1422039660, 0),
(966, 1, 7, 'block/mnet_hosts:myaddinstance', 1, 1422039660, 0),
(967, 1, 3, 'block/mnet_hosts:addinstance', 1, 1422039660, 0),
(968, 1, 1, 'block/mnet_hosts:addinstance', 1, 1422039660, 0),
(969, 1, 7, 'block/myprofile:myaddinstance', 1, 1422039660, 0),
(970, 1, 3, 'block/myprofile:addinstance', 1, 1422039660, 0),
(971, 1, 1, 'block/myprofile:addinstance', 1, 1422039660, 0),
(972, 1, 7, 'block/navigation:myaddinstance', 1, 1422039660, 0),
(973, 1, 3, 'block/navigation:addinstance', 1, 1422039660, 0),
(974, 1, 1, 'block/navigation:addinstance', 1, 1422039660, 0),
(975, 1, 7, 'block/news_items:myaddinstance', 1, 1422039660, 0),
(976, 1, 3, 'block/news_items:addinstance', 1, 1422039660, 0),
(977, 1, 1, 'block/news_items:addinstance', 1, 1422039660, 0),
(978, 1, 7, 'block/online_users:myaddinstance', 1, 1422039660, 0),
(979, 1, 3, 'block/online_users:addinstance', 1, 1422039660, 0),
(980, 1, 1, 'block/online_users:addinstance', 1, 1422039660, 0),
(981, 1, 7, 'block/online_users:viewlist', 1, 1422039660, 0),
(982, 1, 6, 'block/online_users:viewlist', 1, 1422039660, 0),
(983, 1, 5, 'block/online_users:viewlist', 1, 1422039660, 0),
(984, 1, 4, 'block/online_users:viewlist', 1, 1422039660, 0),
(985, 1, 3, 'block/online_users:viewlist', 1, 1422039660, 0),
(986, 1, 1, 'block/online_users:viewlist', 1, 1422039660, 0),
(987, 1, 3, 'block/participants:addinstance', 1, 1422039660, 0),
(988, 1, 1, 'block/participants:addinstance', 1, 1422039660, 0),
(989, 1, 7, 'block/private_files:myaddinstance', 1, 1422039660, 0),
(990, 1, 3, 'block/private_files:addinstance', 1, 1422039660, 0),
(991, 1, 1, 'block/private_files:addinstance', 1, 1422039660, 0),
(992, 1, 3, 'block/quiz_results:addinstance', 1, 1422039660, 0),
(993, 1, 1, 'block/quiz_results:addinstance', 1, 1422039660, 0),
(994, 1, 3, 'block/recent_activity:addinstance', 1, 1422039660, 0),
(995, 1, 1, 'block/recent_activity:addinstance', 1, 1422039660, 0),
(996, 1, 7, 'block/recent_activity:viewaddupdatemodule', 1, 1422039660, 0),
(997, 1, 7, 'block/recent_activity:viewdeletemodule', 1, 1422039660, 0),
(998, 1, 7, 'block/rss_client:myaddinstance', 1, 1422039660, 0),
(999, 1, 3, 'block/rss_client:addinstance', 1, 1422039660, 0),
(1000, 1, 1, 'block/rss_client:addinstance', 1, 1422039660, 0),
(1001, 1, 4, 'block/rss_client:manageownfeeds', 1, 1422039660, 0),
(1002, 1, 3, 'block/rss_client:manageownfeeds', 1, 1422039660, 0),
(1003, 1, 1, 'block/rss_client:manageownfeeds', 1, 1422039660, 0),
(1004, 1, 1, 'block/rss_client:manageanyfeeds', 1, 1422039660, 0),
(1005, 1, 3, 'block/search_forums:addinstance', 1, 1422039660, 0),
(1006, 1, 1, 'block/search_forums:addinstance', 1, 1422039660, 0),
(1007, 1, 3, 'block/section_links:addinstance', 1, 1422039660, 0),
(1008, 1, 1, 'block/section_links:addinstance', 1, 1422039660, 0),
(1009, 1, 3, 'block/selfcompletion:addinstance', 1, 1422039660, 0),
(1010, 1, 1, 'block/selfcompletion:addinstance', 1, 1422039660, 0),
(1011, 1, 7, 'block/settings:myaddinstance', 1, 1422039660, 0),
(1012, 1, 3, 'block/settings:addinstance', 1, 1422039660, 0),
(1013, 1, 1, 'block/settings:addinstance', 1, 1422039660, 0),
(1014, 1, 3, 'block/site_main_menu:addinstance', 1, 1422039660, 0),
(1015, 1, 1, 'block/site_main_menu:addinstance', 1, 1422039660, 0),
(1016, 1, 3, 'block/social_activities:addinstance', 1, 1422039660, 0),
(1017, 1, 1, 'block/social_activities:addinstance', 1, 1422039660, 0),
(1018, 1, 3, 'block/tag_flickr:addinstance', 1, 1422039660, 0),
(1019, 1, 1, 'block/tag_flickr:addinstance', 1, 1422039660, 0),
(1020, 1, 3, 'block/tag_youtube:addinstance', 1, 1422039660, 0),
(1021, 1, 1, 'block/tag_youtube:addinstance', 1, 1422039660, 0),
(1022, 1, 7, 'block/tags:myaddinstance', 1, 1422039660, 0),
(1023, 1, 3, 'block/tags:addinstance', 1, 1422039660, 0),
(1024, 1, 1, 'block/tags:addinstance', 1, 1422039660, 0),
(1025, 1, 4, 'report/completion:view', 1, 1422039661, 0),
(1026, 1, 3, 'report/completion:view', 1, 1422039661, 0),
(1027, 1, 1, 'report/completion:view', 1, 1422039661, 0),
(1028, 1, 4, 'report/courseoverview:view', 1, 1422039661, 0),
(1029, 1, 3, 'report/courseoverview:view', 1, 1422039661, 0),
(1030, 1, 1, 'report/courseoverview:view', 1, 1422039661, 0),
(1031, 1, 4, 'report/log:view', 1, 1422039661, 0),
(1032, 1, 3, 'report/log:view', 1, 1422039661, 0),
(1033, 1, 1, 'report/log:view', 1, 1422039661, 0),
(1034, 1, 4, 'report/log:viewtoday', 1, 1422039661, 0),
(1035, 1, 3, 'report/log:viewtoday', 1, 1422039661, 0),
(1036, 1, 1, 'report/log:viewtoday', 1, 1422039661, 0),
(1037, 1, 4, 'report/loglive:view', 1, 1422039661, 0),
(1038, 1, 3, 'report/loglive:view', 1, 1422039661, 0),
(1039, 1, 1, 'report/loglive:view', 1, 1422039661, 0),
(1040, 1, 4, 'report/outline:view', 1, 1422039662, 0),
(1041, 1, 3, 'report/outline:view', 1, 1422039662, 0),
(1042, 1, 1, 'report/outline:view', 1, 1422039662, 0),
(1043, 1, 4, 'report/participation:view', 1, 1422039662, 0),
(1044, 1, 3, 'report/participation:view', 1, 1422039662, 0),
(1045, 1, 1, 'report/participation:view', 1, 1422039662, 0),
(1046, 1, 1, 'report/performance:view', 1, 1422039662, 0),
(1047, 1, 4, 'report/progress:view', 1, 1422039662, 0),
(1048, 1, 3, 'report/progress:view', 1, 1422039662, 0),
(1049, 1, 1, 'report/progress:view', 1, 1422039662, 0),
(1050, 1, 1, 'report/security:view', 1, 1422039662, 0),
(1051, 1, 4, 'report/stats:view', 1, 1422039662, 0),
(1052, 1, 3, 'report/stats:view', 1, 1422039662, 0),
(1053, 1, 1, 'report/stats:view', 1, 1422039662, 0),
(1054, 1, 4, 'gradeexport/ods:view', 1, 1422039662, 0),
(1055, 1, 3, 'gradeexport/ods:view', 1, 1422039662, 0),
(1056, 1, 1, 'gradeexport/ods:view', 1, 1422039662, 0),
(1057, 1, 1, 'gradeexport/ods:publish', 1, 1422039662, 0),
(1058, 1, 4, 'gradeexport/txt:view', 1, 1422039662, 0),
(1059, 1, 3, 'gradeexport/txt:view', 1, 1422039662, 0),
(1060, 1, 1, 'gradeexport/txt:view', 1, 1422039662, 0),
(1061, 1, 1, 'gradeexport/txt:publish', 1, 1422039662, 0),
(1062, 1, 4, 'gradeexport/xls:view', 1, 1422039662, 0),
(1063, 1, 3, 'gradeexport/xls:view', 1, 1422039662, 0),
(1064, 1, 1, 'gradeexport/xls:view', 1, 1422039662, 0),
(1065, 1, 1, 'gradeexport/xls:publish', 1, 1422039662, 0),
(1066, 1, 4, 'gradeexport/xml:view', 1, 1422039662, 0),
(1067, 1, 3, 'gradeexport/xml:view', 1, 1422039662, 0),
(1068, 1, 1, 'gradeexport/xml:view', 1, 1422039662, 0),
(1069, 1, 1, 'gradeexport/xml:publish', 1, 1422039662, 0),
(1070, 1, 3, 'gradeimport/csv:view', 1, 1422039662, 0),
(1071, 1, 1, 'gradeimport/csv:view', 1, 1422039662, 0),
(1072, 1, 3, 'gradeimport/direct:view', 1, 1422039662, 0),
(1073, 1, 1, 'gradeimport/direct:view', 1, 1422039662, 0),
(1074, 1, 3, 'gradeimport/xml:view', 1, 1422039662, 0),
(1075, 1, 1, 'gradeimport/xml:view', 1, 1422039662, 0),
(1076, 1, 1, 'gradeimport/xml:publish', 1, 1422039662, 0),
(1077, 1, 4, 'gradereport/grader:view', 1, 1422039662, 0),
(1078, 1, 3, 'gradereport/grader:view', 1, 1422039662, 0),
(1079, 1, 1, 'gradereport/grader:view', 1, 1422039662, 0),
(1080, 1, 4, 'gradereport/history:view', 1, 1422039662, 0),
(1081, 1, 3, 'gradereport/history:view', 1, 1422039662, 0),
(1082, 1, 1, 'gradereport/history:view', 1, 1422039662, 0),
(1083, 1, 4, 'gradereport/outcomes:view', 1, 1422039662, 0),
(1084, 1, 3, 'gradereport/outcomes:view', 1, 1422039662, 0),
(1085, 1, 1, 'gradereport/outcomes:view', 1, 1422039662, 0),
(1086, 1, 5, 'gradereport/overview:view', 1, 1422039662, 0),
(1087, 1, 1, 'gradereport/overview:view', 1, 1422039662, 0),
(1088, 1, 3, 'gradereport/singleview:view', 1, 1422039662, 0),
(1089, 1, 1, 'gradereport/singleview:view', 1, 1422039662, 0),
(1090, 1, 5, 'gradereport/user:view', 1, 1422039662, 0),
(1091, 1, 4, 'gradereport/user:view', 1, 1422039662, 0),
(1092, 1, 3, 'gradereport/user:view', 1, 1422039662, 0),
(1093, 1, 1, 'gradereport/user:view', 1, 1422039662, 0),
(1094, 1, 7, 'repository/alfresco:view', 1, 1422039662, 0),
(1095, 1, 7, 'repository/areafiles:view', 1, 1422039663, 0),
(1096, 1, 7, 'repository/boxnet:view', 1, 1422039663, 0),
(1097, 1, 2, 'repository/coursefiles:view', 1, 1422039663, 0),
(1098, 1, 4, 'repository/coursefiles:view', 1, 1422039663, 0),
(1099, 1, 3, 'repository/coursefiles:view', 1, 1422039663, 0),
(1100, 1, 1, 'repository/coursefiles:view', 1, 1422039663, 0),
(1101, 1, 7, 'repository/dropbox:view', 1, 1422039663, 0),
(1102, 1, 7, 'repository/equella:view', 1, 1422039663, 0),
(1103, 1, 2, 'repository/filesystem:view', 1, 1422039663, 0),
(1104, 1, 4, 'repository/filesystem:view', 1, 1422039663, 0),
(1105, 1, 3, 'repository/filesystem:view', 1, 1422039663, 0),
(1106, 1, 1, 'repository/filesystem:view', 1, 1422039663, 0),
(1107, 1, 7, 'repository/flickr:view', 1, 1422039663, 0),
(1108, 1, 7, 'repository/flickr_public:view', 1, 1422039663, 0),
(1109, 1, 7, 'repository/googledocs:view', 1, 1422039663, 0),
(1110, 1, 2, 'repository/local:view', 1, 1422039663, 0),
(1111, 1, 4, 'repository/local:view', 1, 1422039663, 0),
(1112, 1, 3, 'repository/local:view', 1, 1422039663, 0),
(1113, 1, 1, 'repository/local:view', 1, 1422039663, 0),
(1114, 1, 7, 'repository/merlot:view', 1, 1422039663, 0),
(1115, 1, 7, 'repository/picasa:view', 1, 1422039663, 0),
(1116, 1, 7, 'repository/recent:view', 1, 1422039663, 0),
(1117, 1, 7, 'repository/s3:view', 1, 1422039663, 0),
(1118, 1, 7, 'repository/skydrive:view', 1, 1422039663, 0),
(1119, 1, 7, 'repository/upload:view', 1, 1422039663, 0),
(1120, 1, 7, 'repository/url:view', 1, 1422039663, 0),
(1121, 1, 7, 'repository/user:view', 1, 1422039663, 0),
(1122, 1, 2, 'repository/webdav:view', 1, 1422039663, 0),
(1123, 1, 4, 'repository/webdav:view', 1, 1422039663, 0),
(1124, 1, 3, 'repository/webdav:view', 1, 1422039663, 0),
(1125, 1, 1, 'repository/webdav:view', 1, 1422039663, 0),
(1126, 1, 7, 'repository/wikimedia:view', 1, 1422039663, 0),
(1127, 1, 7, 'repository/youtube:view', 1, 1422039663, 0),
(1128, 1, 1, 'tool/customlang:view', 1, 1422039664, 0),
(1129, 1, 1, 'tool/customlang:edit', 1, 1422039664, 0),
(1130, 1, 4, 'tool/monitor:subscribe', 1, 1422039665, 0),
(1131, 1, 3, 'tool/monitor:subscribe', 1, 1422039665, 0),
(1132, 1, 1, 'tool/monitor:subscribe', 1, 1422039665, 0),
(1133, 1, 4, 'tool/monitor:managerules', 1, 1422039665, 0),
(1134, 1, 3, 'tool/monitor:managerules', 1, 1422039665, 0),
(1135, 1, 1, 'tool/monitor:managerules', 1, 1422039665, 0),
(1136, 1, 1, 'tool/monitor:managetool', 1, 1422039665, 0),
(1137, 1, 1, 'tool/uploaduser:uploaduserpictures', 1, 1422039665, 0),
(1138, 1, 3, 'booktool/importhtml:import', 1, 1422039666, 0),
(1139, 1, 1, 'booktool/importhtml:import', 1, 1422039666, 0),
(1140, 1, 6, 'booktool/print:print', 1, 1422039666, 0),
(1141, 1, 8, 'booktool/print:print', 1, 1422039666, 0),
(1142, 1, 5, 'booktool/print:print', 1, 1422039666, 0),
(1143, 1, 4, 'booktool/print:print', 1, 1422039666, 0),
(1144, 1, 3, 'booktool/print:print', 1, 1422039666, 0),
(1145, 1, 1, 'booktool/print:print', 1, 1422039666, 0),
(1146, 1, 4, 'quiz/grading:viewstudentnames', 1, 1422039666, 0),
(1147, 1, 3, 'quiz/grading:viewstudentnames', 1, 1422039666, 0),
(1148, 1, 1, 'quiz/grading:viewstudentnames', 1, 1422039666, 0),
(1149, 1, 4, 'quiz/grading:viewidnumber', 1, 1422039666, 0),
(1150, 1, 3, 'quiz/grading:viewidnumber', 1, 1422039666, 0),
(1151, 1, 1, 'quiz/grading:viewidnumber', 1, 1422039666, 0),
(1152, 1, 4, 'quiz/statistics:view', 1, 1422039667, 0),
(1153, 1, 3, 'quiz/statistics:view', 1, 1422039667, 0),
(1154, 1, 1, 'quiz/statistics:view', 1, 1422039667, 0),
(1157, 1, 3, 'mod/bigbluebuttonbn:addinstance', 1, 1422561813, 2),
(1158, 1, 1, 'mod/bigbluebuttonbn:addinstance', 1, 1422561813, 2),
(1159, 1, 5, 'mod/bigbluebuttonbn:join', 1, 1422561813, 2),
(1160, 1, 4, 'mod/bigbluebuttonbn:join', 1, 1422561813, 2),
(1161, 1, 3, 'mod/bigbluebuttonbn:join', 1, 1422561813, 2),
(1162, 1, 1, 'mod/bigbluebuttonbn:join', 1, 1422561813, 2),
(1163, 1, 4, 'mod/bigbluebuttonbn:moderate', 1, 1422561813, 2),
(1164, 1, 3, 'mod/bigbluebuttonbn:moderate', 1, 1422561813, 2),
(1165, 1, 1, 'mod/bigbluebuttonbn:moderate', 1, 1422561813, 2),
(1166, 1, 3, 'mod/recordingsbn:addinstance', 1, 1422561869, 2),
(1167, 1, 1, 'mod/recordingsbn:addinstance', 1, 1422561869, 2),
(1168, 1, 6, 'mod/recordingsbn:view', 1, 1422561869, 2),
(1169, 1, 5, 'mod/recordingsbn:view', 1, 1422561869, 2),
(1170, 1, 4, 'mod/recordingsbn:view', 1, 1422561869, 2),
(1171, 1, 3, 'mod/recordingsbn:view', 1, 1422561869, 2),
(1172, 1, 1, 'mod/recordingsbn:view', 1, 1422561869, 2),
(1173, 1, 3, 'block/moodletxt:addinstance', 1, 1422644920, 2),
(1174, 1, 1, 'block/moodletxt:addinstance', 1, 1422644920, 2),
(1175, 1, 5, 'block/moodletxt:addressbooks', -1000, 1422644920, 2),
(1176, 1, 4, 'block/moodletxt:addressbooks', 1, 1422644920, 2),
(1177, 1, 3, 'block/moodletxt:addressbooks', 1, 1422644920, 2),
(1178, 1, 1, 'block/moodletxt:addressbooks', 1, 1422644920, 2),
(1179, 1, 5, 'block/moodletxt:adminsettings', -1000, 1422644920, 2),
(1180, 1, 4, 'block/moodletxt:adminsettings', -1, 1422644920, 2),
(1181, 1, 3, 'block/moodletxt:adminsettings', -1, 1422644920, 2),
(1182, 1, 1, 'block/moodletxt:adminsettings', 1, 1422644920, 2),
(1183, 1, 5, 'block/moodletxt:adminusers', -1000, 1422644920, 2),
(1184, 1, 4, 'block/moodletxt:adminusers', -1, 1422644920, 2),
(1185, 1, 3, 'block/moodletxt:adminusers', -1, 1422644920, 2),
(1186, 1, 1, 'block/moodletxt:adminusers', 1, 1422644920, 2),
(1187, 1, 5, 'block/moodletxt:defaultinbox', -1000, 1422644920, 2),
(1188, 1, 4, 'block/moodletxt:defaultinbox', 1, 1422644920, 2),
(1189, 1, 3, 'block/moodletxt:defaultinbox', 1, 1422644920, 2),
(1190, 1, 1, 'block/moodletxt:defaultinbox', 1, 1422644920, 2),
(1191, 1, 5, 'block/moodletxt:globaladdressbooks', -1000, 1422644920, 2),
(1192, 1, 4, 'block/moodletxt:globaladdressbooks', 1, 1422644920, 2),
(1193, 1, 3, 'block/moodletxt:globaladdressbooks', 1, 1422644920, 2),
(1194, 1, 1, 'block/moodletxt:globaladdressbooks', 1, 1422644920, 2),
(1195, 1, 5, 'block/moodletxt:personalsettings', -1000, 1422644920, 2),
(1196, 1, 4, 'block/moodletxt:personalsettings', 1, 1422644920, 2),
(1197, 1, 3, 'block/moodletxt:personalsettings', 1, 1422644920, 2),
(1198, 1, 1, 'block/moodletxt:personalsettings', 1, 1422644920, 2),
(1199, 1, 5, 'block/moodletxt:receivemessages', -1000, 1422644920, 2),
(1200, 1, 4, 'block/moodletxt:receivemessages', 1, 1422644920, 2),
(1201, 1, 3, 'block/moodletxt:receivemessages', 1, 1422644920, 2),
(1202, 1, 1, 'block/moodletxt:receivemessages', 1, 1422644920, 2),
(1203, 1, 5, 'block/moodletxt:sendmessages', -1000, 1422644920, 2),
(1204, 1, 4, 'block/moodletxt:sendmessages', 1, 1422644920, 2),
(1205, 1, 3, 'block/moodletxt:sendmessages', 1, 1422644920, 2),
(1206, 1, 1, 'block/moodletxt:sendmessages', 1, 1422644920, 2),
(1207, 1, 5, 'block/moodletxt:viewstats', -1000, 1422644920, 2),
(1208, 1, 4, 'block/moodletxt:viewstats', 1, 1422644920, 2),
(1209, 1, 3, 'block/moodletxt:viewstats', 1, 1422644920, 2),
(1210, 1, 1, 'block/moodletxt:viewstats', 1, 1422644920, 2),
(1211, 1, 3, 'mod/questionnaire:addinstance', 1, 1424970375, 2),
(1212, 1, 1, 'mod/questionnaire:addinstance', 1, 1424970376, 2),
(1213, 1, 5, 'mod/questionnaire:view', 1, 1424970376, 2),
(1214, 1, 4, 'mod/questionnaire:view', 1, 1424970376, 2),
(1215, 1, 3, 'mod/questionnaire:view', 1, 1424970376, 2),
(1216, 1, 2, 'mod/questionnaire:view', 1, 1424970376, 2),
(1217, 1, 1, 'mod/questionnaire:view', 1, 1424970376, 2),
(1218, 1, 5, 'mod/questionnaire:submit', 1, 1424970376, 2),
(1219, 1, 4, 'mod/questionnaire:viewsingleresponse', 1, 1424970376, 2),
(1220, 1, 3, 'mod/questionnaire:viewsingleresponse', 1, 1424970376, 2),
(1221, 1, 1, 'mod/questionnaire:viewsingleresponse', 1, 1424970376, 2),
(1222, 1, 4, 'mod/questionnaire:downloadresponses', 1, 1424970376, 2),
(1223, 1, 3, 'mod/questionnaire:downloadresponses', 1, 1424970376, 2),
(1224, 1, 1, 'mod/questionnaire:downloadresponses', 1, 1424970376, 2),
(1225, 1, 3, 'mod/questionnaire:deleteresponses', 1, 1424970376, 2),
(1226, 1, 1, 'mod/questionnaire:deleteresponses', 1, 1424970376, 2),
(1227, 1, 3, 'mod/questionnaire:manage', 1, 1424970376, 2),
(1228, 1, 2, 'mod/questionnaire:manage', 1, 1424970376, 2),
(1229, 1, 1, 'mod/questionnaire:manage', 1, 1424970376, 2),
(1230, 1, 3, 'mod/questionnaire:editquestions', 1, 1424970376, 2),
(1231, 1, 2, 'mod/questionnaire:editquestions', 1, 1424970376, 2),
(1232, 1, 1, 'mod/questionnaire:editquestions', 1, 1424970376, 2),
(1233, 1, 2, 'mod/questionnaire:createtemplates', 1, 1424970376, 2),
(1234, 1, 1, 'mod/questionnaire:createtemplates', 1, 1424970376, 2),
(1235, 1, 2, 'mod/questionnaire:createpublic', 1, 1424970376, 2),
(1236, 1, 1, 'mod/questionnaire:createpublic', 1, 1424970376, 2),
(1237, 1, 1, 'mod/questionnaire:readownresponses', 1, 1424970376, 2),
(1238, 1, 5, 'mod/questionnaire:readownresponses', 1, 1424970376, 2),
(1239, 1, 1, 'mod/questionnaire:readallresponses', 1, 1424970376, 2),
(1240, 1, 4, 'mod/questionnaire:readallresponses', 1, 1424970376, 2),
(1241, 1, 3, 'mod/questionnaire:readallresponses', 1, 1424970376, 2),
(1242, 1, 5, 'mod/questionnaire:readallresponses', 1, 1424970376, 2),
(1243, 1, 1, 'mod/questionnaire:readallresponseanytime', 1, 1424970376, 2),
(1244, 1, 4, 'mod/questionnaire:readallresponseanytime', 1, 1424970376, 2),
(1245, 1, 3, 'mod/questionnaire:readallresponseanytime', 1, 1424970376, 2),
(1246, 1, 1, 'mod/questionnaire:printblank', 1, 1424970376, 2),
(1247, 1, 2, 'mod/questionnaire:printblank', 1, 1424970376, 2),
(1248, 1, 4, 'mod/questionnaire:printblank', 1, 1424970376, 2),
(1249, 1, 3, 'mod/questionnaire:printblank', 1, 1424970376, 2),
(1250, 1, 5, 'mod/questionnaire:printblank', 1, 1424970376, 2),
(1251, 1, 1, 'mod/questionnaire:preview', 1, 1424970376, 2),
(1252, 1, 2, 'mod/questionnaire:preview', 1, 1424970376, 2),
(1253, 1, 4, 'mod/questionnaire:preview', 1, 1424970376, 2),
(1254, 1, 3, 'mod/questionnaire:preview', 1, 1424970376, 2),
(1255, 1, 1, 'mod/questionnaire:message', 1, 1424970376, 2),
(1256, 1, 4, 'mod/questionnaire:message', 1, 1424970376, 2),
(1257, 1, 3, 'mod/questionnaire:message', 1, 1424970376, 2),
(1258, 1, 7, 'webservice/xmlrpc:use', 1, 1447179772, 2),
(1259, 1, 7, 'webservice/rest:use', 1, 1447179772, 2),
(1261, 390, 1, 'moodle/badges:manageownbadges', 1, 1447334167, 2),
(1262, 390, 1, 'moodle/badges:viewotherbadges', 1, 1447334174, 2),
(1263, 1, 7, 'moodle/webservice:createmobiletoken', 1, 1456927196, 2),
(1264, 1, 7, 'moodle/webservice:createtoken', 1, 1458634901, 7),
(1265, 1, 5, 'enrol/category:synchronised', 1, 1465538296, 18),
(1266, 1, 3, 'block/configurable_reports:addinstance', 1, 1474268520, 445),
(1267, 1, 1, 'block/configurable_reports:addinstance', 1, 1474268520, 445),
(1268, 1, 3, 'block/configurable_reports:myaddinstance', 1, 1474268520, 445),
(1269, 1, 1, 'block/configurable_reports:myaddinstance', 1, 1474268520, 445),
(1270, 1, 1, 'block/configurable_reports:managereports', 1, 1474268520, 445),
(1271, 1, 1, 'block/configurable_reports:managesqlreports', 1, 1474268520, 445),
(1272, 1, 1, 'block/configurable_reports:manageownreports', 1, 1474268520, 445),
(1273, 1, 1, 'block/configurable_reports:viewreports', 1, 1474268520, 445);

-- --------------------------------------------------------

--
-- Table structure for table `mdl_role_context_levels`
--

CREATE TABLE `mdl_role_context_levels` (
  `id` bigint(10) NOT NULL,
  `roleid` bigint(10) NOT NULL,
  `contextlevel` bigint(10) NOT NULL
) ENGINE=InnoDB DEFAULT CHARSET=utf8 COMMENT='Lists which roles can be assigned at which context levels. T';

--
-- Dumping data for table `mdl_role_context_levels`
--

INSERT INTO `mdl_role_context_levels` (`id`, `roleid`, `contextlevel`) VALUES
(1, 1, 10),
(4, 2, 10),
(2, 1, 40),
(5, 2, 40),
(14, 5, 40),
(3, 1, 50),
(6, 3, 50),
(8, 4, 50),
(12, 5, 50),
(7, 3, 70),
(9, 4, 70),
(13, 5, 70);

-- --------------------------------------------------------

--
-- Table structure for table `mdl_role_names`
--

CREATE TABLE `mdl_role_names` (
  `id` bigint(10) NOT NULL,
  `roleid` bigint(10) NOT NULL DEFAULT '0',
  `contextid` bigint(10) NOT NULL DEFAULT '0',
  `name` varchar(255) NOT NULL DEFAULT ''
) ENGINE=InnoDB DEFAULT CHARSET=utf8 COMMENT='role names in native strings';

-- --------------------------------------------------------

--
-- Table structure for table `mdl_role_sortorder`
--

CREATE TABLE `mdl_role_sortorder` (
  `id` bigint(10) NOT NULL,
  `userid` bigint(10) NOT NULL,
  `roleid` bigint(10) NOT NULL,
  `contextid` bigint(10) NOT NULL,
  `sortoder` bigint(10) NOT NULL
) ENGINE=InnoDB DEFAULT CHARSET=utf8 COMMENT='sort order of course managers in a course';

-- --------------------------------------------------------

--
-- Table structure for table `mdl_scale`
--

CREATE TABLE `mdl_scale` (
  `id` bigint(10) NOT NULL,
  `courseid` bigint(10) NOT NULL DEFAULT '0',
  `userid` bigint(10) NOT NULL DEFAULT '0',
  `name` varchar(255) NOT NULL DEFAULT '',
  `scale` longtext NOT NULL,
  `description` longtext NOT NULL,
  `descriptionformat` tinyint(2) NOT NULL DEFAULT '0',
  `timemodified` bigint(10) NOT NULL DEFAULT '0'
) ENGINE=InnoDB DEFAULT CHARSET=utf8 COMMENT='Defines grading scales';

--
-- Dumping data for table `mdl_scale`
--

INSERT INTO `mdl_scale` (`id`, `courseid`, `userid`, `name`, `scale`, `description`, `descriptionformat`, `timemodified`) VALUES
(1, 0, 0, 'Separate and Connected ways of knowing', 'Mostly separate knowing,Separate and connected,Mostly connected knowing', 'The scale based on the theory of separate and connected knowing. This theory describes two different ways that we can evaluate and learn about the things we see and hear.<ul><li><strong>Separate knowers</strong> remain as objective as possible without including feelings and emotions. In a discussion with other people, they like to defend their own ideas, using logic to find holes in opponent\'s ideas.</li><li><strong>Connected knowers</strong> are more sensitive to other people. They are skilled at empathy and tends to listen and ask questions until they feel they can connect and \"understand things from their point of view\". They learn by trying to share the experiences that led to the knowledge they find in other people.</li></ul>', 0, 1423591599);

-- --------------------------------------------------------

--
-- Table structure for table `mdl_scale_history`
--

CREATE TABLE `mdl_scale_history` (
  `id` bigint(10) NOT NULL,
  `action` bigint(10) NOT NULL DEFAULT '0',
  `oldid` bigint(10) NOT NULL,
  `source` varchar(255) DEFAULT NULL,
  `timemodified` bigint(10) DEFAULT NULL,
  `loggeduser` bigint(10) DEFAULT NULL,
  `courseid` bigint(10) NOT NULL DEFAULT '0',
  `userid` bigint(10) NOT NULL DEFAULT '0',
  `name` varchar(255) NOT NULL DEFAULT '',
  `scale` longtext NOT NULL,
  `description` longtext NOT NULL
) ENGINE=InnoDB DEFAULT CHARSET=utf8 COMMENT='History table';

-- --------------------------------------------------------

--
-- Table structure for table `mdl_scorm`
--

CREATE TABLE `mdl_scorm` (
  `id` bigint(10) NOT NULL,
  `course` bigint(10) NOT NULL DEFAULT '0',
  `name` varchar(255) NOT NULL DEFAULT '',
  `scormtype` varchar(50) NOT NULL DEFAULT 'local',
  `reference` varchar(255) NOT NULL DEFAULT '',
  `intro` longtext NOT NULL,
  `introformat` smallint(4) NOT NULL DEFAULT '0',
  `version` varchar(9) NOT NULL DEFAULT '',
  `maxgrade` double NOT NULL DEFAULT '0',
  `grademethod` tinyint(2) NOT NULL DEFAULT '0',
  `whatgrade` bigint(10) NOT NULL DEFAULT '0',
  `maxattempt` bigint(10) NOT NULL DEFAULT '1',
  `forcecompleted` tinyint(1) NOT NULL DEFAULT '1',
  `forcenewattempt` tinyint(1) NOT NULL DEFAULT '0',
  `lastattemptlock` tinyint(1) NOT NULL DEFAULT '0',
  `displayattemptstatus` tinyint(1) NOT NULL DEFAULT '1',
  `displaycoursestructure` tinyint(1) NOT NULL DEFAULT '1',
  `updatefreq` tinyint(1) NOT NULL DEFAULT '0',
  `sha1hash` varchar(40) DEFAULT NULL,
  `md5hash` varchar(32) NOT NULL DEFAULT '',
  `revision` bigint(10) NOT NULL DEFAULT '0',
  `launch` bigint(10) NOT NULL DEFAULT '0',
  `skipview` tinyint(1) NOT NULL DEFAULT '1',
  `hidebrowse` tinyint(1) NOT NULL DEFAULT '0',
  `hidetoc` tinyint(1) NOT NULL DEFAULT '0',
  `nav` tinyint(1) NOT NULL DEFAULT '1',
  `navpositionleft` bigint(10) DEFAULT '-100',
  `navpositiontop` bigint(10) DEFAULT '-100',
  `auto` tinyint(1) NOT NULL DEFAULT '0',
  `popup` tinyint(1) NOT NULL DEFAULT '0',
  `options` varchar(255) NOT NULL DEFAULT '',
  `width` bigint(10) NOT NULL DEFAULT '100',
  `height` bigint(10) NOT NULL DEFAULT '600',
  `timeopen` bigint(10) NOT NULL DEFAULT '0',
  `timeclose` bigint(10) NOT NULL DEFAULT '0',
  `timemodified` bigint(10) NOT NULL DEFAULT '0',
  `completionstatusrequired` tinyint(1) DEFAULT NULL,
  `completionscorerequired` tinyint(2) DEFAULT NULL,
  `displayactivityname` smallint(4) NOT NULL DEFAULT '1',
  `autocommit` tinyint(1) NOT NULL DEFAULT '0'
) ENGINE=InnoDB DEFAULT CHARSET=utf8 COMMENT='each table is one SCORM module and its configuration';

--
-- Dumping data for table `mdl_scorm`
--

INSERT INTO `mdl_scorm` (`id`, `course`, `name`, `scormtype`, `reference`, `intro`, `introformat`, `version`, `maxgrade`, `grademethod`, `whatgrade`, `maxattempt`, `forcecompleted`, `forcenewattempt`, `lastattemptlock`, `displayattemptstatus`, `displaycoursestructure`, `updatefreq`, `sha1hash`, `md5hash`, `revision`, `launch`, `skipview`, `hidebrowse`, `hidetoc`, `nav`, `navpositionleft`, `navpositiontop`, `auto`, `popup`, `options`, `width`, `height`, `timeopen`, `timeclose`, `timemodified`, `completionstatusrequired`, `completionscorerequired`, `displayactivityname`, `autocommit`) VALUES
(1, 2, 'Introduction to Blended Learning e-learning', 'local', 'intro_to_blended_learning.zip', '<p>Please click the ENTER button below to access the e-learning module on Introduction to Blended Learning.</p>', 1, 'SCORM_1.2', 100, 0, 0, 3, 0, 1, 0, 1, 1, 0, 'db4698d39ba50a50ff31e1e4c7ebf0ea378f5d8b', '', 1, 2, 0, 1, 0, 0, -100, -100, 0, 0, '', 100, 500, 1423257300, 0, 1424885491, 6, 100, 1, 0),
(3, 3, 'Lotus Notes Key Databases and Creating Your Email Signature ', 'local', 'lotus_notes__email_signature.zip', '<p><b><i>This course has a 5 question certification. 80% or higher is required\r\nto pass.</i></b></p>', 1, 'SCORM_1.2', 100, 1, 0, 3, 0, 0, 0, 1, 0, 0, '0705abadbbf42da5a05d95e237b6310f5a2e4ae5', '', 1, 6, 0, 0, 0, 1, -100, -100, 0, 0, '', 100, 500, 0, 0, 1424969841, NULL, NULL, 1, 0),
(5, 5, 'Global Purchase Order ', 'local', 'global_purchase_order_system.zip', '<p><b style=\"color: rgb(68, 68, 68);\">Click the link above to view the e-learning module.</b><br></p>', 1, 'SCORM_1.2', 100, 1, 0, 0, 0, 0, 0, 1, 0, 0, '7a8cd52a40db5875d12a7953a46617f62f2d959b', '', 1, 10, 0, 0, 0, 1, -100, -100, 0, 1, 'scrollbars=0,directories=0,location=0,menubar=0,toolbar=0,status=0', 100, 500, 0, 0, 0, NULL, NULL, 1, 0),
(6, 6, 'Concur', 'local', 'concur_solutions.zip', '<p><b style=\"color: rgb(68, 68, 68);\">Click the link above to view the e-learning module.</b><br></p>', 1, 'SCORM_1.2', 100, 1, 0, 0, 0, 0, 0, 1, 0, 0, 'a5cc36fd6b424405b686e021008308c476940d08', '', 1, 12, 0, 0, 0, 1, -100, -100, 0, 1, 'scrollbars=0,directories=0,location=0,menubar=0,toolbar=0,status=0', 100, 500, 0, 0, 0, NULL, NULL, 1, 0),
(7, 7, 'PMC 101: Creating Your User Profile', 'local', 'pmc_basics.zip', '<p><b style=\"color: rgb(68, 68, 68);\">Click the link above to view the e-learning module.</b><br></p>', 1, 'SCORM_1.2', 100, 1, 0, 0, 0, 0, 0, 1, 0, 0, 'dc31fcfd8e43dd47956c509a05f8110badcbb347', '', 1, 14, 0, 0, 0, 1, -100, -100, 0, 1, 'scrollbars=0,directories=0,location=0,menubar=0,toolbar=0,status=0', 100, 500, 0, 0, 0, NULL, NULL, 1, 0),
(8, 8, 'PMC 102: Timesheets (Except Sales)', 'local', 'pmc_102_timesheets_except_sales.zip', '<p ><b><i>This course has a 5 question certification. 80% or higher is required\r\nto pass.</i></b></p>', 1, 'SCORM_1.2', 100, 1, 0, 0, 0, 0, 0, 1, 0, 0, 'c1ce4f58d9845ab6d34ab1577eee723d4ddc31a4', '', 1, 16, 0, 0, 0, 1, -100, -100, 0, 1, 'scrollbars=0,directories=0,location=0,menubar=0,toolbar=0,status=0', 100, 500, 0, 0, 0, NULL, NULL, 1, 0),
(9, 9, 'PMC 103: Creating Projects and Proformas ', 'local', 'pmc_103_projects_and_proformas_new.zip', '<p><b style=\"color: rgb(68, 68, 68);\">Click the link above to view the e-learning module.</b><br></p>', 1, 'SCORM_1.2', 100, 1, 0, 0, 0, 0, 0, 1, 0, 0, '94764bc0fbce1c33cdaf25c0ab8d24dbc7c5d58f', '', 1, 18, 0, 0, 0, 1, -100, -100, 0, 1, 'scrollbars=0,directories=0,location=0,menubar=0,toolbar=0,status=0', 100, 500, 0, 0, 0, NULL, NULL, 1, 0),
(10, 10, 'Frost.com', 'local', 'frostcom.zip', '<p><b style=\"color: rgb(68, 68, 68);\">Click the link above to view the e-learning module.</b><br></p>', 1, 'SCORM_1.2', 100, 1, 0, 0, 0, 0, 0, 1, 0, 0, '5a07ea17ebdbe19028446ec2eb8ba8a03959ab08', '', 1, 20, 0, 0, 0, 1, -100, -100, 0, 1, 'scrollbars=0,directories=0,location=0,menubar=0,toolbar=0,status=0', 100, 500, 0, 0, 0, NULL, NULL, 1, 0),
(11, 12, 'Labor Laws (For North America Managers Only)', 'local', 'test.zip', '<p >This course is for <b><u>managers\r\nonly and those managing employees in the United States. </u><i>This course has a 5 question certification.\r\n80% or higher is required to pass.</i></b></p>', 1, 'SCORM_1.2', 100, 1, 0, 3, 0, 0, 0, 1, 0, 0, '4719fcdcaaff14f3dbd728e86e79ca7cca069519', '', 1, 22, 0, 0, 0, 1, -100, -100, 0, 1, 'scrollbars=0,directories=0,location=0,menubar=0,toolbar=0,status=0', 100, 500, 0, 0, 0, NULL, NULL, 1, 0),
(12, 13, 'Sales Logix Basics', 'local', 'sales_logix_basics.zip', '<p ><b><i>This course has a 10 question certification. 90% or higher is required\r\nto pass.</i></b></p>', 1, 'SCORM_1.2', 100, 1, 0, 3, 0, 0, 0, 1, 0, 0, 'ab63ef70343932c567fdca516508e6eb7b6da399', '', 1, 24, 0, 0, 0, 1, -100, -100, 0, 1, 'scrollbars=0,directories=0,location=0,menubar=0,toolbar=0,status=0', 100, 500, 0, 0, 0, NULL, NULL, 1, 0),
(13, 14, 'Plan, Prioritize, and Manage Your Account Book and Opportunities', 'local', 'plan_prioritize_and_manage_your_account_book_and_opportunities.zip', '<p ><b><i>This course has 10 certifications questions. You must score 90% or\r\nhigher to receive credit.</i></b></p>', 1, 'SCORM_1.2', 100, 1, 0, 0, 0, 0, 0, 1, 0, 0, '21356c8c990c7f81f86682f1f535ccde79e80b28', '', 1, 26, 0, 0, 0, 1, -100, -100, 0, 1, 'scrollbars=0,directories=0,location=0,menubar=0,toolbar=0,status=0', 100, 500, 0, 0, 0, NULL, NULL, 1, 0),
(14, 15, 'E-Learning Module', 'local', 'strategic_account_planning.zip', '<p ><b><i>This course has 5 certifications questions. You must score 80% or\r\nhigher to receive credit.</i></b></p>', 1, 'SCORM_1.2', 100, 1, 0, 0, 0, 0, 0, 1, 0, 0, '1cf9b9a2ff036eeb2609f64b852282160cadc451', '', 1, 28, 0, 0, 0, 1, -100, -100, 0, 1, 'scrollbars=0,directories=0,location=0,menubar=0,toolbar=0,status=0', 100, 500, 0, 0, 0, NULL, NULL, 1, 0),
(15, 16, 'Initiate: Telephone as a Sales Tool', 'local', 'phone_as_a_sales_tool.zip', '<p ><b><i>This course has 10 certifications questions. You must score 90% or\r\nhigher to receive credit.</i></b></p>', 1, 'SCORM_1.2', 100, 1, 0, 0, 0, 0, 0, 1, 0, 0, 'a952b8f943e4bcd5c291429607cc421a308f8074', '', 1, 30, 0, 0, 0, 1, -100, -100, 0, 1, 'scrollbars=0,directories=0,location=0,menubar=0,toolbar=0,status=0', 100, 500, 0, 0, 0, NULL, NULL, 0, 0),
(16, 17, 'Educate: Vision Partnership: 40 Second Speech for Sales', 'local', '40_second_speech.zip', '<p ><b><i>This course has 10 certifications\r\nquestions. You must score 90% or higher to receive credit.</i></b></p>', 1, 'SCORM_1.2', 100, 1, 0, 0, 0, 0, 0, 1, 0, 0, 'ecff5cef7649dac51ac8eed9becc4008e0c11949', '', 1, 32, 0, 0, 0, 1, -100, -100, 0, 1, 'scrollbars=0,directories=0,location=0,menubar=0,toolbar=0,status=0', 100, 500, 0, 0, 0, NULL, NULL, 1, 0),
(17, 18, 'Educate: Vision to Partnership: Vision to DNA', 'local', 'vision_to_partnership_vision_to_dna.zip', '<p ><b><i>This course has 10 certifications questions.\r\nYou must score 90% or higher to receive credit.</i></b></p>', 1, 'SCORM_1.2', 100, 1, 0, 0, 0, 0, 0, 1, 0, 0, 'f7a740f3489f40c9e4177fd8426f731abacce514', '', 1, 34, 0, 0, 0, 1, -100, -100, 0, 1, 'scrollbars=0,directories=0,location=0,menubar=0,toolbar=0,status=0', 100, 500, 0, 0, 0, NULL, NULL, 1, 0),
(18, 19, 'Educate: Vision to Partnership: DNA to Services (DNA Mapping)', 'local', 'vision_to_partnership_dna_mapping.zip', '<p ><b><i>This course has 10 certifications questions. You must score 90% or\r\nhigher to receive credit.</i></b></p>', 1, 'SCORM_1.2', 100, 1, 0, 0, 0, 0, 0, 1, 0, 0, '0485bd2f790d22d71a6c710205ecc42154dc7208', '', 1, 36, 0, 0, 0, 1, -100, -100, 0, 1, 'scrollbars=0,directories=0,location=0,menubar=0,toolbar=0,status=0', 100, 500, 0, 0, 0, NULL, NULL, 1, 0),
(19, 20, 'Demonstrate: Presenting Case Studies', 'local', 'case_studies.zip', '<p ><b><i>This course contains a 3 question\r\ncertification. There is no minimum score required to pass this certification.</i></b>\r\n</p>', 1, 'SCORM_1.2', 100, 1, 0, 0, 0, 0, 0, 1, 0, 0, '58898178a0fe407e76a25a622e67ce8def0a331d', '', 1, 38, 0, 0, 0, 1, -100, -100, 0, 1, 'scrollbars=0,directories=0,location=0,menubar=0,toolbar=0,status=0', 400, 700, 0, 0, 0, NULL, NULL, 1, 0),
(20, 21, 'Demonstrate: GPS Offerings ', 'local', 'vcb_for_sales.zip', '<p ><b><i>This course has 10 certifications\r\nquestions. You must score 90% or higher to receive credit.</i></b></p>', 1, 'SCORM_1.2', 100, 1, 0, 0, 0, 0, 0, 1, 0, 0, '47ba976de29a0b1c2f9fb504389fda77c0f16040', '', 1, 40, 0, 0, 0, 1, -100, -100, 0, 1, 'scrollbars=0,directories=0,location=0,menubar=0,toolbar=0,status=0', 400, 700, 0, 0, 0, NULL, NULL, 1, 0),
(21, 22, 'Propose: Creating the STRAP', 'local', 'vision_to_partnership_creating_the_strap.zip', '<p><b><i>This course has 10 certifications questions. You must score 90% or\r\nhigher to receive credit.</i></b></p>', 1, 'SCORM_1.2', 100, 1, 0, 0, 0, 0, 0, 1, 0, 0, 'c260eb93b2486e5328e3098c8b4b321873a1beb2', '', 2, 44, 0, 0, 0, 0, -100, -100, 0, 1, 'scrollbars=0,directories=0,location=0,menubar=0,toolbar=0,status=0', 400, 700, 0, 0, 1424885547, NULL, NULL, 1, 0),
(22, 23, 'Close: Vision to Partnership: Presenting the STRAP', 'local', 'presenting_the_strap.zip', '<p ><b><i>This course has 5 certifications\r\nquestions. You must score 80% or higher to receive credit.</i></b></p>', 1, 'SCORM_1.2', 100, 1, 0, 0, 0, 0, 0, 1, 0, 0, '1fd333cc1cdbdc6ff395faef444c3d93a0ef58cb', '', 1, 46, 0, 0, 0, 0, -100, -100, 0, 1, 'scrollbars=0,directories=0,location=0,menubar=0,toolbar=0,status=0', 400, 700, 0, 0, 0, NULL, NULL, 1, 0),
(23, 24, 'Close: GPS Price Negotiation Strategy', 'local', 'gps_price_negotiating.zip', '<p ><b><i>This course has 10 certifications questions. You must score 90% or\r\nhigher to receive credit.</i></b></p>', 1, 'SCORM_1.2', 100, 1, 0, 0, 0, 0, 0, 1, 0, 0, '3b099f686b2b2ab6d22889878bab6669773a536b', '', 1, 48, 0, 0, 0, 0, -100, -100, 0, 1, 'scrollbars=0,directories=0,location=0,menubar=0,toolbar=0,status=0', 400, 700, 0, 0, 0, NULL, NULL, 1, 0),
(24, 25, 'Close: Objection Handling', 'local', 'objective_handling.zip', '<p ><b><i>This course has 10 certifications\r\nquestions. You must score 90% or higher to receive credit.</i></b></p>', 1, 'SCORM_1.2', 100, 1, 0, 0, 0, 0, 0, 1, 0, 0, '6755ccb2a30eceedab31b2e90863c98e3231ccf1', '', 1, 50, 0, 0, 0, 0, -100, -100, 0, 1, 'scrollbars=0,directories=0,location=0,menubar=0,toolbar=0,status=0', 400, 700, 0, 0, 0, NULL, NULL, 1, 0),
(25, 26, 'E-learning: Secondary Research: How and When to Use (Part 1)', 'local', 'secondary_research_how_and_when_to_use_secondary_research.zip', '<p>Part One</p>', 1, 'SCORM_1.2', 100, 1, 0, 3, 0, 0, 0, 1, 0, 0, '1fdffe5ed0c374fe71e3e83fe2ee47e0dddb0fd8', '', 1, 52, 0, 0, 0, 0, -100, -100, 0, 1, 'scrollbars=0,directories=0,location=0,menubar=0,toolbar=0,status=0', 400, 700, 0, 0, 0, 6, NULL, 1, 0),
(26, 26, 'E-Learning Secondary Research: Process SPAM: Sources & Lists (Part 2)', 'local', 'secondary_research_process_spam__sources___lists (1).zip', '<p>Part 2</p>', 1, 'SCORM_1.2', 100, 1, 0, 3, 0, 0, 0, 1, 0, 0, '9f21405a2859055d0cfcd617af91313bff030933', '', 1, 54, 0, 0, 0, 0, -100, -100, 0, 1, 'scrollbars=0,directories=0,location=0,menubar=0,toolbar=0,status=0', 400, 700, 0, 0, 0, NULL, NULL, 1, 0),
(27, 26, 'E-Learning: Secondary Research: Process SPAM: Plagiarism (Part 3)', 'local', 'secondary_research_spam_plagiarism_part_3_of_4.zip', '<p>Part 3</p>', 1, 'SCORM_1.2', 100, 1, 0, 3, 0, 0, 0, 1, 0, 0, '17ebb6e3aced5ee2dc439d3b85128be9554397ab', '', 1, 56, 0, 0, 0, 0, -100, -100, 0, 1, 'scrollbars=0,directories=0,location=0,menubar=0,toolbar=0,status=0', 400, 700, 0, 0, 0, NULL, NULL, 1, 0),
(28, 26, 'E-Learning: Secondary Research: Process SPAM: Allocating Time (Part 4)', 'local', 'secondary_research_allocating_your_time_and_moving_your_data_forward.zip', '<p>Part 4</p>', 1, 'SCORM_1.2', 100, 1, 0, 0, 0, 0, 0, 1, 0, 0, '56a2575da311b1d0e9f33ad56c6f6df55b04495c', '', 1, 58, 0, 0, 0, 0, -100, -100, 0, 0, '', 400, 700, 0, 0, 0, NULL, NULL, 1, 0),
(29, 27, 'E-learning: Introduction & Bottom-Up Approach (Part 1 of 4) ', 'local', 'primary_research_introduction_and_the_bottom_up_approach.zip', '<p>Part 1</p>', 1, 'SCORM_1.2', 100, 1, 0, 3, 0, 0, 0, 1, 0, 0, '540f48b87c28c1292fe8fbc82cd5f994bfa6a352', '', 1, 60, 0, 0, 0, 0, -100, -100, 0, 1, 'scrollbars=0,directories=0,location=0,menubar=0,toolbar=0,status=0', 400, 700, 0, 0, 0, NULL, NULL, 1, 0),
(30, 27, 'E-Learning: Primary Research: Developing Contact List & Discussion Guide (Part 2 of 4) ', 'local', 'primary_research_developing_contact_list__discussion_guide.zip', '<p>Part 2</p>', 1, 'SCORM_1.2', 100, 1, 0, 3, 0, 0, 0, 1, 0, 0, '39b6cf20c44e37dbf9b9ae83b0f671d49e269a36', '', 1, 62, 0, 0, 0, 0, -100, -100, 0, 1, 'scrollbars=0,directories=0,location=0,menubar=0,toolbar=0,status=0', 400, 700, 0, 0, 0, NULL, NULL, 1, 0),
(31, 27, 'E-Learning: Primary Research: Scheduling the Interview & Voicemail Tools (Part 3 of 4)', 'local', 'primary_research_scheduling_the_interview__voicemail_tools.zip', '<p>Part 3</p><p><br></p>', 1, 'SCORM_1.2', 100, 1, 0, 3, 0, 0, 0, 1, 0, 0, 'fadd41804b3fe6e81a11dfaf77d76b9fb7ee6fe7', '', 1, 64, 0, 0, 0, 0, -100, -100, 0, 1, 'scrollbars=0,directories=0,location=0,menubar=0,toolbar=0,status=0', 400, 700, 0, 0, 0, NULL, NULL, 1, 0),
(32, 27, 'E-learning: Primary Research: Conducting Interview (Part 4 of 4) ', 'local', 'primary_research_conducting_the_interview.zip', '<p>Part 4</p>', 1, 'SCORM_1.2', 100, 1, 0, 3, 0, 0, 0, 1, 0, 0, '55dccdf5d1dbd8f1a15e6ee594d74054f9ad78a9', '', 1, 66, 0, 0, 0, 0, -100, -100, 0, 1, 'scrollbars=0,directories=0,location=0,menubar=0,toolbar=0,status=0', 400, 700, 0, 0, 0, NULL, NULL, 1, 0),
(33, 28, 'E-Learning: Forecasting Basic Principles: Market Sizing Strategy (Part 2 of 3) ', 'local', 'forecasting_basic_principles_market_sizing_strategy.zip', '<p>Part 2</p>', 1, 'SCORM_1.2', 100, 1, 0, 3, 0, 0, 0, 1, 0, 0, '2947f8149eb3a25279afc7d5030223795df63e02', '', 1, 68, 0, 0, 0, 0, -100, -100, 0, 1, 'scrollbars=0,directories=0,location=0,menubar=0,toolbar=0,status=0', 400, 700, 0, 0, 0, NULL, NULL, 1, 0),
(34, 28, 'E-Learning: Forecasting Basic Principles: Forecasting Models & Verification (Part 3 of 3) ', 'local', 'forecasting_basic_principles_models__verification.zip', '<p>Part 3</p>', 1, 'SCORM_1.2', 100, 1, 0, 3, 0, 0, 0, 1, 0, 0, 'c535be4e26baffa891e1590f1bff2b52cda29687', '', 1, 70, 0, 0, 0, 0, -100, -100, 0, 1, 'scrollbars=0,directories=0,location=0,menubar=0,toolbar=0,status=0', 400, 700, 0, 0, 0, NULL, NULL, 1, 0),
(35, 29, 'E-learning: Writing 101: Writing Basics: Anatomy of a Sentence and Subject-Verb Agreement (Part 1 of 2) ', 'local', 'writing_101_part_1_final.zip', 'Writing 101 Part 1', 1, 'SCORM_1.2', 100, 1, 0, 3, 0, 0, 0, 1, 0, 0, '89cb765961584e340dee2f5b91c742cddaaff188', '', 1, 72, 0, 0, 0, 0, -100, -100, 0, 1, 'scrollbars=0,directories=0,location=0,menubar=0,toolbar=0,status=0', 400, 700, 0, 0, 0, NULL, NULL, 1, 0),
(36, 29, 'E-Learning: Writing 101: Writing Basics: Punctuations Usage, Hyphenation, and Misplaced Words (Part 2 of 2) ', 'local', 'writing_101_part_2_final.zip', '<p>Writing 101 Part 2</p>', 1, 'SCORM_1.2', 100, 1, 0, 3, 0, 0, 0, 1, 0, 0, '5b84dcba703f93bcbf3bf81e4c66c8126c4a491a', '', 1, 74, 0, 0, 0, 0, -100, -100, 0, 1, 'scrollbars=0,directories=0,location=0,menubar=0,toolbar=0,status=0', 400, 700, 0, 0, 0, NULL, NULL, 1, 0),
(37, 29, 'E-Learning: Writing 102: Business Writing Principles', 'local', 'research_writing_102_business_writing_final.zip', '<p>Writing 102</p>', 1, 'SCORM_1.2', 100, 1, 0, 3, 0, 0, 0, 1, 0, 0, '39151b527788ec1f3053c8f3d937fccd2f62ea04', '', 1, 76, 0, 0, 0, 0, -100, -100, 0, 1, 'scrollbars=0,directories=0,location=0,menubar=0,toolbar=0,status=0', 400, 700, 0, 0, 0, NULL, NULL, 1, 0),
(38, 29, 'E-Learning: Writing 103: Writing for the ME Template', 'local', 'writing_103_writing_for_the_template.zip', '<p>Writing 103</p>', 1, 'SCORM_1.2', 100, 1, 0, 3, 0, 0, 0, 1, 0, 0, '115dcd68c3f5c6d42909ac918957790f28df5c82', '', 1, 78, 0, 0, 0, 0, -100, -100, 0, 1, 'scrollbars=0,directories=0,location=0,menubar=0,toolbar=0,status=0', 400, 700, 0, 0, 0, NULL, NULL, 1, 0),
(39, 29, 'E-Learning: Research Publishing Workflow Process & Documents', 'local', 'research_publishing_process.zip', '<p>Electronic Process</p>', 1, 'SCORM_1.2', 100, 1, 0, 3, 0, 0, 0, 1, 0, 0, 'd656871aada1d6f361d8a275eaf60395fb6ed10e', '', 1, 80, 0, 0, 0, 0, -100, -100, 0, 1, 'scrollbars=0,directories=0,location=0,menubar=0,toolbar=0,status=0', 400, 700, 0, 0, 0, NULL, NULL, 1, 0),
(40, 29, 'E-Learning: Research Publishing Workflow Process & Documents: Editable Charts', 'local', 'editing_bar_charts.zip', '<p>Editable Charts</p>', 1, 'SCORM_1.2', 100, 1, 0, 3, 0, 0, 0, 1, 0, 0, '09793c8abf511130ca86160768d7ff6851cfdadc', '', 1, 82, 0, 0, 0, 0, -100, -100, 0, 1, 'scrollbars=0,directories=0,location=0,menubar=0,toolbar=0,status=0', 400, 700, 0, 0, 0, NULL, NULL, 1, 0),
(41, 29, 'E-Learning: Research Publishing Workflow Process & Documents: Template Compliance', 'local', 'template_compliance.zip', '<p>This course does not contain a certification.&nbsp;</p>', 1, 'SCORM_1.2', 100, 1, 0, 3, 0, 0, 0, 1, 0, 0, 'fad58122f1aee519c897bd26fe303fe337e96d7a', '', 1, 84, 0, 0, 0, 0, -100, -100, 0, 1, 'scrollbars=0,directories=0,location=0,menubar=0,toolbar=0,status=0', 400, 700, 0, 0, 0, NULL, NULL, 1, 0),
(42, 29, 'E-Learning: Research: New Online WIP ', 'local', 'online_wip_for_ppt_deliverables.zip', '<p>Online WIP</p>', 1, 'SCORM_1.2', 100, 1, 0, 3, 0, 0, 0, 1, 0, 0, '9de3433bcdc08d82f8b4bf6ca4f000eb7e5316cc', '', 1, 86, 0, 0, 0, 0, -100, -100, 0, 1, 'scrollbars=0,directories=0,location=0,menubar=0,toolbar=0,status=0', 400, 700, 0, 0, 0, NULL, NULL, 1, 0),
(43, 30, 'E-Learning: Project Managment Best Practices', 'local', 'project_management_best_practices.zip', '<p>Best Practices for Project Management</p>', 1, 'SCORM_1.2', 100, 1, 0, 3, 0, 0, 0, 1, 0, 0, 'ff7d23a694bacbdf8342979e09483aa0bb9d26ec', '', 1, 88, 0, 0, 0, 0, -100, -100, 0, 1, 'scrollbars=0,directories=0,location=0,menubar=0,toolbar=0,status=0', 400, 700, 0, 0, 0, NULL, NULL, 1, 0),
(44, 31, 'Project Managment Profitability: System and Process Changes', 'local', 'project_profitability_2014.zip', '<p>Project Profitability</p>', 1, 'SCORM_1.2', 100, 1, 0, 3, 0, 0, 0, 1, 0, 0, 'a5d668e57e71e4b2b4f7da9032253c926cc49bdd', '', 1, 90, 0, 0, 0, 0, -100, -100, 0, 1, 'scrollbars=0,directories=0,location=0,menubar=0,toolbar=0,status=0', 400, 700, 0, 0, 0, NULL, NULL, 1, 0),
(45, 33, 'PMC: My Dashboard', 'local', 'pmc_my_metrics_dashboard.zip', '<p>This course covers how to access and use the PMC Dashboard to obtain real time metrics.&nbsp;</p>', 1, 'SCORM_1.2', 100, 1, 0, 3, 0, 0, 0, 1, 0, 0, '451e4dade5a1c94572946eff0c98e00de57d2f46', '', 1, 92, 0, 0, 0, 0, -100, -100, 0, 1, 'scrollbars=0,directories=0,location=0,menubar=0,toolbar=0,status=0', 400, 700, 0, 0, 0, NULL, NULL, 1, 0),
(46, 34, 'How to Access the Business Unit Leader (BUL) Dashboard', 'local', 'bu_leader_dashboard.zip', '<p>This training covers how to access and leverage the BUL Dashboard with your Team. This course is designed for Business Unit Leaders.</p>', 1, 'SCORM_1.2', 100, 1, 0, 3, 0, 0, 0, 1, 0, 0, 'ff88b54317594cf6778a977030a2297939480b1c', '', 1, 94, 0, 0, 0, 0, -100, -100, 0, 1, 'scrollbars=0,directories=0,location=0,menubar=0,toolbar=0,status=0', 400, 700, 0, 0, 0, NULL, NULL, 1, 0),
(47, 35, 'PMC: Net Utilization (Introduction and How to Improve)', 'local', 'pmc_net_utilization.zip', '<p>This course covers an introduction to Net Utilization and best practices on how to improve your Net Utilization.&nbsp;</p>', 1, 'SCORM_1.2', 100, 1, 0, 3, 0, 0, 0, 1, 0, 0, '9daac9ead8702e798f7d976eb3610296a9f4c247', '', 1, 96, 0, 0, 0, 0, -100, -100, 0, 1, 'scrollbars=0,directories=0,location=0,menubar=0,toolbar=0,status=0', 400, 700, 0, 0, 0, NULL, NULL, 1, 0),
(48, 36, 'Growth Partnership Revitilization for Project Managers', 'local', 'gp_revitalization.zip', '<p>Course covers GPS changes.</p>', 1, 'SCORM_1.2', 100, 1, 0, 3, 0, 0, 0, 1, 0, 0, '6b302aaca074e16f718cdf74a7fa3fd54d62f822', '', 1, 98, 0, 0, 0, 0, -100, -100, 0, 1, 'scrollbars=0,directories=0,location=0,menubar=0,toolbar=0,status=0', 400, 700, 0, 0, 0, NULL, NULL, 1, 0),
(49, 37, 'Growth Partnership Revitilization for Sales', 'local', 'gp_revitalization_for_sales.zip', '<p>Course covers GPS changes.</p>', 1, 'SCORM_1.2', 100, 1, 0, 3, 0, 0, 0, 1, 0, 0, '93960426e2039a43050463342bfae1a4afaed10d', '', 1, 100, 0, 0, 0, 0, -100, -100, 0, 1, 'scrollbars=0,directories=0,location=0,menubar=0,toolbar=0,status=0', 400, 700, 0, 0, 0, NULL, NULL, 1, 0),
(50, 38, 'Writing Measurable Employee Reviews for Global Management', 'local', 'global_performance_management_writing_assessments.zip', '<p>This course covers writing employee reviews during the peformance review process.&nbsp;</p><p><br></p><p><br></p>', 1, 'SCORM_1.2', 100, 1, 0, 3, 0, 0, 0, 1, 0, 0, '97f110d161e5913dd9c207036c9c9320af73e1a7', '', 1, 102, 0, 0, 0, 0, -100, -100, 0, 1, 'scrollbars=0,directories=0,location=0,menubar=0,toolbar=0,status=0', 400, 700, 0, 0, 0, NULL, NULL, 1, 0),
(51, 39, 'ReviewSNAP: Entering Employee Reviews (Global Management)', 'local', 'reviewsnap_hr_final.zip', '<p>This course covers how to enter emplyee reviews by managers into ReviewSNAP. ReviewSNAP is our online peformance management system.&nbsp;</p>', 1, 'SCORM_1.2', 100, 1, 0, 3, 0, 0, 0, 1, 0, 0, 'ab7738532fc4992e06ccd92c089c7203571670e3', '', 1, 104, 0, 0, 0, 0, -100, -100, 0, 1, 'scrollbars=0,directories=0,location=0,menubar=0,toolbar=0,status=0', 400, 700, 0, 0, 0, NULL, NULL, 1, 0),
(52, 40, 'ReviewSNAP: Research & System Set-up (Global Finance & HR)', 'local', 'performance_management_admin_training.zip', 'This course covers how to set up ReviewSNAP for global finance and HR administrators.', 1, 'SCORM_1.2', 100, 1, 0, 3, 0, 0, 0, 1, 0, 0, '790b5a359726fdfd9ab950d234a12b0ba379a736', '', 1, 106, 0, 0, 0, 0, -100, -100, 0, 1, 'scrollbars=0,directories=0,location=0,menubar=0,toolbar=0,status=0', 400, 700, 0, 0, 0, NULL, NULL, 1, 0),
(53, 41, 'ReviewSNAP: Input Employee 2013 Targets and Actual MOPs for Administrators (Global Finance & HR)', 'local', 'global_performance_management_import_employee_goals__mops_you_tube.zip', '<p>This course covers entering targets, MOPs, and goals for Administrators.&nbsp;</p>', 1, 'SCORM_1.2', 100, 1, 0, 3, 0, 0, 0, 1, 0, 0, '51957404dacbd9e82edbd47372969fc63d9c607c', '', 1, 108, 0, 0, 0, 0, -100, -100, 0, 1, 'scrollbars=0,directories=0,location=0,menubar=0,toolbar=0,status=0', 400, 700, 0, 0, 0, NULL, NULL, 1, 0),
(54, 42, 'Normalization Process & Quality Assessment (Global & Regional Executive Leadership)', 'local', 'global_performance_management_normalization_process.zip', '<p>This course covers the normalization process by leadership during the Peformance Management process.</p>', 1, 'SCORM_1.2', 100, 1, 0, 3, 0, 0, 0, 1, 0, 0, '0ca9b5eed07e4990f6ccf1446b94ace3db570537', '', 1, 110, 0, 0, 0, 0, -100, -100, 0, 1, 'scrollbars=0,directories=0,location=0,menubar=0,toolbar=0,status=0', 400, 700, 0, 0, 0, NULL, NULL, 1, 0),
(55, 43, 'Performance Management: Introduction for Managers (Global Management)', 'local', 'global_performance_management_for_managers.zip', '<p>This course covers the introduction and FAQ\'s by Managers on Performance Managment.&nbsp;</p>', 1, 'SCORM_1.2', 100, 1, 0, 3, 0, 0, 0, 1, 0, 0, '06ba9cadb0dd781f9b1ae589ec53f145e9d06fb4', '', 1, 112, 0, 0, 0, 0, -100, -100, 0, 1, 'scrollbars=0,directories=0,location=0,menubar=0,toolbar=0,status=0', 400, 700, 0, 0, 0, NULL, NULL, 1, 0),
(56, 44, 'Performance Management: Introduction for Employees (Global Employees)', 'local', 'global_performance_management_for_employees.zip', '<p>This course covers an introduction and FAQ\'s by employees for peformance management.</p>', 1, 'SCORM_1.2', 100, 1, 0, 3, 0, 0, 0, 1, 0, 0, 'f6a6aaa2f95c2dfd9705102f646c428eefab903c', '', 1, 114, 0, 0, 0, 0, -100, -100, 0, 1, 'scrollbars=0,directories=0,location=0,menubar=0,toolbar=0,status=0', 400, 700, 0, 0, 0, NULL, NULL, 1, 0),
(57, 45, 'Introduction & Feedback (Global & Regional Executive Leadership)', 'local', 'performance_management.zip', '<p>This course covers the information on our Global Performance Management Process.</p>', 1, 'SCORM_1.2', 100, 1, 0, 3, 0, 0, 0, 1, 0, 0, 'd98b5457be9e41d308454085aee9ecc4b5807919', '', 1, 116, 0, 0, 0, 0, -100, -100, 0, 1, 'scrollbars=0,directories=0,location=0,menubar=0,toolbar=0,status=0', 400, 700, 0, 0, 0, NULL, NULL, 1, 0),
(58, 46, 'Salary Matrix Tutorial for Administrators ', 'local', 'global_performance_management_salary_matrix_youtube.zip', '<p>This course covers how to use the Salary Matrix tool.</p>', 1, 'SCORM_1.2', 100, 1, 0, 3, 0, 0, 0, 1, 0, 0, '442f618159003d02313839dfc52b6c01a8859787', '', 1, 118, 0, 0, 0, 0, -100, -100, 0, 1, 'scrollbars=0,directories=0,location=0,menubar=0,toolbar=0,status=0', 400, 700, 0, 0, 0, NULL, NULL, 1, 0),
(59, 47, 'Engaging Your Audience Using Visual Aids and Interactive Techniques', 'local', 'gil_presentation__facilitation_skills_engaging_your_audience_using_visual_aids_and_interactive_techniques.zip', '<p>This course covers how to create engaging presentations and how to involve your audience.&nbsp;</p>', 1, 'SCORM_1.2', 100, 1, 0, 3, 0, 0, 0, 1, 0, 0, '18a63a5354a401cdf977446ea5cd3fef39b4d36b', '', 1, 120, 0, 0, 0, 0, -100, -100, 0, 1, 'scrollbars=0,directories=0,location=0,menubar=0,toolbar=0,status=0', 400, 700, 0, 0, 0, NULL, NULL, 1, 0),
(60, 48, 'From Planning to Presenting', 'local', 'facilitation_skills_from_planning_to_presenting.zip', '<p>This course covers how to plan, create, and tips for presenting.</p>', 1, 'SCORM_1.2', 100, 1, 0, 3, 0, 0, 0, 1, 0, 0, '2cd87d0541698eeecec5a22352de6770a2505538', '', 1, 122, 0, 0, 0, 0, -100, -100, 0, 1, 'scrollbars=0,directories=0,location=0,menubar=0,toolbar=0,status=0', 400, 700, 0, 0, 0, NULL, NULL, 1, 0),
(61, 49, 'Virtual Skills Workshop Facilitation (for internal SMEs)', 'local', 'virtual_workshop_facilitation.zip', '<p>This course is for internal SME\'s. It covers how to conduct internal virtual workshops.</p>', 1, 'SCORM_1.2', 100, 1, 0, 3, 0, 0, 0, 1, 0, 0, 'b31a6a11f70e86141db6bbb0cae271facd5de5d7', '', 1, 124, 0, 0, 0, 0, -100, -100, 0, 1, 'scrollbars=0,directories=0,location=0,menubar=0,toolbar=0,status=0', 400, 700, 0, 0, 0, NULL, NULL, 1, 0),
(62, 50, 'Facilitating a \'Food For Thought – Networking Roundtable\'', 'local', 'food_for_thought.zip', '<p>This course covers how to conduct a Food For Thought Roundtable at GIL Events.&nbsp;</p>', 1, 'SCORM_1.2', 100, 1, 0, 3, 0, 0, 0, 1, 0, 0, '09af3671e88e2e227c8dd366deacf4c107f768ea', '', 1, 126, 0, 0, 0, 0, -100, -100, 0, 1, 'scrollbars=0,directories=0,location=0,menubar=0,toolbar=0,status=0', 400, 700, 0, 0, 0, NULL, NULL, 1, 0),
(63, 51, 'Scenario Visioning Workshop Facilitation', 'local', 'gil_scenario_visioning_workshop_facilitation.zip', '<p>This course covers how to conduct a scenario visoning workshop at GIL.&nbsp;</p>', 1, 'SCORM_1.2', 100, 1, 0, 3, 0, 0, 0, 1, 0, 0, '7e87038f1067b77e250f9d0df571f4e669e15a12', '', 1, 128, 0, 0, 0, 0, -100, -100, 0, 1, 'scrollbars=0,directories=0,location=0,menubar=0,toolbar=0,status=0', 400, 700, 0, 0, 0, NULL, NULL, 1, 0),
(64, 52, 'Social Media 101', 'local', 'social_media_101.zip', '<p>This course covers an introduction to Facebook, Twitter, and LinkedIn.&nbsp;</p>', 1, 'SCORM_1.2', 100, 1, 0, 3, 0, 0, 0, 1, 0, 0, 'c11f768c2242deda15e786a762698d914b1e7a29', '', 1, 130, 0, 0, 0, 0, -100, -100, 0, 1, 'scrollbars=0,directories=0,location=0,menubar=0,toolbar=0,status=0', 400, 700, 0, 0, 0, NULL, NULL, 1, 0),
(65, 53, 'Social Media Best Practices', 'local', 'social_media_best_practices.zip', '<p>This course covers how to effectively use Social Media for business purposes.&nbsp;</p>', 1, 'SCORM_1.2', 100, 1, 0, 3, 0, 0, 0, 1, 0, 0, '77beb33c4177ebd92cf7895cc39860d6bb9cb852', '', 1, 132, 0, 0, 0, 0, -100, -100, 0, 1, 'scrollbars=0,directories=0,location=0,menubar=0,toolbar=0,status=0', 400, 700, 0, 0, 0, NULL, NULL, 1, 0),
(66, 54, 'Growth Consulting Pricing Strategies', 'local', 'pricing_strategy_training.zip', '<p>This course covers growth consulting strategies.&nbsp;</p>', 1, 'SCORM_1.2', 100, 1, 0, 3, 0, 0, 0, 1, 0, 0, 'c34ed4449d38518753d19dafa81cf26e496a5108', '', 1, 134, 0, 0, 0, 0, -100, -100, 0, 1, 'scrollbars=0,directories=0,location=0,menubar=0,toolbar=0,status=0', 400, 700, 0, 0, 0, NULL, NULL, 1, 0),
(68, 60, 'New GPS Lead Processing System', 'local', 'New GPS Lead Processing System.zip', '<p>D:\\Ashwin\\Projects\\GPSS\\SCORM<br></p>', 1, 'SCORM_1.2', 100, 1, 0, 0, 0, 0, 0, 1, 0, 0, '26059c30aeb930fca43b86226d8dc913df27db21', '', 1, 138, 0, 0, 0, 0, -100, -100, 0, 1, 'scrollbars=0,directories=0,location=0,menubar=0,toolbar=0,status=0', 400, 700, 1450681500, 1482303900, 1450715139, 2, 90, 1, 0),
(69, 61, 'Video ', 'local', 'moodle_youtube_final.zip', '<p>Internal overview for admins on moodle and moodle spreadsheet tracking.</p>', 1, 'SCORM_1.2', 100, 1, 0, 0, 0, 0, 0, 1, 0, 0, '83807d04765fd955263f4d5578afbad867940a59', '', 1, 140, 0, 0, 0, 0, -100, -100, 0, 0, '', 400, 700, 0, 0, 0, NULL, NULL, 1, 0),
(70, 4, 'Creating Your Corporate Bio', 'local', 'corporate_bio.zip', '<p>This course explains you on how to create your own corporate biography.&nbsp;</p>', 1, 'SCORM_1.2', 100, 1, 0, 0, 0, 0, 0, 1, 0, 0, '5bcb254ffef03a6ebe4cd61fbcd0fd86d7e5c871', '', 1, 142, 0, 0, 0, 0, -100, -100, 0, 0, '', 400, 700, 0, 0, 0, NULL, NULL, 1, 0),
(71, 3, 'IBM Notes', 'local', 'IBM Notes, Key Databases and Email Signature.zip', '<p><span style=\"font-size: 14.44px;\">This is a course on IBM Notes, Key Databases and email signature.&nbsp;</span><br></p>', 1, 'SCORM_1.2', 100, 1, 0, 0, 0, 0, 0, 1, 0, 0, '540069d0dd4d7165495eb6d6144b0b08459fba9a', '', 1, 144, 0, 0, 0, 0, -100, -100, 0, 0, '', 400, 700, 0, 0, 0, NULL, NULL, 1, 0),
(72, 62, 'Sample IBM Notes course', 'local', 'IBM Notes, Key Databases and Email Signature.zip', '<p>Sample IBM Notes course for testing<br></p>', 1, 'SCORM_1.2', 100, 1, 0, 0, 0, 0, 0, 1, 0, 0, '2c41ac45054df9469581319825b1d02eb8b4d7c4', '', 1, 146, 0, 0, 0, 0, -100, -100, 0, 0, '', 400, 700, 0, 0, 0, NULL, NULL, 1, 0),
(73, 63, 'Sharepoint - The Basics', 'local', 'SharePoint-The Basics.zip', '<p>This is a short course on Sharepoint tool.</p>', 1, 'SCORM_1.2', 100, 1, 0, 0, 0, 0, 0, 1, 0, 0, '3c907c495a3ef658b24f902b46bee4c9ec4df8bb', '', 1, 148, 0, 0, 0, 0, -100, -100, 0, 0, '', 400, 700, 0, 0, 0, NULL, NULL, 1, 0),
(74, 64, 'PMC - Registration and Timesheet', 'local', 'PMC Registration  Timesheet.zip', '<p>PMC - Registration and Timesheet<br></p>', 1, 'SCORM_1.2', 100, 1, 0, 0, 0, 1, 1, 1, 0, 0, 'd51a214db0ad69b86a6431984a5277c87b6721e7', '', 1, 150, 0, 0, 0, 0, -100, -100, 0, 0, '', 400, 700, 1462264200, 0, 1462265025, NULL, NULL, 1, 0),
(75, 67, 'Title 3', 'local', 'Title 3.zip', '<p>Title 3<br></p>', 1, 'SCORM_1.2', 100, 1, 0, 0, 0, 0, 0, 1, 0, 0, '4b807e0d8866da41de891eaaef54233802e75dac', '', 2, 152, 0, 0, 0, 0, -100, -100, 0, 1, 'scrollbars=0,directories=0,location=0,menubar=0,toolbar=0,status=0', 400, 700, 0, 0, 1472807898, NULL, NULL, 1, 0),
(76, 69, 'title 3', 'local', 'Title 3.zip', '<p>jhgyghgh<br></p>', 1, 'SCORM_1.2', 100, 1, 0, 0, 0, 1, 0, 1, 0, 0, 'e5f7cd74d995f45d2deacc55fb9aa4a0b18b9f7c', '', 1, 154, 0, 1, 1, 0, -100, -100, 0, 1, 'scrollbars=0,directories=0,location=0,menubar=0,toolbar=0,status=0', 1024, 768, 0, 0, 0, 6, 80, 1, 0);

-- --------------------------------------------------------

--
-- Table structure for table `mdl_scorm_aicc_session`
--

CREATE TABLE `mdl_scorm_aicc_session` (
  `id` bigint(10) NOT NULL,
  `userid` bigint(10) NOT NULL DEFAULT '0',
  `scormid` bigint(10) NOT NULL DEFAULT '0',
  `hacpsession` varchar(255) NOT NULL DEFAULT '',
  `scoid` bigint(10) DEFAULT '0',
  `scormmode` varchar(50) DEFAULT NULL,
  `scormstatus` varchar(255) DEFAULT NULL,
  `attempt` bigint(10) DEFAULT NULL,
  `lessonstatus` varchar(255) DEFAULT NULL,
  `sessiontime` varchar(255) DEFAULT NULL,
  `timecreated` bigint(10) NOT NULL DEFAULT '0',
  `timemodified` bigint(10) NOT NULL DEFAULT '0'
) ENGINE=InnoDB DEFAULT CHARSET=utf8 COMMENT='Used by AICC HACP to store session information';

-- --------------------------------------------------------

--
-- Table structure for table `mdl_scorm_scoes`
--

CREATE TABLE `mdl_scorm_scoes` (
  `id` bigint(10) NOT NULL,
  `scorm` bigint(10) NOT NULL DEFAULT '0',
  `manifest` varchar(255) NOT NULL DEFAULT '',
  `organization` varchar(255) NOT NULL DEFAULT '',
  `parent` varchar(255) NOT NULL DEFAULT '',
  `identifier` varchar(255) NOT NULL DEFAULT '',
  `launch` longtext NOT NULL,
  `scormtype` varchar(5) NOT NULL DEFAULT '',
  `title` varchar(255) NOT NULL DEFAULT '',
  `sortorder` bigint(10) NOT NULL DEFAULT '0'
) ENGINE=InnoDB DEFAULT CHARSET=utf8 COMMENT='each SCO part of the SCORM module';

--
-- Dumping data for table `mdl_scorm_scoes`
--

INSERT INTO `mdl_scorm_scoes` (`id`, `scorm`, `manifest`, `organization`, `parent`, `identifier`, `launch`, `scormtype`, `title`, `sortorder`) VALUES
(1, 1, 'intro_to_blended_learning', '', '/', 'intro_to_blended_learning_ORG', '', '', 'Frost: Intro to Blended Learning', 1),
(2, 1, 'intro_to_blended_learning', 'intro_to_blended_learning_ORG', 'intro_to_blended_learning_ORG', 'intro_to_blended_learning_SCO', 'intro_to_blended_learning_viewlet_swf.html', 'sco', 'Frost: Intro to Blended Learning', 2),
(5, 3, 'lotus_notes__email_signature', '', '/', 'lotus_notes__email_signature_ORG', '', '', 'IBM Notes & Email Signature', 1),
(6, 3, 'lotus_notes__email_signature', 'lotus_notes__email_signature_ORG', 'lotus_notes__email_signature_ORG', 'lotus_notes__email_signature_SCO', 'lotus_notes__email_signature_viewlet_swf.html', 'sco', 'IBM Notes & Email Signature', 2),
(9, 5, 'global_purchase_order_system', '', '/', 'global_purchase_order_system_ORG', '', '', 'Global Purchase Order System', 1),
(10, 5, 'global_purchase_order_system', 'global_purchase_order_system_ORG', 'global_purchase_order_system_ORG', 'global_purchase_order_system_SCO', 'global_purchase_order_system_viewlet_swf.html', 'sco', 'Global Purchase Order System', 2),
(11, 6, 'concur_solutions', '', '/', 'concur_solutions_ORG', '', '', 'Concur Solutions', 1),
(12, 6, 'concur_solutions', 'concur_solutions_ORG', 'concur_solutions_ORG', 'concur_solutions_SCO', 'concur_solutions_viewlet_swf.html', 'sco', 'Concur Solutions', 2),
(13, 7, 'pmc_basics', '', '/', 'pmc_basics_ORG', '', '', 'PMC Basics', 1),
(14, 7, 'pmc_basics', 'pmc_basics_ORG', 'pmc_basics_ORG', 'pmc_basics_SCO', 'pmc_basics_viewlet_swf.html', 'sco', 'PMC Basics', 2),
(15, 8, 'pmc_102_timesheets_except_sales', '', '/', 'pmc_102_timesheets_except_sales_ORG', '', '', 'Frost: PMC 102: Timesheets (Except Sales)', 1),
(16, 8, 'pmc_102_timesheets_except_sales', 'pmc_102_timesheets_except_sales_ORG', 'pmc_102_timesheets_except_sales_ORG', 'pmc_102_timesheets_except_sales_SCO', 'pmc_102_timesheets_except_sales_viewlet_swf.html', 'sco', 'Frost: PMC 102: Timesheets (Except Sales)', 2),
(17, 9, 'pmc_103_projects_and_proformas_new', '', '/', 'pmc_103_projects_and_proformas_new_ORG', '', '', 'PMC 103: Projects and Proformas', 1),
(18, 9, 'pmc_103_projects_and_proformas_new', 'pmc_103_projects_and_proformas_new_ORG', 'pmc_103_projects_and_proformas_new_ORG', 'pmc_103_projects_and_proformas_new_SCO', 'pmc_103_projects_and_proformas_new_viewlet_swf.html', 'sco', 'PMC 103: Projects and Proformas', 2),
(19, 10, 'frostcom', '', '/', 'frostcom_ORG', '', '', 'Frost: Frost.com', 1),
(20, 10, 'frostcom', 'frostcom_ORG', 'frostcom_ORG', 'frostcom_SCO', 'frostcom_viewlet_swf.html', 'sco', 'Frost: Frost.com', 2),
(21, 11, 'test', '', '/', 'test_ORG', '', '', 'Labor Laws (for North America Managers Only)', 1),
(22, 11, 'test', 'test_ORG', 'test_ORG', 'test_SCO', 'test_viewlet_swf.html', 'sco', 'Labor Laws (for North America Managers Only)', 2),
(23, 12, 'sales_logix_basics', '', '/', 'sales_logix_basics_ORG', '', '', 'Sales Logix ', 1),
(24, 12, 'sales_logix_basics', 'sales_logix_basics_ORG', 'sales_logix_basics_ORG', 'sales_logix_basics_SCO', 'sales_logix_basics_viewlet_swf.html', 'sco', 'Sales Logix ', 2),
(25, 13, 'plan_prioritize_and_manage_your_account_book_and_opportunities', '', '/', 'plan_prioritize_and_manage_your_account_book_and_opportunities_ORG', '', '', 'Vision to Parnership: Initiate: Plan, Prioritize, and Manage Your Account Book', 1),
(26, 13, 'plan_prioritize_and_manage_your_account_book_and_opportunities', 'plan_prioritize_and_manage_your_account_book_and_opportunities_ORG', 'plan_prioritize_and_manage_your_account_book_and_opportunities_ORG', 'plan_prioritize_and_manage_your_account_book_and_opportunities_SCO', 'plan_prioritize_and_manage_your_account_book_and_opportunities_viewlet_swf.html', 'sco', 'Vision to Parnership: Initiate: Plan, Prioritize, and Manage Your Account Book', 2),
(27, 14, 'strategic_account_planning', '', '/', 'strategic_account_planning_ORG', '', '', 'Strategic Account Planning ', 1),
(28, 14, 'strategic_account_planning', 'strategic_account_planning_ORG', 'strategic_account_planning_ORG', 'strategic_account_planning_SCO', 'strategic_account_planning_viewlet_swf.html', 'sco', 'Strategic Account Planning ', 2),
(29, 15, 'phone_as_a_sales_tool', '', '/', 'phone_as_a_sales_tool_ORG', '', '', 'Sales: Vision to Partnership/Sales 101: Initiate: Telephone as a Sales Tool', 1),
(30, 15, 'phone_as_a_sales_tool', 'phone_as_a_sales_tool_ORG', 'phone_as_a_sales_tool_ORG', 'phone_as_a_sales_tool_SCO', 'phone_as_a_sales_tool_viewlet_swf.html', 'sco', 'Sales: Vision to Partnership/Sales 101: Initiate: Telephone as a Sales Tool', 2),
(31, 16, 'q40_second_speech', '', '/', 'q40_second_speech_ORG', '', '', '40 Second Speech For Sales ', 1),
(32, 16, 'q40_second_speech', 'q40_second_speech_ORG', 'q40_second_speech_ORG', 'q40_second_speech_SCO', '40_second_speech_viewlet_swf.html', 'sco', '40 Second Speech For Sales ', 2),
(33, 17, 'vision_to_partnership_vision_to_dna', '', '/', 'vision_to_partnership_vision_to_dna_ORG', '', '', 'Sales: Vision to Partnership/Sales 101: Educate: Vision to DNA (DNA Role Play)', 1),
(34, 17, 'vision_to_partnership_vision_to_dna', 'vision_to_partnership_vision_to_dna_ORG', 'vision_to_partnership_vision_to_dna_ORG', 'vision_to_partnership_vision_to_dna_SCO', 'vision_to_partnership_vision_to_dna_viewlet_swf.html', 'sco', 'Sales: Vision to Partnership/Sales 101: Educate: Vision to DNA (DNA Role Play)', 2),
(35, 18, 'vision_to_partnership_dna_mapping', '', '/', 'vision_to_partnership_dna_mapping_ORG', '', '', 'Vision to Partnership: DNA Mapping', 1),
(36, 18, 'vision_to_partnership_dna_mapping', 'vision_to_partnership_dna_mapping_ORG', 'vision_to_partnership_dna_mapping_ORG', 'vision_to_partnership_dna_mapping_SCO', 'vision_to_partnership_dna_mapping_viewlet_swf.html', 'sco', 'Vision to Partnership: DNA Mapping', 2),
(37, 19, 'case_studies', '', '/', 'case_studies_ORG', '', '', 'Case Studies', 1),
(38, 19, 'case_studies', 'case_studies_ORG', 'case_studies_ORG', 'case_studies_SCO', 'case_studies_viewlet_swf.html', 'sco', 'Case Studies', 2),
(39, 20, 'vcb_for_sales', '', '/', 'vcb_for_sales_ORG', '', '', 'Vision to Partnership/Sales 101: Demonstrate: GPS Offerings ', 1),
(40, 20, 'vcb_for_sales', 'vcb_for_sales_ORG', 'vcb_for_sales_ORG', 'vcb_for_sales_SCO', 'vcb_for_sales_viewlet_swf.html', 'sco', 'Vision to Partnership/Sales 101: Demonstrate: GPS Offerings ', 2),
(43, 21, 'vision_to_partnership_creating_the_strap', '', '/', 'vision_to_partnership_creating_the_strap_ORG', '', '', 'Vision to Partnership: Creating the STRAP', 1),
(44, 21, 'vision_to_partnership_creating_the_strap', 'vision_to_partnership_creating_the_strap_ORG', 'vision_to_partnership_creating_the_strap_ORG', 'vision_to_partnership_creating_the_strap_SCO', 'vision_to_partnership_creating_the_strap_viewlet_swf.html', 'sco', 'Vision to Partnership: Creating the STRAP', 2),
(45, 22, 'presenting_the_strap', '', '/', 'presenting_the_strap_ORG', '', '', 'Presenting the STRAP', 1),
(46, 22, 'presenting_the_strap', 'presenting_the_strap_ORG', 'presenting_the_strap_ORG', 'presenting_the_strap_SCO', 'presenting_the_strap_viewlet_swf.html', 'sco', 'Presenting the STRAP', 2),
(47, 23, 'gps_price_negotiating', '', '/', 'gps_price_negotiating_ORG', '', '', 'GPS Price Negotiation ', 1),
(48, 23, 'gps_price_negotiating', 'gps_price_negotiating_ORG', 'gps_price_negotiating_ORG', 'gps_price_negotiating_SCO', 'gps_price_negotiating_viewlet_swf.html', 'sco', 'GPS Price Negotiation ', 2),
(49, 24, 'objective_handling', '', '/', 'objective_handling_ORG', '', '', 'Vision to Parnership: Close: Objection Handling', 1),
(50, 24, 'objective_handling', 'objective_handling_ORG', 'objective_handling_ORG', 'objective_handling_SCO', 'objective_handling_viewlet_swf.html', 'sco', 'Vision to Parnership: Close: Objection Handling', 2),
(51, 25, 'secondary_research_how_and_when_to_use_secondary_research', '', '/', 'secondary_research_how_and_when_to_use_secondary_research_ORG', '', '', 'Secondary Research: How and When to Use Secondary Research', 1),
(52, 25, 'secondary_research_how_and_when_to_use_secondary_research', 'secondary_research_how_and_when_to_use_secondary_research_ORG', 'secondary_research_how_and_when_to_use_secondary_research_ORG', 'secondary_research_how_and_when_to_use_secondary_research_SCO', 'secondary_research_how_and_when_to_use_secondary_research_viewlet_swf.html', 'sco', 'Secondary Research: How and When to Use Secondary Research', 2),
(53, 26, 'secondary_research_process_spam__sources___lists', '', '/', 'secondary_research_process_spam__sources___lists_ORG', '', '', 'Secondary Research Process SPAM & Sources & Lists', 1),
(54, 26, 'secondary_research_process_spam__sources___lists', 'secondary_research_process_spam__sources___lists_ORG', 'secondary_research_process_spam__sources___lists_ORG', 'secondary_research_process_spam__sources___lists_SCO', 'secondary_research_process_spam__sources___lists_viewlet_swf.html', 'sco', 'Secondary Research Process SPAM & Sources & Lists', 2),
(55, 27, 'secondary_research_spam_plagiarism_part_3_of_4', '', '/', 'secondary_research_spam_plagiarism_part_3_of_4_ORG', '', '', 'Plagiarism ', 1),
(56, 27, 'secondary_research_spam_plagiarism_part_3_of_4', 'secondary_research_spam_plagiarism_part_3_of_4_ORG', 'secondary_research_spam_plagiarism_part_3_of_4_ORG', 'secondary_research_spam_plagiarism_part_3_of_4_SCO', 'secondary_research_spam_plagiarism_part_3_of_4_viewlet_swf.html', 'sco', 'Plagiarism ', 2),
(57, 28, 'secondary_research_allocating_your_time_and_moving_your_data_forward', '', '/', 'secondary_research_allocating_your_time_and_moving_your_data_forward_ORG', '', '', 'Secondary Research: Allocating Your Time and Moving Your Data Forward', 1),
(58, 28, 'secondary_research_allocating_your_time_and_moving_your_data_forward', 'secondary_research_allocating_your_time_and_moving_your_data_forward_ORG', 'secondary_research_allocating_your_time_and_moving_your_data_forward_ORG', 'secondary_research_allocating_your_time_and_moving_your_data_forward_SCO', 'secondary_research_allocating_your_time_and_moving_your_data_forward_viewlet_swf.html', 'sco', 'Secondary Research: Allocating Your Time and Moving Your Data Forward', 2),
(59, 29, 'primary_research_introduction_and_the_bottom_up_approach', '', '/', 'primary_research_introduction_and_the_bottom_up_approach_ORG', '', '', 'Primary Research: Introduction and the Bottom Up Approach', 1),
(60, 29, 'primary_research_introduction_and_the_bottom_up_approach', 'primary_research_introduction_and_the_bottom_up_approach_ORG', 'primary_research_introduction_and_the_bottom_up_approach_ORG', 'primary_research_introduction_and_the_bottom_up_approach_SCO', 'primary_research_introduction_and_the_bottom_up_approach_viewlet_swf.html', 'sco', 'Primary Research: Introduction and the Bottom Up Approach', 2),
(61, 30, 'primary_research_developing_contact_list__discussion_guide', '', '/', 'primary_research_developing_contact_list__discussion_guide_ORG', '', '', 'Primary Research: Developing the Contact list & Discussion Guide', 1),
(62, 30, 'primary_research_developing_contact_list__discussion_guide', 'primary_research_developing_contact_list__discussion_guide_ORG', 'primary_research_developing_contact_list__discussion_guide_ORG', 'primary_research_developing_contact_list__discussion_guide_SCO', 'primary_research_developing_contact_list__discussion_guide_viewlet_swf.html', 'sco', 'Primary Research: Developing the Contact list & Discussion Guide', 2),
(63, 31, 'primary_research_scheduling_the_interview__voicemail_tools', '', '/', 'primary_research_scheduling_the_interview__voicemail_tools_ORG', '', '', 'Primary Research: Scheduling the Interview & Voicemail Tools', 1),
(64, 31, 'primary_research_scheduling_the_interview__voicemail_tools', 'primary_research_scheduling_the_interview__voicemail_tools_ORG', 'primary_research_scheduling_the_interview__voicemail_tools_ORG', 'primary_research_scheduling_the_interview__voicemail_tools_SCO', 'primary_research_scheduling_the_interview__voicemail_tools_viewlet_swf.html', 'sco', 'Primary Research: Scheduling the Interview & Voicemail Tools', 2),
(65, 32, 'primary_research_conducting_the_interview', '', '/', 'primary_research_conducting_the_interview_ORG', '', '', 'Primary Research: Conducting the Interview ', 1),
(66, 32, 'primary_research_conducting_the_interview', 'primary_research_conducting_the_interview_ORG', 'primary_research_conducting_the_interview_ORG', 'primary_research_conducting_the_interview_SCO', 'primary_research_conducting_the_interview_viewlet_swf.html', 'sco', 'Primary Research: Conducting the Interview ', 2),
(67, 33, 'forecasting_basic_principles_market_sizing_strategy', '', '/', 'forecasting_basic_principles_market_sizing_strategy_ORG', '', '', 'Forecasting Basic Principles: Market Sizing Strategy (Part 2 of 3)', 1),
(68, 33, 'forecasting_basic_principles_market_sizing_strategy', 'forecasting_basic_principles_market_sizing_strategy_ORG', 'forecasting_basic_principles_market_sizing_strategy_ORG', 'forecasting_basic_principles_market_sizing_strategy_SCO', 'forecasting_basic_principles_market_sizing_strategy_viewlet_swf.html', 'sco', 'Forecasting Basic Principles: Market Sizing Strategy (Part 2 of 3)', 2),
(69, 34, 'forecasting_basic_principles_models__verification', '', '/', 'forecasting_basic_principles_models__verification_ORG', '', '', 'Forecasting Basic Principles: Models & Verification (Part 3 of 3)', 1),
(70, 34, 'forecasting_basic_principles_models__verification', 'forecasting_basic_principles_models__verification_ORG', 'forecasting_basic_principles_models__verification_ORG', 'forecasting_basic_principles_models__verification_SCO', 'forecasting_basic_principles_models__verification_viewlet_swf.html', 'sco', 'Forecasting Basic Principles: Models & Verification (Part 3 of 3)', 2),
(71, 35, 'writing_101_part_1_final', '', '/', 'writing_101_part_1_final_ORG', '', '', 'Writing 101: Writing Basics: Anatomy of a Sentence & Subject-Verb Agreement (part 1 of 2)', 1),
(72, 35, 'writing_101_part_1_final', 'writing_101_part_1_final_ORG', 'writing_101_part_1_final_ORG', 'writing_101_part_1_final_SCO', 'writing_101_part_1_final_viewlet_swf.html', 'sco', 'Writing 101: Writing Basics: Anatomy of a Sentence & Subject-Verb Agreement (part 1 of 2)', 2),
(73, 36, 'writing_101_part_2_final', '', '/', 'writing_101_part_2_final_ORG', '', '', 'Research: Writing 101: Writing Basics: Punctuation Usage, Hyphenations, & Misplaced Words (Part 2 of 2)', 1),
(74, 36, 'writing_101_part_2_final', 'writing_101_part_2_final_ORG', 'writing_101_part_2_final_ORG', 'writing_101_part_2_final_SCO', 'writing_101_part_2_final_viewlet_swf.html', 'sco', 'Research: Writing 101: Writing Basics: Punctuation Usage, Hyphenations, & Misplaced Words (Part 2 of 2)', 2),
(75, 37, 'research_writing_102_business_writing_final', '', '/', 'research_writing_102_business_writing_final_ORG', '', '', 'Research: Writing 102: Business Writing ', 1),
(76, 37, 'research_writing_102_business_writing_final', 'research_writing_102_business_writing_final_ORG', 'research_writing_102_business_writing_final_ORG', 'research_writing_102_business_writing_final_SCO', 'research_writing_102_business_writing_final_viewlet_swf.html', 'sco', 'Research: Writing 102: Business Writing ', 2),
(77, 38, 'writing_103_writing_for_the_template', '', '/', 'writing_103_writing_for_the_template_ORG', '', '', 'Research: Writing 103: Writing for the Template', 1),
(78, 38, 'writing_103_writing_for_the_template', 'writing_103_writing_for_the_template_ORG', 'writing_103_writing_for_the_template_ORG', 'writing_103_writing_for_the_template_SCO', 'writing_103_writing_for_the_template_viewlet_swf.html', 'sco', 'Research: Writing 103: Writing for the Template', 2),
(79, 39, 'research_publishing_process', '', '/', 'research_publishing_process_ORG', '', '', 'Research Publishing Process', 1),
(80, 39, 'research_publishing_process', 'research_publishing_process_ORG', 'research_publishing_process_ORG', 'research_publishing_process_SCO', 'research_publishing_process_viewlet_swf.html', 'sco', 'Research Publishing Process', 2),
(81, 40, 'editing_bar_charts', '', '/', 'editing_bar_charts_ORG', '', '', 'Editable Charts', 1),
(82, 40, 'editing_bar_charts', 'editing_bar_charts_ORG', 'editing_bar_charts_ORG', 'editing_bar_charts_SCO', 'editing_bar_charts_viewlet_swf.html', 'sco', 'Editable Charts', 2),
(83, 41, 'template_compliance', '', '/', 'template_compliance_ORG', '', '', 'Template Compliance ', 1),
(84, 41, 'template_compliance', 'template_compliance_ORG', 'template_compliance_ORG', 'template_compliance_SCO', 'template_compliance_viewlet_swf.html', 'sco', 'Template Compliance ', 2),
(85, 42, 'online_wip_for_ppt_deliverables', '', '/', 'online_wip_for_ppt_deliverables_ORG', '', '', 'Research: Introduction to New Online WIP', 1),
(86, 42, 'online_wip_for_ppt_deliverables', 'online_wip_for_ppt_deliverables_ORG', 'online_wip_for_ppt_deliverables_ORG', 'online_wip_for_ppt_deliverables_SCO', 'online_wip_for_ppt_deliverables_viewlet_swf.html', 'sco', 'Research: Introduction to New Online WIP', 2),
(87, 43, 'project_management_best_practices', '', '/', 'project_management_best_practices_ORG', '', '', 'Consulting: Project Management Best Practices', 1),
(88, 43, 'project_management_best_practices', 'project_management_best_practices_ORG', 'project_management_best_practices_ORG', 'project_management_best_practices_SCO', 'project_management_best_practices_viewlet_swf.html', 'sco', 'Consulting: Project Management Best Practices', 2),
(89, 44, 'project_profitability_2014', '', '/', 'project_profitability_2014_ORG', '', '', 'Project Profitability System & Process Changes', 1),
(90, 44, 'project_profitability_2014', 'project_profitability_2014_ORG', 'project_profitability_2014_ORG', 'project_profitability_2014_SCO', 'project_profitability_2014_viewlet_swf.html', 'sco', 'Project Profitability System & Process Changes', 2),
(91, 45, 'pmc_my_metrics_dashboard', '', '/', 'pmc_my_metrics_dashboard_ORG', '', '', 'Frost: My Dashboard', 1),
(92, 45, 'pmc_my_metrics_dashboard', 'pmc_my_metrics_dashboard_ORG', 'pmc_my_metrics_dashboard_ORG', 'pmc_my_metrics_dashboard_SCO', 'pmc_my_metrics_dashboard_viewlet_swf.html', 'sco', 'Frost: My Dashboard', 2),
(93, 46, 'bu_leader_dashboard', '', '/', 'bu_leader_dashboard_ORG', '', '', 'How to Access and Use the BUL Dashboard', 1),
(94, 46, 'bu_leader_dashboard', 'bu_leader_dashboard_ORG', 'bu_leader_dashboard_ORG', 'bu_leader_dashboard_SCO', 'bu_leader_dashboard_viewlet_swf.html', 'sco', 'How to Access and Use the BUL Dashboard', 2),
(95, 47, 'pmc_net_utilization', '', '/', 'pmc_net_utilization_ORG', '', '', 'Frost: PMC: Introduction to Net Utlization ', 1),
(96, 47, 'pmc_net_utilization', 'pmc_net_utilization_ORG', 'pmc_net_utilization_ORG', 'pmc_net_utilization_SCO', 'pmc_net_utilization_viewlet_swf.html', 'sco', 'Frost: PMC: Introduction to Net Utlization ', 2),
(97, 48, 'gp_revitalization', '', '/', 'gp_revitalization_ORG', '', '', 'Growth Partnership Revitalization for Project Managers ', 1),
(98, 48, 'gp_revitalization', 'gp_revitalization_ORG', 'gp_revitalization_ORG', 'gp_revitalization_SCO', 'gp_revitalization_viewlet_swf.html', 'sco', 'Growth Partnership Revitalization for Project Managers ', 2),
(99, 49, 'gp_revitalization_for_sales', '', '/', 'gp_revitalization_for_sales_ORG', '', '', 'Growth Partnership Revitilization for Sales', 1),
(100, 49, 'gp_revitalization_for_sales', 'gp_revitalization_for_sales_ORG', 'gp_revitalization_for_sales_ORG', 'gp_revitalization_for_sales_SCO', 'gp_revitalization_for_sales_viewlet_swf.html', 'sco', 'Growth Partnership Revitilization for Sales', 2),
(101, 50, 'global_performance_management_writing_assessments', '', '/', 'global_performance_management_writing_assessments_ORG', '', '', 'Global Performance Management:  Writing Measurable Employee Performance Reviews', 1),
(102, 50, 'global_performance_management_writing_assessments', 'global_performance_management_writing_assessments_ORG', 'global_performance_management_writing_assessments_ORG', 'global_performance_management_writing_assessments_SCO', 'global_performance_management_writing_assessments_viewlet_swf.html', 'sco', 'Global Performance Management:  Writing Measurable Employee Performance Reviews', 2),
(103, 51, 'reviewsnap_hr_final', '', '/', 'reviewsnap_hr_final_ORG', '', '', 'ReviewSnap HR Final', 1),
(104, 51, 'reviewsnap_hr_final', 'reviewsnap_hr_final_ORG', 'reviewsnap_hr_final_ORG', 'reviewsnap_hr_final_SCO', 'reviewsnap_hr_final_viewlet_swf.html', 'sco', 'ReviewSnap HR Final', 2),
(105, 52, 'performance_management_admin_training', '', '/', 'performance_management_admin_training_ORG', '', '', 'Performance Management Admin Training', 1),
(106, 52, 'performance_management_admin_training', 'performance_management_admin_training_ORG', 'performance_management_admin_training_ORG', 'performance_management_admin_training_SCO', 'performance_management_admin_training_viewlet_swf.html', 'sco', 'Performance Management Admin Training', 2),
(107, 53, 'global_performance_management_import_employee_goals__mops_you_tube', '', '/', 'global_performance_management_import_employee_goals__mops_you_tube_ORG', '', '', 'Global Performance Management: Global Performance Management: Importing Employee 2013 Targets and Actual MOPs for Administrators into ReviewSNAP', 1),
(108, 53, 'global_performance_management_import_employee_goals__mops_you_tube', 'global_performance_management_import_employee_goals__mops_you_tube_ORG', 'global_performance_management_import_employee_goals__mops_you_tube_ORG', 'global_performance_management_import_employee_goals__mops_you_tube_SCO', 'global_performance_management_import_employee_goals__mops_you_tube_viewlet_swf.html', 'sco', 'Global Performance Management: Global Performance Management: Importing Employee 2013 Targets and Actual MOPs for Administrators into ReviewSNAP', 2),
(109, 54, 'global_performance_management_normalization_process', '', '/', 'global_performance_management_normalization_process_ORG', '', '', 'Global Performance Management:  Normalization Process & Quality Assessment for Global & Regional Executive Leadership', 1),
(110, 54, 'global_performance_management_normalization_process', 'global_performance_management_normalization_process_ORG', 'global_performance_management_normalization_process_ORG', 'global_performance_management_normalization_process_SCO', 'global_performance_management_normalization_process_viewlet_swf.html', 'sco', 'Global Performance Management:  Normalization Process & Quality Assessment for Global & Regional Executive Leadership', 2),
(111, 55, 'global_performance_management_for_managers', '', '/', 'global_performance_management_for_managers_ORG', '', '', 'Introduction to Global Performance Management for Managers', 1),
(112, 55, 'global_performance_management_for_managers', 'global_performance_management_for_managers_ORG', 'global_performance_management_for_managers_ORG', 'global_performance_management_for_managers_SCO', 'global_performance_management_for_managers_viewlet_swf.html', 'sco', 'Introduction to Global Performance Management for Managers', 2),
(113, 56, 'global_performance_management_for_employees', '', '/', 'global_performance_management_for_employees_ORG', '', '', 'Global Performance Managment for Employees', 1),
(114, 56, 'global_performance_management_for_employees', 'global_performance_management_for_employees_ORG', 'global_performance_management_for_employees_ORG', 'global_performance_management_for_employees_SCO', 'global_performance_management_for_employees_viewlet_swf.html', 'sco', 'Global Performance Managment for Employees', 2),
(115, 57, 'performance_management', '', '/', 'performance_management_ORG', '', '', 'Management: Global Performance Management System (Introduction & Feedback) ', 1),
(116, 57, 'performance_management', 'performance_management_ORG', 'performance_management_ORG', 'performance_management_SCO', 'performance_management_viewlet_swf.html', 'sco', 'Management: Global Performance Management System (Introduction & Feedback) ', 2),
(117, 58, 'global_performance_management_salary_matrix_youtube', '', '/', 'global_performance_management_salary_matrix_youtube_ORG', '', '', 'Global Performance Management: Salary Matrix Tutorial for Administrators', 1),
(118, 58, 'global_performance_management_salary_matrix_youtube', 'global_performance_management_salary_matrix_youtube_ORG', 'global_performance_management_salary_matrix_youtube_ORG', 'global_performance_management_salary_matrix_youtube_SCO', 'global_performance_management_salary_matrix_youtube_viewlet_swf.html', 'sco', 'Global Performance Management: Salary Matrix Tutorial for Administrators', 2),
(119, 59, 'gil_presentation__facilitation_skills_engaging_your_audience_using_visual_aids_and_interactive_techniques', '', '/', 'gil_presentation__facilitation_skills_engaging_your_audience_using_visual_aids_and_interactive_techniques_ORG', '', '', 'Frost: Engaging Your Audience Using Visual Aids & Interactive Techniques', 1),
(120, 59, 'gil_presentation__facilitation_skills_engaging_your_audience_using_visual_aids_and_interactive_techniques', 'gil_presentation__facilitation_skills_engaging_your_audience_using_visual_aids_and_interactive_techniques_ORG', 'gil_presentation__facilitation_skills_engaging_your_audience_using_visual_aids_and_interactive_techniques_ORG', 'gil_presentation__facilitation_skills_engaging_your_audience_using_visual_aids_and_interactive_techniques_SCO', 'gil_presentation__facilitation_skills_engaging_your_audience_using_visual_aids_and_interactive_techniques_viewlet_swf.html', 'sco', 'Frost: Engaging Your Audience Using Visual Aids & Interactive Techniques', 2),
(121, 60, 'facilitation_skills_from_planning_to_presenting', '', '/', 'facilitation_skills_from_planning_to_presenting_ORG', '', '', 'Facilitation Skills From Planning to Presenting', 1),
(122, 60, 'facilitation_skills_from_planning_to_presenting', 'facilitation_skills_from_planning_to_presenting_ORG', 'facilitation_skills_from_planning_to_presenting_ORG', 'facilitation_skills_from_planning_to_presenting_SCO', 'facilitation_skills_from_planning_to_presenting_viewlet_swf.html', 'sco', 'Facilitation Skills From Planning to Presenting', 2),
(123, 61, 'virtual_workshop_facilitation', '', '/', 'virtual_workshop_facilitation_ORG', '', '', 'Frost: Virtual SME Workshop Facilitation Skills', 1),
(124, 61, 'virtual_workshop_facilitation', 'virtual_workshop_facilitation_ORG', 'virtual_workshop_facilitation_ORG', 'virtual_workshop_facilitation_SCO', 'virtual_workshop_facilitation_viewlet_swf.html', 'sco', 'Frost: Virtual SME Workshop Facilitation Skills', 2),
(125, 62, 'food_for_thought', '', '/', 'food_for_thought_ORG', '', '', 'Frost: GIL Food for Thought Networking Luncheon', 1),
(126, 62, 'food_for_thought', 'food_for_thought_ORG', 'food_for_thought_ORG', 'food_for_thought_SCO', 'food_for_thought_viewlet_swf.html', 'sco', 'Frost: GIL Food for Thought Networking Luncheon', 2),
(127, 63, 'gil_scenario_visioning_workshop_facilitation', '', '/', 'gil_scenario_visioning_workshop_facilitation_ORG', '', '', 'Frost: GIL Scenario Visioning Workshop Facilitation', 1),
(128, 63, 'gil_scenario_visioning_workshop_facilitation', 'gil_scenario_visioning_workshop_facilitation_ORG', 'gil_scenario_visioning_workshop_facilitation_ORG', 'gil_scenario_visioning_workshop_facilitation_SCO', 'gil_scenario_visioning_workshop_facilitation_viewlet_swf.html', 'sco', 'Frost: GIL Scenario Visioning Workshop Facilitation', 2),
(129, 64, 'social_media_101', '', '/', 'social_media_101_ORG', '', '', 'Social Media 101', 1),
(130, 64, 'social_media_101', 'social_media_101_ORG', 'social_media_101_ORG', 'social_media_101_SCO', 'social_media_101_viewlet_swf.html', 'sco', 'Social Media 101', 2),
(131, 65, 'social_media_best_practices', '', '/', 'social_media_best_practices_ORG', '', '', 'Social Media Best Practices', 1),
(132, 65, 'social_media_best_practices', 'social_media_best_practices_ORG', 'social_media_best_practices_ORG', 'social_media_best_practices_SCO', 'social_media_best_practices_viewlet_swf.html', 'sco', 'Social Media Best Practices', 2),
(133, 66, 'pricing_strategy_training', '', '/', 'pricing_strategy_training_ORG', '', '', 'Growth Consulting Pricing Strategies: Considerations to be Competitive and Profitable', 1),
(134, 66, 'pricing_strategy_training', 'pricing_strategy_training_ORG', 'pricing_strategy_training_ORG', 'pricing_strategy_training_SCO', 'pricing_strategy_training_viewlet_swf.html', 'sco', 'Growth Consulting Pricing Strategies: Considerations to be Competitive and Profitable', 2),
(137, 68, '_5bvt8SkBtcR_course_id', '', '/', 'New_GPS_Lead_Processing_System_ORG', '', '', 'New GPS Lead Processing System', 1),
(138, 68, '_5bvt8SkBtcR_course_id', 'New_GPS_Lead_Processing_System_ORG', 'New_GPS_Lead_Processing_System_ORG', 'New_GPS_Lead_Processing_System_SCO', 'index_lms.html', 'sco', 'New GPS Lead Processing System', 2),
(139, 69, 'moodle_youtube_final', '', '/', 'moodle_youtube_final_ORG', '', '', 'Moodle Overview', 1),
(140, 69, 'moodle_youtube_final', 'moodle_youtube_final_ORG', 'moodle_youtube_final_ORG', 'moodle_youtube_final_SCO', 'moodle_youtube_final_viewlet_swf.html', 'sco', 'Moodle Overview', 2),
(141, 70, 'corporate_bio', '', '/', 'corporate_bio_ORG', '', '', 'Corporate Bio', 1),
(142, 70, 'corporate_bio', 'corporate_bio_ORG', 'corporate_bio_ORG', 'corporate_bio_SCO', 'corporate_bio_viewlet_swf.html', 'sco', 'Corporate Bio', 2),
(143, 71, '_5e4MDXORom6_course_id', '', '/', 'IBM_Notes,_Key_Databases_and_Email_Signature_ORG', '', '', 'IBM Notes, Key Databases and Email Signature', 1),
(144, 71, '_5e4MDXORom6_course_id', 'IBM_Notes,_Key_Databases_and_Email_Signature_ORG', 'IBM_Notes,_Key_Databases_and_Email_Signature_ORG', 'IBM_Notes,_Key_Databases_and_Email_Signature_SCO', 'index_lms.html', 'sco', 'IBM Notes, Key Databases and Email Signature', 2),
(145, 72, '_5e4MDXORom6_course_id', '', '/', 'IBM_Notes,_Key_Databases_and_Email_Signature_ORG', '', '', 'IBM Notes, Key Databases and Email Signature', 1),
(146, 72, '_5e4MDXORom6_course_id', 'IBM_Notes,_Key_Databases_and_Email_Signature_ORG', 'IBM_Notes,_Key_Databases_and_Email_Signature_ORG', 'IBM_Notes,_Key_Databases_and_Email_Signature_SCO', 'index_lms.html', 'sco', 'IBM Notes, Key Databases and Email Signature', 2),
(147, 73, '_5WXAIqDVWrR_course_id', '', '/', 'SharePoint-The_Basics_ORG', '', '', 'SharePoint-The Basics', 1),
(148, 73, '_5WXAIqDVWrR_course_id', 'SharePoint-The_Basics_ORG', 'SharePoint-The_Basics_ORG', 'SharePoint-The_Basics_SCO', 'index_lms.html', 'sco', 'SharePoint-The Basics', 2),
(149, 74, '_6gWsgb06JCg_course_id', '', '/', 'PMC_Registration_&_Timesheet_ORG', '', '', 'PMC Registration & Timesheet', 1),
(150, 74, '_6gWsgb06JCg_course_id', 'PMC_Registration_&_Timesheet_ORG', 'PMC_Registration_&_Timesheet_ORG', 'PMC_Registration_&_Timesheet_SCO', 'index_lms.html', 'sco', 'PMC Registration & Timesheet', 2),
(151, 75, '_5rU0Qrkod0K_course_id', '', '/', 'Title_3_ORG', '', '', 'Title 3', 1),
(152, 75, '_5rU0Qrkod0K_course_id', 'Title_3_ORG', 'Title_3_ORG', 'Title_3_SCO', 'index_lms.html', 'sco', 'Title 3', 2),
(153, 76, '_5rU0Qrkod0K_course_id', '', '/', 'Title_3_ORG', '', '', 'Title 3', 1),
(154, 76, '_5rU0Qrkod0K_course_id', 'Title_3_ORG', 'Title_3_ORG', 'Title_3_SCO', 'index_lms.html', 'sco', 'Title 3', 2);

-- --------------------------------------------------------

--
